--
-- Host: mysql51-58.bdb    Database: pantagraphe
-- ------------------------------------------------------


--
-- Table structure for table `phpbb_acl_groups`
--

CREATE TABLE `phpbb_acl_groups` (
  `group_id` mediumint(8) unsigned NOT NULL DEFAULT '0',
  `forum_id` mediumint(8) unsigned NOT NULL DEFAULT '0',
  `auth_option_id` mediumint(8) unsigned NOT NULL DEFAULT '0',
  `auth_role_id` mediumint(8) unsigned NOT NULL DEFAULT '0',
  `auth_setting` tinyint(2) NOT NULL DEFAULT '0',
  KEY `group_id` (`group_id`),
  KEY `auth_opt_id` (`auth_option_id`),
  KEY `auth_role_id` (`auth_role_id`)
) ENGINE=MyISAM DEFAULT CHARSET=latin1;

--
-- Dumping data for table `phpbb_acl_groups`
--

INSERT INTO `phpbb_acl_groups` VALUES (1080,1,0,14,0),(1076,1,0,17,0),(1077,1,0,22,0),(1081,1,0,19,0),(1080,5,0,14,0),(1076,5,0,17,0),(1077,5,0,22,0),(1081,5,0,19,0),(1080,6,0,14,0),(1076,6,0,17,0),(1077,6,0,22,0),(1081,6,0,19,0),(1080,7,0,14,0),(1076,7,0,17,0),(1077,7,0,22,0),(1081,7,0,19,0),(1080,8,0,14,0),(1076,8,0,17,0),(1077,8,0,22,0),(1081,8,0,19,0),(1080,17,0,14,0),(188,79,1,0,1),(188,79,14,0,1),(1077,17,15,0,1),(1077,17,1,0,1),(1076,17,0,16,0),(1081,17,3,0,1),(1081,17,7,0,1),(1081,17,1,0,1),(1077,17,3,0,1),(1077,17,7,0,1),(1080,18,0,14,0),(1076,18,0,17,0),(1081,18,0,19,0),(1077,18,0,21,0),(1080,19,0,14,0),(1076,19,0,17,0),(1081,19,0,19,0),(1077,19,0,21,0),(1080,23,0,14,0),(1076,23,0,17,0),(1077,23,0,22,0),(1081,23,0,19,0),(1080,24,0,14,0),(1076,24,0,17,0),(1077,24,0,22,0),(1081,24,0,19,0),(1080,26,0,14,0),(1076,26,0,17,0),(1081,26,0,19,0),(1077,26,0,21,0),(1080,27,0,14,0),(1076,27,0,17,0),(1077,27,0,22,0),(1081,27,0,19,0),(1080,31,0,14,0),(1076,31,0,17,0),(1077,31,0,22,0),(1081,31,0,19,0),(1080,32,0,14,0),(1076,32,0,17,0),(1077,32,0,22,0),(1081,32,0,19,0),(188,88,14,0,1),(1081,88,1,0,1),(1081,88,14,0,1),(1080,88,1,0,1),(1080,38,0,14,0),(1076,38,0,17,0),(1077,38,0,22,0),(1081,38,0,19,0),(1080,40,0,14,0),(1081,79,1,0,1),(1081,79,14,0,1),(1077,40,15,0,1),(1077,40,1,0,1),(188,40,1,0,1),(188,40,14,0,1),(188,40,20,0,1),(188,40,23,0,1),(1062,40,20,0,1),(1062,40,23,0,1),(1062,40,1,0,1),(1075,40,20,0,1),(1075,40,23,0,1),(1075,40,1,0,1),(188,40,17,0,1),(188,40,4,0,1),(188,40,25,0,1),(188,40,13,0,1),(188,40,24,0,1),(188,40,18,0,1),(188,40,22,0,1),(188,40,27,0,1),(188,40,19,0,1),(188,40,9,0,1),(1062,40,17,0,1),(1062,40,4,0,1),(1062,40,25,0,1),(1062,40,13,0,1),(1062,40,24,0,1),(1062,40,18,0,1),(1062,40,22,0,1),(1062,40,27,0,1),(1062,40,19,0,1),(1062,40,9,0,1),(1075,40,17,0,1),(1075,40,4,0,1),(1075,40,25,0,1),(1075,40,13,0,1),(1075,40,24,0,1),(1075,40,18,0,1),(1075,40,22,0,1),(1075,40,27,0,1),(1075,40,19,0,1),(1075,40,9,0,1),(188,40,21,0,1),(1062,40,21,0,1),(1075,40,21,0,1),(188,40,8,0,1),(1062,40,8,0,1),(1075,40,8,0,1),(188,40,6,0,1),(1062,40,6,0,1),(1075,40,6,0,1),(188,40,16,0,1),(1062,40,16,0,1),(1075,40,16,0,1),(188,40,29,0,1),(1062,40,29,0,1),(1075,40,29,0,1),(188,40,26,0,1),(1062,40,26,0,1),(1075,40,26,0,1),(1076,79,0,17,0),(1076,40,0,16,0),(1081,40,3,0,1),(1081,40,7,0,1),(1081,40,1,0,1),(1077,40,3,0,1),(1077,40,7,0,1),(1080,48,0,14,0),(1076,48,0,17,0),(1077,48,0,22,0),(1081,48,0,19,0),(1080,51,0,14,0),(1076,51,0,16,0),(1081,51,0,19,0),(1077,51,0,21,0),(1080,52,0,14,0),(1076,52,0,17,0),(1077,52,0,22,0),(1081,52,0,19,0),(1080,54,0,14,0),(1077,80,0,21,0),(1077,54,15,0,1),(1077,54,1,0,1),(188,54,1,0,1),(188,54,14,0,1),(1062,54,20,0,1),(1062,54,23,0,1),(1062,54,1,0,1),(188,54,20,0,1),(188,54,23,0,1),(1062,54,17,0,1),(1062,54,4,0,1),(1062,54,25,0,1),(1062,54,13,0,1),(1062,54,24,0,1),(1062,54,18,0,1),(1062,54,22,0,1),(1062,54,27,0,1),(1062,54,19,0,1),(1062,54,9,0,1),(188,54,17,0,1),(188,54,4,0,1),(188,54,25,0,1),(188,54,13,0,1),(188,54,24,0,1),(188,54,18,0,1),(188,54,22,0,1),(188,54,27,0,1),(188,54,19,0,1),(188,54,9,0,1),(1062,54,21,0,1),(188,54,21,0,1),(1062,54,16,0,1),(188,54,16,0,1),(1062,54,29,0,1),(188,54,29,0,1),(188,80,0,14,0),(1076,54,0,16,0),(1081,54,3,0,1),(1081,54,7,0,1),(1081,54,1,0,1),(1077,54,3,0,1),(1077,54,7,0,1),(1080,55,0,14,0),(1076,55,0,17,0),(1077,55,0,22,0),(1081,55,0,19,0),(1080,56,0,14,0),(1076,56,0,17,0),(1077,56,0,22,0),(1081,56,0,19,0),(1080,57,0,14,0),(1076,57,0,17,0),(1077,57,0,22,0),(1081,57,0,19,0),(1080,58,0,14,0),(1076,58,0,17,0),(1081,58,0,19,0),(1077,58,0,21,0),(1080,59,0,14,0),(1076,59,0,18,0),(1077,59,0,22,0),(1081,59,0,19,0),(1080,79,1,0,1),(1076,73,0,17,0),(1081,84,0,19,0),(1077,84,0,22,0),(1076,84,0,17,0),(1076,0,110,0,1),(1076,0,116,0,1),(1076,0,93,0,1),(1080,0,0,5,0),(1079,0,0,5,0),(1080,0,0,4,0),(1077,0,0,6,0),(1078,0,0,6,0),(1079,0,0,10,0),(188,59,0,11,0),(188,59,0,15,0),(188,59,2,0,1),(188,59,1,0,1),(188,59,26,0,1),(188,1,0,11,0),(188,1,0,15,0),(188,1,2,0,1),(188,1,1,0,1),(188,1,26,0,1),(188,18,0,11,0),(188,18,0,15,0),(188,18,2,0,1),(188,18,1,0,1),(188,18,26,0,1),(188,23,0,15,0),(188,23,2,0,1),(188,23,1,0,1),(188,23,26,0,1),(188,19,0,11,0),(188,19,0,15,0),(188,19,2,0,1),(188,19,1,0,1),(188,19,26,0,1),(188,24,0,15,0),(188,24,2,0,1),(188,24,1,0,1),(188,24,26,0,1),(188,26,0,11,0),(188,26,0,15,0),(188,26,2,0,1),(188,26,1,0,1),(188,26,26,0,1),(188,5,0,11,0),(188,5,0,15,0),(188,5,2,0,1),(188,5,1,0,1),(188,5,26,0,1),(188,6,0,11,0),(188,6,0,15,0),(188,6,2,0,1),(188,6,1,0,1),(188,6,26,0,1),(188,48,0,11,0),(188,48,0,15,0),(188,48,2,0,1),(188,48,1,0,1),(188,48,26,0,1),(188,7,0,11,0),(188,7,0,15,0),(188,7,2,0,1),(188,7,1,0,1),(188,7,26,0,1),(188,17,0,11,0),(188,17,0,15,0),(188,17,2,0,1),(188,17,1,0,1),(188,17,26,0,1),(188,27,0,11,0),(188,27,0,15,0),(188,27,2,0,1),(188,27,1,0,1),(188,27,26,0,1),(188,8,0,11,0),(188,8,0,15,0),(188,8,2,0,1),(188,8,1,0,1),(188,8,26,0,1),(188,52,0,11,0),(188,52,0,15,0),(188,52,2,0,1),(188,52,1,0,1),(188,52,26,0,1),(188,31,0,11,0),(188,31,0,15,0),(188,31,2,0,1),(188,31,1,0,1),(188,31,26,0,1),(188,32,0,11,0),(188,32,0,15,0),(188,32,2,0,1),(188,32,1,0,1),(188,32,26,0,1),(1080,88,14,0,1),(1076,88,0,17,0),(1079,88,0,14,0),(1080,88,0,14,0),(1077,88,0,17,0),(188,38,0,11,0),(188,38,0,15,0),(188,38,2,0,1),(188,38,1,0,1),(188,38,26,0,1),(188,51,0,11,0),(188,51,0,15,0),(188,51,2,0,1),(188,51,1,0,1),(188,51,26,0,1),(188,55,0,11,0),(188,55,0,15,0),(188,55,2,0,1),(188,55,1,0,1),(188,55,26,0,1),(188,56,0,15,0),(188,56,2,0,1),(188,56,1,0,1),(188,56,26,0,1),(1082,86,0,14,0),(1076,0,85,0,1),(188,57,0,11,0),(188,57,0,15,0),(188,57,2,0,1),(188,57,1,0,1),(188,57,26,0,1),(1080,64,0,14,0),(1079,64,0,14,0),(1080,65,0,14,0),(1079,65,0,14,0),(1080,66,0,14,0),(1079,66,0,14,0),(1080,67,0,14,0),(1079,67,0,14,0),(1080,69,0,14,0),(1079,69,0,14,0),(1080,70,0,14,0),(1079,70,0,14,0),(1077,64,0,17,0),(1080,64,14,0,1),(1080,64,1,0,1),(1076,70,0,16,0),(1076,64,0,17,0),(1081,64,14,0,1),(1081,64,1,0,1),(1080,65,14,0,1),(1080,65,1,0,1),(1077,65,0,17,0),(188,65,14,0,1),(188,65,1,0,1),(1076,65,0,17,0),(1081,65,14,0,1),(1081,65,1,0,1),(1080,66,14,0,1),(1080,66,1,0,1),(1077,66,0,17,0),(1081,66,14,0,1),(1081,66,1,0,1),(1076,66,0,17,0),(188,66,14,0,1),(188,66,1,0,1),(1076,67,0,17,0),(1080,67,14,0,1),(1080,67,1,0,1),(1081,67,14,0,1),(1081,67,1,0,1),(188,67,14,0,1),(188,67,1,0,1),(1077,67,0,17,0),(1080,69,14,0,1),(1080,69,1,0,1),(1062,0,0,5,0),(1077,69,0,17,0),(1081,80,1,0,1),(1076,69,0,17,0),(1081,69,14,0,1),(1081,69,1,0,1),(188,69,14,0,1),(188,69,1,0,1),(188,70,14,0,1),(188,70,1,0,1),(1080,70,14,0,1),(1080,70,1,0,1),(1077,71,0,17,0),(1077,79,0,21,0),(188,71,0,14,0),(1081,71,1,0,1),(1081,71,14,0,1),(1080,71,1,0,1),(1080,71,14,0,1),(1076,71,0,17,0),(1079,71,0,14,0),(1080,71,0,14,0),(1080,84,0,14,0),(1081,83,0,19,0),(1077,83,0,22,0),(1076,83,0,17,0),(1080,83,0,14,0),(1080,82,0,14,0),(1079,82,0,14,0),(1076,82,0,17,0),(1080,82,14,0,1),(1080,82,1,0,1),(1081,82,14,0,1),(1081,82,1,0,1),(188,82,0,14,0),(1077,82,0,17,0),(1080,85,0,14,0),(1076,85,0,17,0),(1077,85,0,22,0),(1081,85,0,19,0),(1079,73,0,14,0),(1080,73,0,14,0),(1080,73,14,0,1),(1080,73,1,0,1),(1081,73,14,0,1),(1081,73,1,0,1),(188,73,0,14,0),(1081,80,14,0,1),(1077,73,0,21,0),(1080,74,0,14,0),(1079,74,0,14,0),(1080,79,14,0,1),(1076,74,0,17,0),(1080,74,14,0,1),(1080,74,1,0,1),(1081,74,14,0,1),(1081,74,1,0,1),(188,74,0,14,0),(1080,80,1,0,1),(1077,74,0,21,0),(1080,80,14,0,1),(1080,80,0,14,0),(1080,77,0,14,0),(1079,77,0,14,0),(1079,79,0,14,0),(1076,77,0,17,0),(1080,77,14,0,1),(1080,77,1,0,1),(1081,77,14,0,1),(1081,77,1,0,1),(188,77,0,14,0),(1079,80,0,14,0),(1077,77,0,21,0),(1080,78,0,14,0),(1079,78,0,14,0),(1080,79,0,14,0),(1076,78,0,17,0),(1080,78,14,0,1),(1080,78,1,0,1),(1081,78,14,0,1),(1081,78,1,0,1),(188,78,0,14,0),(1076,80,0,17,0),(1077,78,0,21,0),(1080,1,0,14,0),(1076,1,0,17,0),(1077,1,0,22,0),(1081,1,0,19,0),(1080,5,0,14,0),(1076,5,0,17,0),(1077,5,0,22,0),(1081,5,0,19,0),(1080,6,0,14,0),(1076,6,0,17,0),(1077,6,0,22,0),(1081,6,0,19,0),(1080,7,0,14,0),(1076,7,0,17,0),(1077,7,0,22,0),(1081,7,0,19,0),(1080,8,0,14,0),(1076,8,0,17,0),(1077,8,0,22,0),(1081,8,0,19,0),(1080,17,0,14,0),(188,79,1,0,1),(188,79,14,0,1),(1077,17,15,0,1),(1077,17,1,0,1),(1076,17,0,16,0),(1081,17,3,0,1),(1081,17,7,0,1),(1081,17,1,0,1),(1077,17,3,0,1),(1077,17,7,0,1),(1080,18,0,14,0),(1076,18,0,17,0),(1081,18,0,19,0),(1077,18,0,21,0),(1080,19,0,14,0),(1076,19,0,17,0),(1081,19,0,19,0),(1077,19,0,21,0),(1080,23,0,14,0),(1076,23,0,17,0),(1077,23,0,22,0),(1081,23,0,19,0),(1080,24,0,14,0),(1076,24,0,17,0),(1077,24,0,22,0),(1081,24,0,19,0),(1080,26,0,14,0),(1076,26,0,17,0),(1081,26,0,19,0),(1077,26,0,21,0),(1080,27,0,14,0),(1076,27,0,17,0),(1077,27,0,22,0),(1081,27,0,19,0),(1080,31,0,14,0),(1076,31,0,17,0),(1077,31,0,22,0),(1081,31,0,19,0),(1080,32,0,14,0),(1076,32,0,17,0),(1077,32,0,22,0),(1081,32,0,19,0),(188,88,1,0,1),(188,88,14,0,1),(1081,88,1,0,1),(1081,88,14,0,1),(1080,38,0,14,0),(1076,38,0,17,0),(1077,38,0,22,0),(1081,38,0,19,0),(1080,40,0,14,0),(1081,79,1,0,1),(1081,79,14,0,1),(1077,40,15,0,1),(1077,40,1,0,1),(188,40,1,0,1),(188,40,14,0,1),(188,40,20,0,1),(188,40,23,0,1),(1062,40,20,0,1),(1062,40,23,0,1),(1062,40,1,0,1),(1075,40,20,0,1),(1075,40,23,0,1),(1075,40,1,0,1),(188,40,17,0,1),(188,40,4,0,1),(188,40,25,0,1),(188,40,13,0,1),(188,40,24,0,1),(188,40,18,0,1),(188,40,22,0,1),(188,40,27,0,1),(188,40,19,0,1),(188,40,9,0,1),(1062,40,17,0,1),(1062,40,4,0,1),(1062,40,25,0,1),(1062,40,13,0,1),(1062,40,24,0,1),(1062,40,18,0,1),(1062,40,22,0,1),(1062,40,27,0,1),(1062,40,19,0,1),(1062,40,9,0,1),(1075,40,17,0,1),(1075,40,4,0,1),(1075,40,25,0,1),(1075,40,13,0,1),(1075,40,24,0,1),(1075,40,18,0,1),(1075,40,22,0,1),(1075,40,27,0,1),(1075,40,19,0,1),(1075,40,9,0,1),(188,40,21,0,1),(1062,40,21,0,1),(1075,40,21,0,1),(188,40,8,0,1),(1062,40,8,0,1),(1075,40,8,0,1),(188,40,6,0,1),(1062,40,6,0,1),(1075,40,6,0,1),(188,40,16,0,1),(1062,40,16,0,1),(1075,40,16,0,1),(188,40,29,0,1),(1062,40,29,0,1),(1075,40,29,0,1),(188,40,26,0,1),(1062,40,26,0,1),(1075,40,26,0,1),(1076,79,0,17,0),(1076,40,0,16,0),(1081,40,3,0,1),(1081,40,7,0,1),(1081,40,1,0,1),(1077,40,3,0,1),(1077,40,7,0,1),(1080,48,0,14,0),(1076,48,0,17,0),(1077,48,0,22,0),(1081,48,0,19,0),(1080,51,0,14,0),(1076,51,0,16,0),(1081,51,0,19,0),(1077,51,0,21,0),(1080,52,0,14,0),(1076,52,0,17,0),(1077,52,0,22,0),(1081,52,0,19,0),(1080,54,0,14,0),(1077,80,0,21,0),(1077,54,15,0,1),(1077,54,1,0,1),(188,54,1,0,1),(188,54,14,0,1),(1062,54,20,0,1),(1062,54,23,0,1),(1062,54,1,0,1),(188,54,20,0,1),(188,54,23,0,1),(1062,54,17,0,1),(1062,54,4,0,1),(1062,54,25,0,1),(1062,54,13,0,1),(1062,54,24,0,1),(1062,54,18,0,1),(1062,54,22,0,1),(1062,54,27,0,1),(1062,54,19,0,1),(1062,54,9,0,1),(188,54,17,0,1),(188,54,4,0,1),(188,54,25,0,1),(188,54,13,0,1),(188,54,24,0,1),(188,54,18,0,1),(188,54,22,0,1),(188,54,27,0,1),(188,54,19,0,1),(188,54,9,0,1),(1062,54,21,0,1),(188,54,21,0,1),(1062,54,16,0,1),(188,54,16,0,1),(1062,54,29,0,1),(188,54,29,0,1),(188,80,0,14,0),(1076,54,0,16,0),(1081,54,3,0,1),(1081,54,7,0,1),(1081,54,1,0,1),(1077,54,3,0,1),(1077,54,7,0,1),(1080,55,0,14,0),(1076,55,0,17,0),(1077,55,0,22,0),(1081,55,0,19,0),(1080,56,0,14,0),(1076,56,0,17,0),(1077,56,0,22,0),(1081,56,0,19,0),(1080,57,0,14,0),(1076,57,0,17,0),(1077,57,0,22,0),(1081,57,0,19,0),(1080,58,0,14,0),(1076,58,0,17,0),(1081,58,0,19,0),(1077,58,0,21,0),(1080,59,0,14,0),(1076,59,0,18,0),(1077,59,0,22,0),(1081,59,0,19,0),(1080,79,1,0,1),(1076,73,0,17,0),(1081,84,0,19,0),(1077,84,0,22,0),(1076,84,0,17,0),(1076,0,110,0,1),(1076,0,116,0,1),(1076,0,93,0,1),(1080,0,0,5,0),(1079,0,0,5,0),(1080,0,0,4,0),(1077,0,0,6,0),(1078,0,0,6,0),(1079,0,0,10,0),(188,59,0,11,0),(188,59,0,15,0),(188,59,2,0,1),(188,59,1,0,1),(188,59,26,0,1),(188,1,0,11,0),(188,1,0,15,0),(188,1,2,0,1),(188,1,1,0,1),(188,1,26,0,1),(188,18,0,11,0),(188,18,0,15,0),(188,18,2,0,1),(188,18,1,0,1),(188,18,26,0,1),(188,23,0,15,0),(188,23,2,0,1),(188,23,1,0,1),(188,23,26,0,1),(188,82,0,11,0),(188,80,0,11,0),(188,78,0,11,0),(188,19,0,11,0),(188,19,0,15,0),(188,19,2,0,1),(188,19,1,0,1),(188,19,26,0,1),(188,24,0,15,0),(188,24,2,0,1),(188,24,1,0,1),(188,24,26,0,1),(188,26,0,11,0),(188,26,0,15,0),(188,26,2,0,1),(188,26,1,0,1),(188,26,26,0,1),(188,5,0,11,0),(188,5,0,15,0),(188,5,2,0,1),(188,5,1,0,1),(188,5,26,0,1),(188,6,0,11,0),(188,6,0,15,0),(188,6,2,0,1),(188,6,1,0,1),(188,6,26,0,1),(188,48,0,11,0),(188,48,0,15,0),(188,48,2,0,1),(188,48,1,0,1),(188,48,26,0,1),(188,7,0,11,0),(188,7,0,15,0),(188,7,2,0,1),(188,7,1,0,1),(188,7,26,0,1),(188,17,0,11,0),(188,17,0,15,0),(188,17,2,0,1),(188,17,1,0,1),(188,17,26,0,1),(188,27,0,11,0),(188,27,0,15,0),(188,27,2,0,1),(188,27,1,0,1),(188,27,26,0,1),(188,8,0,11,0),(188,8,0,15,0),(188,8,2,0,1),(188,8,1,0,1),(188,8,26,0,1),(188,52,0,11,0),(188,52,0,15,0),(188,52,2,0,1),(188,52,1,0,1),(188,52,26,0,1),(188,66,0,11,0),(188,31,0,11,0),(188,31,0,15,0),(188,31,2,0,1),(188,31,1,0,1),(188,31,26,0,1),(188,32,0,11,0),(188,32,0,15,0),(188,32,2,0,1),(188,32,1,0,1),(188,32,26,0,1),(1080,88,1,0,1),(1080,88,14,0,1),(1076,88,0,17,0),(1079,88,0,14,0),(1080,88,0,14,0),(188,38,0,11,0),(188,38,0,15,0),(188,38,2,0,1),(188,38,1,0,1),(188,38,26,0,1),(188,51,0,11,0),(188,51,0,15,0),(188,51,2,0,1),(188,51,1,0,1),(188,51,26,0,1),(188,55,0,11,0),(188,55,0,15,0),(188,55,2,0,1),(188,55,1,0,1),(188,55,26,0,1),(188,86,0,11,0),(188,56,0,15,0),(188,56,2,0,1),(188,56,1,0,1),(188,56,26,0,1),(1082,86,0,14,0),(1076,0,85,0,1),(188,57,0,11,0),(188,57,0,15,0),(188,57,2,0,1),(188,57,1,0,1),(188,57,26,0,1),(1080,64,0,14,0),(1079,64,0,14,0),(1080,65,0,14,0),(1079,65,0,14,0),(1080,66,0,14,0),(1079,66,0,14,0),(1080,67,0,14,0),(1079,67,0,14,0),(1080,69,0,14,0),(1079,69,0,14,0),(1080,70,0,14,0),(1079,70,0,14,0),(1077,64,0,17,0),(1080,64,14,0,1),(1080,64,1,0,1),(1076,70,0,16,0),(1076,64,0,17,0),(1081,64,14,0,1),(1081,64,1,0,1),(1080,65,14,0,1),(1080,65,1,0,1),(1077,65,0,17,0),(188,65,14,0,1),(188,65,1,0,1),(1076,65,0,17,0),(1081,65,14,0,1),(1081,65,1,0,1),(1080,66,14,0,1),(1080,66,1,0,1),(1077,66,0,17,0),(1081,66,14,0,1),(1081,66,1,0,1),(1076,66,0,17,0),(188,66,14,0,1),(188,66,1,0,1),(1076,67,0,17,0),(1080,67,14,0,1),(1080,67,1,0,1),(1081,67,14,0,1),(1081,67,1,0,1),(188,67,14,0,1),(188,67,1,0,1),(1077,67,0,17,0),(1080,69,14,0,1),(1080,69,1,0,1),(1062,0,0,5,0),(1077,69,0,17,0),(1081,80,1,0,1),(1076,69,0,17,0),(1081,69,14,0,1),(1081,69,1,0,1),(188,69,14,0,1),(188,69,1,0,1),(188,70,14,0,1),(188,70,1,0,1),(1080,70,14,0,1),(1080,70,1,0,1),(1077,71,0,17,0),(1077,79,0,21,0),(188,71,0,14,0),(1081,71,1,0,1),(1081,71,14,0,1),(1080,71,1,0,1),(1080,71,14,0,1),(1076,71,0,17,0),(1079,71,0,14,0),(1080,71,0,14,0),(1080,84,0,14,0),(1081,83,0,19,0),(1077,83,0,22,0),(1076,83,0,17,0),(1080,83,0,14,0),(1080,82,0,14,0),(1079,82,0,14,0),(1076,82,0,17,0),(1080,82,14,0,1),(1080,82,1,0,1),(1081,82,14,0,1),(1081,82,1,0,1),(188,82,0,14,0),(1077,82,0,17,0),(1080,85,0,14,0),(1076,85,0,17,0),(1077,85,0,22,0),(1081,85,0,19,0),(1079,73,0,14,0),(1080,73,0,14,0),(1080,73,14,0,1),(1080,73,1,0,1),(1081,73,14,0,1),(1081,73,1,0,1),(188,73,0,14,0),(1081,80,14,0,1),(1077,73,0,21,0),(1080,74,0,14,0),(1079,74,0,14,0),(1080,79,14,0,1),(1076,74,0,17,0),(1080,74,14,0,1),(1080,74,1,0,1),(1081,74,14,0,1),(1081,74,1,0,1),(188,74,0,14,0),(1080,80,1,0,1),(1077,74,0,21,0),(1080,80,14,0,1),(1080,80,0,14,0),(1080,77,0,14,0),(1079,77,0,14,0),(1079,79,0,14,0),(1076,77,0,17,0),(1080,77,14,0,1),(1080,77,1,0,1),(1081,77,14,0,1),(1081,77,1,0,1),(188,77,0,14,0),(1079,80,0,14,0),(1077,77,0,21,0),(1080,78,0,14,0),(1079,78,0,14,0),(1080,79,0,14,0),(1076,78,0,17,0),(1080,78,14,0,1),(1080,78,1,0,1),(1081,78,14,0,1),(1081,78,1,0,1),(188,78,0,14,0),(1076,80,0,17,0),(1077,78,0,21,0),(1080,1,0,14,0),(1076,1,0,17,0),(1077,1,0,22,0),(1081,1,0,19,0),(188,77,0,11,0),(188,74,0,11,0),(188,73,0,11,0),(188,71,0,11,0),(1080,5,0,14,0),(1076,5,0,17,0),(1077,5,0,22,0),(1081,5,0,19,0),(1080,6,0,14,0),(1076,6,0,17,0),(1077,6,0,22,0),(1081,6,0,19,0),(1080,7,0,14,0),(1076,7,0,17,0),(1077,7,0,22,0),(1081,7,0,19,0),(1080,8,0,14,0),(1076,8,0,17,0),(1077,8,0,22,0),(1081,8,0,19,0),(1080,17,0,14,0),(188,79,1,0,1),(188,79,14,0,1),(1077,17,15,0,1),(1077,17,1,0,1),(1076,17,0,16,0),(1081,17,3,0,1),(1081,17,7,0,1),(1081,17,1,0,1),(1077,17,3,0,1),(1077,17,7,0,1),(1080,18,0,14,0),(1076,18,0,17,0),(1081,18,0,19,0),(1077,18,0,21,0),(1080,19,0,14,0),(1076,19,0,17,0),(1081,19,0,19,0),(1077,19,0,21,0),(1080,23,0,14,0),(1076,23,0,17,0),(1077,23,0,22,0),(1081,23,0,19,0),(1080,24,0,14,0),(1076,24,0,17,0),(1077,24,0,22,0),(1081,24,0,19,0),(1080,26,0,14,0),(1076,26,0,17,0),(1081,26,0,19,0),(1077,26,0,21,0),(1080,27,0,14,0),(1076,27,0,17,0),(1077,27,0,22,0),(1081,27,0,19,0),(1080,31,0,14,0),(1076,31,0,17,0),(1077,31,0,22,0),(1081,31,0,19,0),(1080,32,0,14,0),(1076,32,0,17,0),(1077,32,0,22,0),(1081,32,0,19,0),(1077,88,0,17,0),(188,88,1,0,1),(188,88,14,0,1),(1081,88,1,0,1),(1080,38,0,14,0),(1076,38,0,17,0),(1077,38,0,22,0),(1081,38,0,19,0),(1080,40,0,14,0),(1081,79,1,0,1),(1081,79,14,0,1),(1077,40,15,0,1),(1077,40,1,0,1),(188,40,1,0,1),(188,40,14,0,1),(188,40,20,0,1),(188,40,23,0,1),(1062,40,20,0,1),(1062,40,23,0,1),(1062,40,1,0,1),(1075,40,20,0,1),(1075,40,23,0,1),(1075,40,1,0,1),(188,40,17,0,1),(188,40,4,0,1),(188,40,25,0,1),(188,40,13,0,1),(188,40,24,0,1),(188,40,18,0,1),(188,40,22,0,1),(188,40,27,0,1),(188,40,19,0,1),(188,40,9,0,1),(1062,40,17,0,1),(1062,40,4,0,1),(1062,40,25,0,1),(1062,40,13,0,1),(1062,40,24,0,1),(1062,40,18,0,1),(1062,40,22,0,1),(1062,40,27,0,1),(1062,40,19,0,1),(1062,40,9,0,1),(1075,40,17,0,1),(1075,40,4,0,1),(1075,40,25,0,1),(1075,40,13,0,1),(1075,40,24,0,1),(1075,40,18,0,1),(1075,40,22,0,1),(1075,40,27,0,1),(1075,40,19,0,1),(1075,40,9,0,1),(188,40,21,0,1),(1062,40,21,0,1),(1075,40,21,0,1),(188,40,8,0,1),(1062,40,8,0,1),(1075,40,8,0,1),(188,40,6,0,1),(1062,40,6,0,1),(1075,40,6,0,1),(188,40,16,0,1),(1062,40,16,0,1),(1075,40,16,0,1),(188,40,29,0,1),(1062,40,29,0,1),(1075,40,29,0,1),(188,40,26,0,1),(1062,40,26,0,1),(1075,40,26,0,1),(1076,79,0,17,0),(1076,40,0,16,0),(1081,40,3,0,1),(1081,40,7,0,1),(1081,40,1,0,1),(1077,40,3,0,1),(1077,40,7,0,1),(1080,48,0,14,0),(1076,48,0,17,0),(1077,48,0,22,0),(1081,48,0,19,0),(1080,51,0,14,0),(1076,51,0,16,0),(1081,51,0,19,0),(1077,51,0,21,0),(1080,52,0,14,0),(1076,52,0,17,0),(1077,52,0,22,0),(1081,52,0,19,0),(1080,54,0,14,0),(1077,80,0,21,0),(1077,54,15,0,1),(1077,54,1,0,1),(188,54,1,0,1),(188,54,14,0,1),(1062,54,20,0,1),(1062,54,23,0,1),(1062,54,1,0,1),(188,54,20,0,1),(188,54,23,0,1),(1062,54,17,0,1),(1062,54,4,0,1),(1062,54,25,0,1),(1062,54,13,0,1),(1062,54,24,0,1),(1062,54,18,0,1),(1062,54,22,0,1),(1062,54,27,0,1),(1062,54,19,0,1),(1062,54,9,0,1),(188,54,17,0,1),(188,54,4,0,1),(188,54,25,0,1),(188,54,13,0,1),(188,54,24,0,1),(188,54,18,0,1),(188,54,22,0,1),(188,54,27,0,1),(188,54,19,0,1),(188,54,9,0,1),(1062,54,21,0,1),(188,54,21,0,1),(1062,54,16,0,1),(188,54,16,0,1),(1062,54,29,0,1),(188,54,29,0,1),(188,80,0,14,0),(1076,54,0,16,0),(1081,54,3,0,1),(1081,54,7,0,1),(1081,54,1,0,1),(1077,54,3,0,1),(1077,54,7,0,1),(1080,55,0,14,0),(1076,55,0,17,0),(1077,55,0,22,0),(1081,55,0,19,0),(1080,56,0,14,0),(1076,56,0,17,0),(1077,56,0,22,0),(1081,56,0,19,0),(1080,57,0,14,0),(1076,57,0,17,0),(1077,57,0,22,0),(1081,57,0,19,0),(1080,58,0,14,0),(1076,58,0,17,0),(1081,58,0,19,0),(1077,58,0,21,0),(1080,59,0,14,0),(1076,59,0,18,0),(1077,59,0,22,0),(1081,59,0,19,0),(1080,79,1,0,1),(1076,73,0,17,0),(1081,84,0,19,0),(1077,84,0,22,0),(1076,84,0,17,0),(1076,0,110,0,1),(1076,0,116,0,1),(1076,0,93,0,1),(1080,0,0,5,0),(1079,0,0,5,0),(1080,0,0,4,0),(1077,0,0,6,0),(1078,0,0,6,0),(1079,0,0,10,0),(188,59,0,11,0),(188,59,0,15,0),(188,59,2,0,1),(188,59,1,0,1),(188,59,26,0,1),(188,1,0,11,0),(188,1,0,15,0),(188,1,2,0,1),(188,1,1,0,1),(188,1,26,0,1),(188,18,0,11,0),(188,18,0,15,0),(188,18,2,0,1),(188,18,1,0,1),(188,18,26,0,1),(188,23,0,11,0),(188,23,0,15,0),(188,23,2,0,1),(188,23,1,0,1),(188,23,26,0,1),(188,88,0,11,0),(188,79,0,11,0),(188,65,0,11,0),(1083,88,0,24,0),(1077,88,0,17,0),(188,19,0,11,0),(188,19,0,15,0),(188,19,2,0,1),(188,19,1,0,1),(188,19,26,0,1),(188,24,0,11,0),(188,24,0,15,0),(188,24,2,0,1),(188,24,1,0,1),(188,24,26,0,1),(188,26,0,11,0),(188,26,0,15,0),(188,26,2,0,1),(188,26,1,0,1),(188,26,26,0,1),(188,5,0,11,0),(188,5,0,15,0),(188,5,2,0,1),(188,5,1,0,1),(188,5,26,0,1),(188,6,0,11,0),(188,6,0,15,0),(188,6,2,0,1),(188,6,1,0,1),(188,6,26,0,1),(188,48,0,11,0),(188,48,0,15,0),(188,48,2,0,1),(188,48,1,0,1),(188,48,26,0,1),(188,7,0,11,0),(188,7,0,15,0),(188,7,2,0,1),(188,7,1,0,1),(188,7,26,0,1),(188,17,0,11,0),(188,17,0,15,0),(188,17,2,0,1),(188,17,1,0,1),(188,17,26,0,1),(188,27,0,11,0),(188,27,0,15,0),(188,27,2,0,1),(188,27,1,0,1),(188,27,26,0,1),(188,8,0,11,0),(188,8,0,15,0),(188,8,2,0,1),(188,8,1,0,1),(188,8,26,0,1),(188,52,0,11,0),(188,52,0,15,0),(188,52,2,0,1),(188,52,1,0,1),(188,52,26,0,1),(188,31,0,11,0),(188,31,0,15,0),(188,31,2,0,1),(188,31,1,0,1),(188,31,26,0,1),(188,32,0,11,0),(188,32,0,15,0),(188,32,2,0,1),(188,32,1,0,1),(188,32,26,0,1),(1081,88,14,0,1),(1080,88,1,0,1),(1080,88,14,0,1),(1076,88,0,17,0),(1079,88,0,14,0),(188,38,0,11,0),(188,38,0,15,0),(188,38,2,0,1),(188,38,1,0,1),(188,38,26,0,1),(188,51,0,11,0),(188,51,0,15,0),(188,51,2,0,1),(188,51,1,0,1),(188,51,26,0,1),(188,55,0,11,0),(188,55,0,15,0),(188,55,2,0,1),(188,55,1,0,1),(188,55,26,0,1),(188,56,0,11,0),(188,56,0,15,0),(188,56,2,0,1),(188,56,1,0,1),(188,56,26,0,1),(1082,86,0,14,0),(1076,0,85,0,1),(188,57,0,11,0),(188,57,0,15,0),(188,57,2,0,1),(188,57,1,0,1),(188,57,26,0,1),(1080,64,0,14,0),(1079,64,0,14,0),(1080,65,0,14,0),(1079,65,0,14,0),(1080,66,0,14,0),(1079,66,0,14,0),(1080,67,0,14,0),(1079,67,0,14,0),(1080,69,0,14,0),(1079,69,0,14,0),(1080,70,0,14,0),(1079,70,0,14,0),(1077,64,0,17,0),(1080,64,14,0,1),(1080,64,1,0,1),(1076,70,0,16,0),(1076,64,0,17,0),(1081,64,14,0,1),(1081,64,1,0,1),(1080,65,14,0,1),(1080,65,1,0,1),(1077,65,0,17,0),(188,65,14,0,1),(188,65,1,0,1),(1076,65,0,17,0),(1081,65,14,0,1),(1081,65,1,0,1),(1080,66,14,0,1),(1080,66,1,0,1),(1077,66,0,17,0),(1081,66,14,0,1),(1081,66,1,0,1),(1076,66,0,17,0),(188,66,14,0,1),(188,66,1,0,1),(1076,67,0,17,0),(1080,67,14,0,1),(1080,67,1,0,1),(1081,67,14,0,1),(1081,67,1,0,1),(188,67,14,0,1),(188,67,1,0,1),(1077,67,0,17,0),(1080,69,14,0,1),(1080,69,1,0,1),(1062,0,0,5,0),(1077,69,0,17,0),(1081,80,1,0,1),(1076,69,0,17,0),(1081,69,14,0,1),(1081,69,1,0,1),(188,69,14,0,1),(188,69,1,0,1),(188,70,14,0,1),(188,70,1,0,1),(1080,70,14,0,1),(1080,70,1,0,1),(1077,71,0,17,0),(1077,79,0,21,0),(188,71,0,14,0),(1081,71,1,0,1),(1081,71,14,0,1),(1080,71,1,0,1),(1080,71,14,0,1),(1076,71,0,17,0),(1079,71,0,14,0),(1080,71,0,14,0),(1080,84,0,14,0),(1081,83,0,19,0),(1077,83,0,22,0),(1076,83,0,17,0),(1080,83,0,14,0),(1080,82,0,14,0),(1079,82,0,14,0),(1076,82,0,17,0),(1080,82,14,0,1),(1080,82,1,0,1),(1081,82,14,0,1),(1081,82,1,0,1),(188,82,0,14,0),(1077,82,0,17,0),(1080,85,0,14,0),(1076,85,0,17,0),(1077,85,0,22,0),(1081,85,0,19,0),(1079,73,0,14,0),(1080,73,0,14,0),(1080,73,14,0,1),(1080,73,1,0,1),(1081,73,14,0,1),(1081,73,1,0,1),(188,73,0,14,0),(1081,80,14,0,1),(1077,73,0,21,0),(1080,74,0,14,0),(1079,74,0,14,0),(1080,79,14,0,1),(1076,74,0,17,0),(1080,74,14,0,1),(1080,74,1,0,1),(1081,74,14,0,1),(1081,74,1,0,1),(188,74,0,14,0),(1080,80,1,0,1),(1077,74,0,21,0),(1080,80,14,0,1),(1080,80,0,14,0),(1080,77,0,14,0),(1079,77,0,14,0),(1079,79,0,14,0),(1076,77,0,17,0),(1080,77,14,0,1),(1080,77,1,0,1),(1081,77,14,0,1),(1081,77,1,0,1),(188,77,0,14,0),(1079,80,0,14,0),(1077,77,0,21,0),(1080,78,0,14,0),(1079,78,0,14,0),(1080,79,0,14,0),(1076,78,0,17,0),(1080,78,14,0,1),(1080,78,1,0,1),(1081,78,14,0,1),(1081,78,1,0,1),(188,78,0,14,0),(1076,80,0,17,0),(1077,78,0,21,0),(1083,0,0,23,0),(1083,64,0,24,0),(1083,65,0,24,0),(1083,66,0,24,0),(1083,67,0,24,0),(1083,69,0,24,0),(1083,70,0,24,0),(1083,18,0,24,0),(1083,26,0,24,0),(1083,58,0,24,0),(1083,19,0,24,0),(1083,59,0,24,0),(1083,55,0,24,0),(1083,84,0,24,0),(1083,85,0,24,0),(1083,83,0,24,0),(1083,56,0,24,0),(1083,23,0,24,0),(1083,24,0,24,0),(1083,54,0,24,0),(1083,40,0,24,0),(1083,17,0,24,0),(1083,52,0,24,0),(1083,7,0,24,0),(1083,8,0,24,0),(1083,1,0,24,0),(188,88,1,0,1),(1083,6,0,24,0),(1083,27,0,24,0),(1083,32,0,24,0),(1080,88,0,14,0),(1083,5,0,24,0),(1083,48,0,24,0),(1083,38,0,24,0),(1083,51,0,24,0),(1083,31,0,24,0),(1083,57,0,24,0),(1083,86,0,24,0),(1083,78,0,24,0),(1083,71,0,24,0),(1083,77,0,24,0),(1083,73,0,24,0),(1083,74,0,24,0),(1083,79,0,24,0),(1083,82,0,24,0),(1083,80,0,24,0);

--
-- Table structure for table `phpbb_acl_options`
--

CREATE TABLE `phpbb_acl_options` (
  `auth_option_id` mediumint(8) unsigned NOT NULL AUTO_INCREMENT,
  `auth_option` varchar(50) CHARACTER SET latin1 COLLATE latin1_bin NOT NULL DEFAULT '',
  `is_global` tinyint(1) unsigned NOT NULL DEFAULT '0',
  `is_local` tinyint(1) unsigned NOT NULL DEFAULT '0',
  `founder_only` tinyint(1) unsigned NOT NULL DEFAULT '0',
  PRIMARY KEY (`auth_option_id`),
  UNIQUE KEY `auth_option` (`auth_option`)
) ENGINE=MyISAM AUTO_INCREMENT=118 DEFAULT CHARSET=latin1;

--
-- Dumping data for table `phpbb_acl_options`
--

INSERT INTO `phpbb_acl_options` VALUES (1,'f_',0,1,0),(2,'f_announce',0,1,0),(3,'f_attach',0,1,0),(4,'f_bbcode',0,1,0),(5,'f_bump',0,1,0),(6,'f_delete',0,1,0),(7,'f_download',0,1,0),(8,'f_edit',0,1,0),(9,'f_email',0,1,0),(10,'f_flash',0,1,0),(11,'f_icons',0,1,0),(12,'f_ignoreflood',0,1,0),(13,'f_img',0,1,0),(14,'f_list',0,1,0),(15,'f_noapprove',0,1,0),(16,'f_poll',0,1,0),(17,'f_post',0,1,0),(18,'f_postcount',0,1,0),(19,'f_print',0,1,0),(20,'f_read',0,1,0),(21,'f_reply',0,1,0),(22,'f_report',0,1,0),(23,'f_search',0,1,0),(24,'f_sigs',0,1,0),(25,'f_smilies',0,1,0),(26,'f_sticky',0,1,0),(27,'f_subscribe',0,1,0),(28,'f_user_lock',0,1,0),(29,'f_vote',0,1,0),(30,'f_votechg',0,1,0),(31,'m_',1,1,0),(32,'m_approve',1,1,0),(33,'m_chgposter',1,1,0),(34,'m_delete',1,1,0),(35,'m_edit',1,1,0),(36,'m_info',1,1,0),(37,'m_lock',1,1,0),(38,'m_merge',1,1,0),(39,'m_move',1,1,0),(40,'m_report',1,1,0),(41,'m_split',1,1,0),(42,'m_ban',1,0,0),(43,'m_warn',1,0,0),(44,'a_',1,0,0),(45,'a_aauth',1,0,0),(46,'a_attach',1,0,0),(47,'a_authgroups',1,0,0),(48,'a_authusers',1,0,0),(49,'a_backup',1,0,0),(50,'a_ban',1,0,0),(51,'a_bbcode',1,0,0),(52,'a_board',1,0,0),(53,'a_bots',1,0,0),(54,'a_clearlogs',1,0,0),(55,'a_email',1,0,0),(56,'a_fauth',1,0,0),(57,'a_forum',1,0,0),(58,'a_forumadd',1,0,0),(59,'a_forumdel',1,0,0),(60,'a_group',1,0,0),(61,'a_groupadd',1,0,0),(62,'a_groupdel',1,0,0),(63,'a_icons',1,0,0),(64,'a_jabber',1,0,0),(65,'a_language',1,0,0),(66,'a_mauth',1,0,0),(67,'a_modules',1,0,0),(68,'a_names',1,0,0),(69,'a_phpinfo',1,0,0),(70,'a_profile',1,0,0),(71,'a_prune',1,0,0),(72,'a_ranks',1,0,0),(73,'a_reasons',1,0,0),(74,'a_roles',1,0,0),(75,'a_search',1,0,0),(76,'a_server',1,0,0),(77,'a_styles',1,0,0),(78,'a_switchperm',1,0,0),(79,'a_uauth',1,0,0),(80,'a_user',1,0,0),(81,'a_userdel',1,0,0),(82,'a_viewauth',1,0,0),(83,'a_viewlogs',1,0,0),(84,'a_words',1,0,0),(85,'u_',1,0,0),(86,'u_attach',1,0,0),(87,'u_chgavatar',1,0,0),(88,'u_chgcensors',1,0,0),(89,'u_chgemail',1,0,0),(90,'u_chggrp',1,0,0),(91,'u_chgname',1,0,0),(92,'u_chgpasswd',1,0,0),(93,'u_download',1,0,0),(94,'u_hideonline',1,0,0),(95,'u_ignoreflood',1,0,0),(96,'u_masspm',1,0,0),(97,'u_pm_attach',1,0,0),(98,'u_pm_bbcode',1,0,0),(99,'u_pm_delete',1,0,0),(100,'u_pm_download',1,0,0),(101,'u_pm_edit',1,0,0),(102,'u_pm_emailpm',1,0,0),(103,'u_pm_flash',1,0,0),(104,'u_pm_forward',1,0,0),(105,'u_pm_img',1,0,0),(106,'u_pm_printpm',1,0,0),(107,'u_pm_smilies',1,0,0),(108,'u_readpm',1,0,0),(109,'u_savedrafts',1,0,0),(110,'u_search',1,0,0),(111,'u_sendemail',1,0,0),(112,'u_sendim',1,0,0),(113,'u_sendpm',1,0,0),(114,'u_sig',1,0,0),(115,'u_viewonline',1,0,0),(116,'u_viewprofile',1,0,0),(117,'u_masspm_group',1,0,0);

--
-- Table structure for table `phpbb_acl_roles`
--

CREATE TABLE `phpbb_acl_roles` (
  `role_id` mediumint(8) unsigned NOT NULL AUTO_INCREMENT,
  `role_name` varchar(255) CHARACTER SET latin1 COLLATE latin1_bin NOT NULL DEFAULT '',
  `role_description` text NOT NULL,
  `role_type` varchar(10) CHARACTER SET latin1 COLLATE latin1_bin NOT NULL DEFAULT '',
  `role_order` smallint(4) unsigned NOT NULL DEFAULT '0',
  PRIMARY KEY (`role_id`),
  KEY `role_type` (`role_type`),
  KEY `role_order` (`role_order`)
) ENGINE=MyISAM AUTO_INCREMENT=25 DEFAULT CHARSET=latin1;

--
-- Dumping data for table `phpbb_acl_roles`
--

INSERT INTO `phpbb_acl_roles` VALUES (1,'ROLE_ADMIN_STANDARD','ROLE_DESCRIPTION_ADMIN_STANDARD','a_',1),(2,'ROLE_ADMIN_FORUM','ROLE_DESCRIPTION_ADMIN_FORUM','a_',3),(3,'ROLE_ADMIN_USERGROUP','ROLE_DESCRIPTION_ADMIN_USERGROUP','a_',4),(4,'ROLE_ADMIN_FULL','ROLE_DESCRIPTION_ADMIN_FULL','a_',2),(5,'ROLE_USER_FULL','ROLE_DESCRIPTION_USER_FULL','u_',3),(6,'ROLE_USER_STANDARD','ROLE_DESCRIPTION_USER_STANDARD','u_',1),(7,'ROLE_USER_LIMITED','ROLE_DESCRIPTION_USER_LIMITED','u_',2),(8,'ROLE_USER_NOPM','ROLE_DESCRIPTION_USER_NOPM','u_',4),(9,'ROLE_USER_NOAVATAR','ROLE_DESCRIPTION_USER_NOAVATAR','u_',5),(10,'ROLE_MOD_FULL','ROLE_DESCRIPTION_MOD_FULL','m_',3),(11,'ROLE_MOD_STANDARD','ROLE_DESCRIPTION_MOD_STANDARD','m_',1),(12,'ROLE_MOD_SIMPLE','ROLE_DESCRIPTION_MOD_SIMPLE','m_',2),(13,'ROLE_MOD_QUEUE','ROLE_DESCRIPTION_MOD_QUEUE','m_',4),(14,'ROLE_FORUM_FULL','ROLE_DESCRIPTION_FORUM_FULL','f_',7),(15,'ROLE_FORUM_STANDARD','ROLE_DESCRIPTION_FORUM_STANDARD','f_',5),(16,'ROLE_FORUM_NOACCESS','ROLE_DESCRIPTION_FORUM_NOACCESS','f_',1),(17,'ROLE_FORUM_READONLY','ROLE_DESCRIPTION_FORUM_READONLY','f_',2),(18,'ROLE_FORUM_LIMITED','ROLE_DESCRIPTION_FORUM_LIMITED','f_',3),(19,'ROLE_FORUM_BOT','ROLE_DESCRIPTION_FORUM_BOT','f_',9),(20,'ROLE_FORUM_ONQUEUE','ROLE_DESCRIPTION_FORUM_ONQUEUE','f_',8),(21,'ROLE_FORUM_POLLS','ROLE_DESCRIPTION_FORUM_POLLS','f_',6),(22,'ROLE_FORUM_LIMITED_POLLS','ROLE_DESCRIPTION_FORUM_LIMITED_POLLS','f_',4),(23,'ROLE_USER_NEW_MEMBER','ROLE_DESCRIPTION_USER_NEW_MEMBER','u_',6),(24,'ROLE_FORUM_NEW_MEMBER','ROLE_DESCRIPTION_FORUM_NEW_MEMBER','f_',10);

--
-- Table structure for table `phpbb_acl_roles_data`
--

CREATE TABLE `phpbb_acl_roles_data` (
  `role_id` mediumint(8) unsigned NOT NULL DEFAULT '0',
  `auth_option_id` mediumint(8) unsigned NOT NULL DEFAULT '0',
  `auth_setting` tinyint(2) NOT NULL DEFAULT '0',
  PRIMARY KEY (`role_id`,`auth_option_id`),
  KEY `ath_op_id` (`auth_option_id`)
) ENGINE=MyISAM DEFAULT CHARSET=latin1;

--
-- Dumping data for table `phpbb_acl_roles_data`
--

INSERT INTO `phpbb_acl_roles_data` VALUES (1,44,1),(1,46,1),(1,47,1),(1,48,1),(1,50,1),(1,51,1),(1,52,1),(1,56,1),(1,57,1),(1,58,1),(1,59,1),(1,60,1),(1,61,1),(1,62,1),(1,63,1),(1,66,1),(1,68,1),(1,70,1),(1,71,1),(1,72,1),(1,73,1),(1,79,1),(1,80,1),(1,81,1),(1,82,1),(1,83,1),(1,84,1),(2,44,1),(2,47,1),(2,48,1),(2,56,1),(2,57,1),(2,58,1),(2,59,1),(2,66,1),(2,71,1),(2,79,1),(2,82,1),(2,83,1),(3,44,1),(3,47,1),(3,48,1),(3,50,1),(3,60,1),(3,61,1),(3,62,1),(3,72,1),(3,79,1),(3,80,1),(3,82,1),(3,83,1),(4,44,1),(4,45,1),(4,46,1),(4,47,1),(4,48,1),(4,49,1),(4,50,1),(4,51,1),(4,52,1),(4,53,1),(4,54,1),(4,55,1),(4,56,1),(4,57,1),(4,58,1),(4,59,1),(4,60,1),(4,61,1),(4,62,1),(4,63,1),(4,64,1),(4,65,1),(4,66,1),(4,67,1),(4,68,1),(4,69,1),(4,70,1),(4,71,1),(4,72,1),(4,73,1),(4,74,1),(4,75,1),(4,76,1),(4,77,1),(4,78,1),(4,79,1),(4,80,1),(4,81,1),(4,82,1),(4,83,1),(4,84,1),(5,85,1),(5,86,1),(5,87,1),(5,88,1),(5,89,1),(5,90,1),(5,91,1),(5,92,1),(5,93,1),(5,94,1),(5,95,1),(5,96,1),(5,97,1),(5,98,1),(5,99,1),(5,100,1),(5,101,1),(5,102,1),(5,103,1),(5,104,1),(5,105,1),(5,106,1),(5,107,1),(5,108,1),(5,109,1),(5,110,1),(5,111,1),(5,112,1),(5,113,1),(5,114,1),(5,115,1),(5,116,1),(6,85,1),(6,86,1),(6,87,1),(6,88,1),(6,89,1),(6,92,1),(6,93,1),(6,94,1),(6,96,1),(6,97,1),(6,98,1),(6,99,1),(6,100,1),(6,101,1),(6,102,1),(6,105,1),(6,106,1),(6,107,1),(6,108,1),(6,109,1),(6,110,1),(6,111,1),(6,112,1),(6,113,1),(6,114,1),(6,116,1),(7,85,1),(7,87,1),(7,88,1),(7,89,1),(7,92,1),(7,93,1),(7,94,1),(7,96,1),(7,98,1),(7,99,1),(7,100,1),(7,101,1),(7,104,1),(7,105,1),(7,106,1),(7,107,1),(7,108,1),(7,113,1),(7,114,1),(7,116,1),(8,85,1),(8,87,1),(8,88,1),(8,89,1),(8,92,1),(8,93,1),(8,94,1),(8,114,1),(8,116,1),(8,96,0),(8,108,0),(8,113,0),(9,85,1),(9,88,1),(9,89,1),(9,92,1),(9,93,1),(9,94,1),(9,96,1),(9,98,1),(9,99,1),(9,100,1),(9,101,1),(9,104,1),(9,105,1),(9,106,1),(9,107,1),(9,108,1),(9,113,1),(9,114,1),(9,116,1),(9,87,0),(10,31,1),(10,32,1),(10,42,1),(10,33,1),(10,34,1),(10,35,1),(10,36,1),(10,37,1),(10,38,1),(10,39,1),(10,40,1),(10,41,1),(10,43,1),(11,31,1),(11,32,1),(11,34,1),(11,35,1),(11,36,1),(11,37,1),(11,38,1),(11,39,1),(11,40,1),(11,41,1),(11,43,1),(12,31,1),(12,34,1),(12,35,1),(12,36,1),(12,40,1),(13,31,1),(13,32,1),(13,35,1),(14,1,1),(14,2,1),(14,3,1),(14,4,1),(14,5,1),(14,6,1),(14,7,1),(14,8,1),(14,9,1),(14,10,1),(14,11,1),(14,12,1),(14,13,1),(14,14,1),(14,15,1),(14,16,1),(14,17,1),(14,18,1),(14,19,1),(14,20,1),(14,21,1),(14,22,1),(14,23,1),(14,24,1),(14,25,1),(14,26,1),(14,27,1),(14,28,1),(14,29,1),(14,30,1),(15,1,1),(15,3,1),(15,4,1),(15,5,1),(15,6,1),(15,7,1),(15,8,1),(15,9,1),(15,11,1),(15,13,1),(15,14,1),(15,15,1),(15,17,1),(15,18,1),(15,19,1),(15,20,1),(15,21,1),(15,22,1),(15,23,1),(15,24,1),(15,25,1),(15,27,1),(15,29,1),(15,30,1),(16,1,0),(17,1,1),(17,7,1),(17,14,1),(17,19,1),(17,20,1),(17,23,1),(17,27,1),(18,1,1),(18,4,1),(18,7,1),(18,8,1),(18,9,1),(18,13,1),(18,14,1),(18,15,1),(18,17,1),(18,18,1),(18,19,1),(18,20,1),(18,21,1),(18,22,1),(18,23,1),(18,24,1),(18,25,1),(18,27,1),(18,29,1),(19,1,1),(19,7,1),(19,14,1),(19,19,1),(19,20,1),(20,1,1),(20,3,1),(20,4,1),(20,7,1),(20,8,1),(20,9,1),(20,13,1),(20,14,1),(20,17,1),(20,18,1),(20,19,1),(20,20,1),(20,21,1),(20,22,1),(20,23,1),(20,24,1),(20,25,1),(20,27,1),(20,29,1),(20,15,0),(21,1,1),(21,3,1),(21,4,1),(21,5,1),(21,6,1),(21,7,1),(21,8,1),(21,9,1),(21,11,1),(21,13,1),(21,14,1),(21,15,1),(21,16,1),(21,17,1),(21,18,1),(21,19,1),(21,20,1),(21,21,1),(21,22,1),(21,23,1),(21,24,1),(21,25,1),(21,27,1),(21,29,1),(21,30,1),(22,1,1),(22,4,1),(22,7,1),(22,8,1),(22,9,1),(22,13,1),(22,14,1),(22,15,1),(22,16,1),(22,17,1),(22,18,1),(22,19,1),(22,20,1),(22,21,1),(22,22,1),(22,23,1),(22,24,1),(22,25,1),(22,27,1),(22,29,1),(5,117,1),(6,117,1),(7,117,1),(8,117,0),(9,117,1),(23,96,0),(23,117,0),(23,113,0),(24,15,0);

--
-- Table structure for table `phpbb_acl_users`
--

CREATE TABLE `phpbb_acl_users` (
  `user_id` mediumint(8) unsigned NOT NULL DEFAULT '0',
  `forum_id` mediumint(8) unsigned NOT NULL DEFAULT '0',
  `auth_option_id` mediumint(8) unsigned NOT NULL DEFAULT '0',
  `auth_role_id` mediumint(8) unsigned NOT NULL DEFAULT '0',
  `auth_setting` tinyint(2) NOT NULL DEFAULT '0',
  KEY `user_id` (`user_id`),
  KEY `auth_option_id` (`auth_option_id`),
  KEY `auth_role_id` (`auth_role_id`)
) ENGINE=MyISAM DEFAULT CHARSET=latin1;

--
-- Dumping data for table `phpbb_acl_users`
--

INSERT INTO `phpbb_acl_users` VALUES (1544,0,0,1,0),(347,86,0,14,0),(314,86,0,14,0),(459,86,0,14,0),(161,86,0,14,0),(325,70,0,17,0),(325,40,0,21,0),(216,54,1,0,1),(216,54,14,0,1),(19,54,1,0,1),(19,54,14,0,1),(216,54,20,0,1),(216,54,23,0,1),(50,54,20,0,1),(50,54,23,0,1),(50,54,1,0,1),(65,54,20,0,1),(65,54,23,0,1),(65,54,1,0,1),(19,54,20,0,1),(19,54,23,0,1),(216,54,17,0,1),(216,54,4,0,1),(216,54,25,0,1),(216,54,13,0,1),(216,54,24,0,1),(216,54,18,0,1),(216,54,22,0,1),(216,54,27,0,1),(216,54,19,0,1),(216,54,9,0,1),(50,54,17,0,1),(50,54,4,0,1),(50,54,25,0,1),(50,54,13,0,1),(50,54,24,0,1),(50,54,18,0,1),(50,54,22,0,1),(50,54,27,0,1),(50,54,19,0,1),(50,54,9,0,1),(65,54,17,0,1),(65,54,4,0,1),(65,54,25,0,1),(65,54,13,0,1),(65,54,24,0,1),(65,54,18,0,1),(65,54,22,0,1),(65,54,27,0,1),(65,54,19,0,1),(65,54,9,0,1),(19,54,17,0,1),(19,54,4,0,1),(19,54,25,0,1),(19,54,13,0,1),(19,54,24,0,1),(19,54,18,0,1),(19,54,22,0,1),(19,54,27,0,1),(19,54,19,0,1),(19,54,9,0,1),(216,54,21,0,1),(50,54,21,0,1),(65,54,21,0,1),(19,54,21,0,1),(216,54,16,0,1),(50,54,16,0,1),(65,54,16,0,1),(19,54,16,0,1),(216,54,29,0,1),(50,54,29,0,1),(65,54,29,0,1),(19,54,29,0,1),(209,0,0,9,0),(263,0,0,9,0),(167,0,0,8,0),(209,0,0,8,0),(263,0,0,8,0),(1544,0,0,1,0),(347,86,0,14,0),(314,86,0,14,0),(459,86,0,14,0),(161,86,0,14,0),(325,70,0,17,0),(325,40,0,21,0),(216,54,1,0,1),(216,54,14,0,1),(19,54,1,0,1),(19,54,14,0,1),(216,54,20,0,1),(216,54,23,0,1),(50,54,20,0,1),(50,54,23,0,1),(50,54,1,0,1),(65,54,20,0,1),(65,54,23,0,1),(65,54,1,0,1),(19,54,20,0,1),(19,54,23,0,1),(216,54,17,0,1),(216,54,4,0,1),(216,54,25,0,1),(216,54,13,0,1),(216,54,24,0,1),(216,54,18,0,1),(216,54,22,0,1),(216,54,27,0,1),(216,54,19,0,1),(216,54,9,0,1),(50,54,17,0,1),(50,54,4,0,1),(50,54,25,0,1),(50,54,13,0,1),(50,54,24,0,1),(50,54,18,0,1),(50,54,22,0,1),(50,54,27,0,1),(50,54,19,0,1),(50,54,9,0,1),(65,54,17,0,1),(65,54,4,0,1),(65,54,25,0,1),(65,54,13,0,1),(65,54,24,0,1),(65,54,18,0,1),(65,54,22,0,1),(65,54,27,0,1),(65,54,19,0,1),(65,54,9,0,1),(19,54,17,0,1),(19,54,4,0,1),(19,54,25,0,1),(19,54,13,0,1),(19,54,24,0,1),(19,54,18,0,1),(19,54,22,0,1),(19,54,27,0,1),(19,54,19,0,1),(19,54,9,0,1),(216,54,21,0,1),(50,54,21,0,1),(65,54,21,0,1),(19,54,21,0,1),(216,54,16,0,1),(50,54,16,0,1),(65,54,16,0,1),(19,54,16,0,1),(216,54,29,0,1),(50,54,29,0,1),(65,54,29,0,1),(19,54,29,0,1),(209,0,0,9,0),(263,0,0,9,0),(167,0,0,8,0),(209,0,0,8,0),(263,0,0,8,0),(54,40,0,21,0);

--
-- Table structure for table `phpbb_attachments`
--

CREATE TABLE `phpbb_attachments` (
  `attach_id` mediumint(8) unsigned NOT NULL AUTO_INCREMENT,
  `post_msg_id` mediumint(8) unsigned NOT NULL DEFAULT '0',
  `topic_id` mediumint(8) unsigned NOT NULL DEFAULT '0',
  `in_message` tinyint(1) unsigned NOT NULL DEFAULT '0',
  `poster_id` mediumint(8) unsigned NOT NULL DEFAULT '0',
  `is_orphan` tinyint(1) unsigned NOT NULL DEFAULT '1',
  `physical_filename` varchar(255) CHARACTER SET latin1 COLLATE latin1_bin NOT NULL DEFAULT '',
  `real_filename` varchar(255) CHARACTER SET latin1 COLLATE latin1_bin NOT NULL DEFAULT '',
  `download_count` mediumint(8) unsigned NOT NULL DEFAULT '0',
  `attach_comment` text NOT NULL,
  `extension` varchar(100) CHARACTER SET latin1 COLLATE latin1_bin NOT NULL DEFAULT '',
  `mimetype` varchar(100) CHARACTER SET latin1 COLLATE latin1_bin NOT NULL DEFAULT '',
  `filesize` int(20) unsigned NOT NULL DEFAULT '0',
  `filetime` int(11) unsigned NOT NULL DEFAULT '0',
  `thumbnail` tinyint(1) unsigned NOT NULL DEFAULT '0',
  PRIMARY KEY (`attach_id`),
  KEY `filetime` (`filetime`),
  KEY `post_msg_id` (`post_msg_id`),
  KEY `topic_id` (`topic_id`),
  KEY `poster_id` (`poster_id`),
  KEY `is_orphan` (`is_orphan`)
) ENGINE=MyISAM AUTO_INCREMENT=15 DEFAULT CHARSET=latin1;

--
-- Dumping data for table `phpbb_attachments`
--

INSERT INTO `phpbb_attachments` VALUES (1,73076,4081,0,2,0,'2_fc8ea9ae38ede1af4fcafadf8629931a','Image1.gif',559,'','gif','image/gif',31422,1208575543,0),(10,75880,4075,0,206,0,'206_cf0d9865a2c86b1718f1a0e01dd66dd7','P1040252.JPG',231,'Le tout, 2','jpg','image/jpeg',358720,1216209607,0),(8,75880,4075,0,206,0,'206_b21a6f902221151f20e7c1e49decf59e','P1040250.JPG',232,'La poignée','jpg','image/jpeg',386716,1216209271,0),(9,75880,4075,0,206,0,'206_34eb6ef8f547e7b448d8d5c64e9d7537','P1040249.JPG',234,'Le tout','jpg','image/jpeg',240633,1216209285,0),(11,75880,4075,0,206,0,'206_09584e2299faed527955ce8bd1261a39','P1040253.JPG',234,'La poignée, 2','jpg','image/jpeg',396590,1216209626,0),(12,75880,4075,0,206,0,'206_289a73c51b1b2b82c88972b0b6eb628c','P1040254.JPG',235,'La pointe','jpg','image/jpeg',293539,1216209640,0),(13,77618,4336,0,20,0,'20_48b0e37e263e5a1d99e064e140e31d27','caca.PNG',205,'','png','image/png',29308,1238340317,0),(14,77716,4336,0,1530,0,'1530_6c85fbe524d3d5254180afd05677d447','art abstrait.jpg',132,'','jpg','image/jpeg',101985,1238944829,0);

--
-- Table structure for table `phpbb_banlist`
--

CREATE TABLE `phpbb_banlist` (
  `ban_id` mediumint(8) unsigned NOT NULL AUTO_INCREMENT,
  `ban_userid` mediumint(8) unsigned NOT NULL DEFAULT '0',
  `ban_ip` varchar(40) CHARACTER SET latin1 COLLATE latin1_bin NOT NULL DEFAULT '',
  `ban_email` varchar(100) CHARACTER SET latin1 COLLATE latin1_bin NOT NULL DEFAULT '',
  `ban_start` int(11) unsigned NOT NULL DEFAULT '0',
  `ban_end` int(11) unsigned NOT NULL DEFAULT '0',
  `ban_exclude` tinyint(1) unsigned NOT NULL DEFAULT '0',
  `ban_reason` varchar(255) CHARACTER SET latin1 COLLATE latin1_bin NOT NULL DEFAULT '',
  `ban_give_reason` varchar(255) CHARACTER SET latin1 COLLATE latin1_bin NOT NULL DEFAULT '',
  PRIMARY KEY (`ban_id`),
  KEY `ban_end` (`ban_end`),
  KEY `ban_user` (`ban_userid`,`ban_exclude`),
  KEY `ban_email` (`ban_email`,`ban_exclude`),
  KEY `ban_ip` (`ban_ip`,`ban_exclude`)
) ENGINE=MyISAM AUTO_INCREMENT=413 DEFAULT CHARSET=latin1;

--
-- Dumping data for table `phpbb_banlist`
--

INSERT INTO `phpbb_banlist` VALUES (1,0,'','*@bestcarhireforu.biz',0,0,0,'',''),(2,194,'','',0,0,0,'',''),(3,41,'','',0,0,0,'',''),(4,209,'','',0,0,0,'',''),(5,200,'','',0,0,0,'',''),(6,46,'','',0,0,0,'',''),(7,0,'','julien.belfort@wanadoo.fr',0,0,0,'',''),(8,0,'','nina58fr@yahoo.fr',0,0,0,'',''),(9,0,'','julienbelfort@yahoo.fr',0,0,0,'',''),(10,100,'','',0,0,0,'',''),(11,0,'','dood4222@yahoo.fr',0,0,0,'',''),(12,0,'','*@jetable.org',0,0,0,'',''),(13,0,'','dudul@trashmail.net',0,0,0,'',''),(14,0,'','*@freevid.we.bs',0,0,0,'',''),(15,0,'','*@trashmail.net',0,0,0,'',''),(16,196,'','',0,0,0,'',''),(17,0,'','*@haltospam.com',0,0,0,'',''),(18,268,'','',0,0,0,'',''),(19,0,'','*@*.cn',0,0,0,'',''),(20,0,'','*@*.com.ru',0,0,0,'',''),(21,0,'','*@*.jp',0,0,0,'',''),(22,0,'','*@*.kr',0,0,0,'',''),(23,0,'','*@*.ro',0,0,0,'',''),(24,0,'','*@*.ru',0,0,0,'',''),(25,0,'','*@*.yu',0,0,0,'',''),(26,0,'','*@*.1go.dk',0,0,0,'',''),(27,0,'','*@*.cnnty.com',0,0,0,'',''),(28,0,'','*@*.dasyt.com',0,0,0,'',''),(29,0,'','*@*.knoll-lumber.com',0,0,0,'',''),(30,0,'','*@*.osarex.com',0,0,0,'',''),(31,0,'','*@*.pidor.net',0,0,0,'',''),(32,0,'','*@*.regvista.com',0,0,0,'',''),(33,0,'','*@*.sexwwwinfo.com',0,0,0,'',''),(34,0,'','*@1go.dk',0,0,0,'',''),(35,0,'','*@anonymous*.com',0,0,0,'',''),(36,0,'','*@bigfreemail.info',0,0,0,'',''),(37,0,'','*@bigmir.net',0,0,0,'',''),(38,0,'','*@bk.ru',0,0,0,'',''),(39,0,'','*@cashette.com',0,0,0,'',''),(40,0,'','*@caramail.com',0,0,0,'',''),(41,0,'','*@cnnty.com',0,0,0,'',''),(42,0,'','*@dar-vocet.com',0,0,0,'',''),(43,0,'','*@dasyt.com',0,0,0,'',''),(44,0,'','*@diem-perdidi.info',0,0,0,'',''),(45,0,'','*@diplomy.com.ua',0,0,0,'',''),(46,0,'','*@dodgeit.com',0,0,0,'',''),(47,0,'','*@doh75.com',0,0,0,'',''),(48,0,'','*@drugs-online.com',0,0,0,'',''),(49,0,'','*@email.com',0,0,0,'',''),(50,0,'','*@ephemail.com',0,0,0,'',''),(51,0,'','*@ephemail.net',0,0,0,'',''),(52,0,'','*@ephemail.org',0,0,0,'',''),(53,0,'','*@foryou74.com',0,0,0,'',''),(54,0,'','*@foteret.info',0,0,0,'',''),(55,0,'','*@freenet.de',0,0,0,'',''),(56,0,'','*@fromru.com',0,0,0,'',''),(57,0,'','*@gawab.com',0,0,0,'',''),(58,0,'','*@gewhiz1.com',0,0,0,'',''),(59,0,'','*@haltospam.fr',0,0,0,'',''),(60,0,'','*@haltospam.net',0,0,0,'',''),(61,0,'','*@haltospam.org',0,0,0,'',''),(62,280,'','',0,0,0,'',''),(63,0,'','*@icrot.info',0,0,0,'',''),(64,0,'','*@inbox.ru',0,0,0,'',''),(65,0,'','*@jetable.com',0,0,0,'',''),(66,0,'','*@jetable.net',0,0,0,'',''),(67,0,'','*@justopt.info',0,0,0,'',''),(68,0,'','*@kasmail.com',0,0,0,'',''),(69,0,'','*@kg.sbb.co.yu',0,0,0,'',''),(70,0,'','*@lwz.info',0,0,0,'',''),(71,0,'','*@mail.*',0,0,0,'',''),(72,0,'','*@mail.com',0,0,0,'',''),(73,0,'','*@mail.ro',0,0,0,'',''),(74,0,'','*@mail.ru',0,0,0,'',''),(75,0,'','*@mamiev.com.ru',0,0,0,'',''),(76,0,'','*@masterbell.net',0,0,0,'',''),(77,0,'','*@microolap.com',0,0,0,'',''),(78,0,'','*@moo321.com',0,0,0,'',''),(79,0,'','*@netcourrier.com',0,0,0,'',''),(80,0,'','*@nil-admirari.info',0,0,0,'',''),(81,0,'','*@osarex.com',0,0,0,'',''),(82,0,'','*@pills-search.info',0,0,0,'',''),(83,0,'','*@play-sex-game.com',0,0,0,'',''),(84,0,'','*@pochta.ru',0,0,0,'',''),(85,0,'','*@poker.ru',0,0,0,'',''),(86,0,'','*@poolmail.com',0,0,0,'',''),(87,0,'','*@pornoroxx.net',0,0,0,'',''),(88,0,'','*@pu-blocker.com',0,0,0,'',''),(89,0,'','*@qsrch.com',0,0,0,'',''),(90,0,'','*@rbc.ru',0,0,0,'',''),(91,0,'','*@regvista.com',0,0,0,'',''),(92,0,'','*@sexcom-xxx.com',0,0,0,'',''),(93,0,'','*@sexwwwinfo.com',0,0,0,'',''),(94,0,'','*@spamday.com',0,0,0,'',''),(95,0,'','*@spamgourmet.com',0,0,0,'',''),(96,0,'','*@spamgourmet.net',0,0,0,'',''),(97,0,'','*@spamgourmet.org',0,0,0,'',''),(98,0,'','*@splitcamera.com',0,0,0,'',''),(99,0,'','*@straightedgeonline.org',0,0,0,'',''),(100,0,'','*@tempus-fugit.info',0,0,0,'',''),(101,0,'','*@tierramedia.org',0,0,0,'',''),(102,0,'','*@ukr.net',0,0,0,'',''),(103,0,'','*@ultrid.com',0,0,0,'',''),(104,0,'','*@usermail.com',0,0,0,'',''),(105,0,'','*@vidihol.com',0,0,0,'',''),(106,0,'','*@wormx-crew.org',0,0,0,'',''),(107,0,'','*@xxx-news.net',0,0,0,'',''),(108,0,'','*@zeebede.com',0,0,0,'',''),(109,0,'','*@ziplip.com',0,0,0,'',''),(110,0,'','*@*.asso.ws',0,0,0,'',''),(111,0,'','*@*.be.tf',0,0,0,'',''),(112,0,'','*@*.best.cd',0,0,0,'',''),(113,0,'','*@*.bsd-fan.com',0,0,0,'',''),(114,0,'','*@*.c0m.fr',0,0,0,'',''),(115,0,'','*@*.c0m.st',0,0,0,'',''),(116,0,'','*@*.ca.tc',0,0,0,'',''),(117,0,'','*@*.clan.st',0,0,0,'',''),(118,0,'','*@*.com02.com',0,0,0,'',''),(119,0,'','*@*.com4.ws',0,0,0,'',''),(120,0,'','*@*.corps.st',0,0,0,'',''),(121,0,'','*@*.euro.st',0,0,0,'',''),(122,0,'','*@*.euro.tm',0,0,0,'',''),(123,0,'','*@*.fr.fm',0,0,0,'',''),(124,0,'','*@*.fr.st',0,0,0,'',''),(125,0,'','*@*.fr.vu',0,0,0,'',''),(126,0,'','*@*.gr.st',0,0,0,'',''),(127,0,'','*@*.ht.st',0,0,0,'',''),(128,0,'','*@*.int.ms',0,0,0,'',''),(129,0,'','*@*.it.st',0,0,0,'',''),(130,0,'','*@*.java-fan.com',0,0,0,'',''),(131,0,'','*@*.linux-fan.com',0,0,0,'',''),(132,0,'','*@*.mac-fan.com',0,0,0,'',''),(133,0,'','*@*.mp3.ms',0,0,0,'',''),(134,0,'','*@*.n0n.be',0,0,0,'',''),(135,0,'','*@*.perso.tc',0,0,0,'',''),(136,0,'','*@*.qc.tc',0,0,0,'',''),(137,0,'','*@*.sg.gg',0,0,0,'',''),(138,0,'','*@*.site.tc',0,0,0,'',''),(139,0,'','*@*.societe.st',0,0,0,'',''),(140,0,'','*@*.sp.st',0,0,0,'',''),(141,0,'','*@*.suisse.st',0,0,0,'',''),(142,0,'','*@*.t2u.com',0,0,0,'',''),(143,0,'','*@*.unixlover.com',0,0,0,'',''),(144,0,'','*@*.wb.st',0,0,0,'',''),(145,0,'','*@*.zik.mu',0,0,0,'',''),(146,0,'','*@amazing.as',0,0,0,'',''),(147,0,'','*@ambitious.as',0,0,0,'',''),(148,0,'','*@asso.ws',0,0,0,'',''),(149,0,'','*@attractive.as',0,0,0,'',''),(150,0,'','*@australian.as',0,0,0,'',''),(151,0,'','*@batty.as',0,0,0,'',''),(152,0,'','*@be.tf',0,0,0,'',''),(153,0,'','*@best.cd',0,0,0,'',''),(154,0,'','*@brilliant.as',0,0,0,'',''),(155,0,'','*@british.as',0,0,0,'',''),(156,0,'','*@bsd-fan.com',0,0,0,'',''),(157,0,'','*@c0m.fr',0,0,0,'',''),(158,0,'','*@c0m.st',0,0,0,'',''),(159,0,'','*@ca.gg',0,0,0,'',''),(160,0,'','*@ca.tc',0,0,0,'',''),(161,0,'','*@celebrity.as',0,0,0,'',''),(162,0,'','*@cheeky.as',0,0,0,'',''),(163,0,'','*@clan.st',0,0,0,'',''),(164,0,'','*@com02.com',0,0,0,'',''),(165,0,'','*@com4.ws',0,0,0,'',''),(166,0,'','*@confident.as',0,0,0,'',''),(167,0,'','*@cool.as',0,0,0,'',''),(168,0,'','*@corps.st',0,0,0,'',''),(169,0,'','*@crap.as',0,0,0,'',''),(170,0,'','*@dangerous.as',0,0,0,'',''),(171,0,'','*@daring.as',0,0,0,'',''),(172,0,'','*@dead.as',0,0,0,'',''),(173,0,'','*@deadly.as',0,0,0,'',''),(174,0,'','*@disgusting.as',0,0,0,'',''),(175,0,'','*@drunk.as',0,0,0,'',''),(176,0,'','*@euro.st',0,0,0,'',''),(177,0,'','*@euro.tm',0,0,0,'',''),(178,0,'','*@european.as',0,0,0,'',''),(179,0,'','*@evil.as',0,0,0,'',''),(180,0,'','*@ezc.info',0,0,0,'',''),(181,0,'','*@fab.as',0,0,0,'',''),(182,0,'','*@fantastic.as',0,0,0,'',''),(183,0,'','*@flash.as',0,0,0,'',''),(184,0,'','*@fr.fm',0,0,0,'',''),(185,0,'','*@fr.nr',0,0,0,'',''),(186,0,'','*@fr.st',0,0,0,'',''),(187,0,'','*@fr.tc',0,0,0,'',''),(188,0,'','*@fr.vu',0,0,0,'',''),(189,0,'','*@funky.as',0,0,0,'',''),(190,0,'','*@gorgeous.as',0,0,0,'',''),(191,0,'','*@gr.st',0,0,0,'',''),(192,0,'','*@greek.as',0,0,0,'',''),(193,0,'','*@groovy.as',0,0,0,'',''),(194,0,'','*@ht.st',0,0,0,'',''),(195,0,'','*@hungry.as',0,0,0,'',''),(196,0,'','*@hyper.as',0,0,0,'',''),(197,0,'','*@important.as',0,0,0,'',''),(198,0,'','*@impossible.as',0,0,0,'',''),(199,0,'','*@insane.as',0,0,0,'',''),(200,0,'','*@int.ms',0,0,0,'',''),(201,0,'','*@intelligent.as',0,0,0,'',''),(202,0,'','*@invincible.as',0,0,0,'',''),(203,0,'','*@it.st',0,0,0,'',''),(204,0,'','*@italian.as',0,0,0,'',''),(205,0,'','*@java-fan.com',0,0,0,'',''),(206,0,'','*@jewish.as',0,0,0,'',''),(207,0,'','*@juicy.as',0,0,0,'',''),(208,0,'','*@linux-fan.com',0,0,0,'',''),(209,0,'','*@lush.as',0,0,0,'',''),(210,0,'','*@mac-fan.com',0,0,0,'',''),(211,0,'','*@massive.as',0,0,0,'',''),(212,0,'','*@mental.as',0,0,0,'',''),(213,0,'','*@mp3.ms',0,0,0,'',''),(214,0,'','*@musical.as',0,0,0,'',''),(215,0,'','*@n0n.be',0,0,0,'',''),(216,0,'','*@naughty.as',0,0,0,'',''),(217,0,'','*@official.as',0,0,0,'',''),(218,0,'','*@party.to',0,0,0,'',''),(219,0,'','*@perso.tc',0,0,0,'',''),(220,0,'','*@popular.as',0,0,0,'',''),(221,0,'','*@posh.as',0,0,0,'',''),(222,0,'','*@qc.tc',0,0,0,'',''),(223,0,'','*@qualified.as',0,0,0,'',''),(224,0,'','*@quiet.as',0,0,0,'',''),(225,0,'','*@religious.as',0,0,0,'',''),(226,0,'','*@respected.as',0,0,0,'',''),(227,0,'','*@rubbish.as',0,0,0,'',''),(228,0,'','*@rude.as',0,0,0,'',''),(229,0,'','*@scottish.as',0,0,0,'',''),(230,0,'','*@sg.gg',0,0,0,'',''),(231,0,'','*@shy.as',0,0,0,'',''),(232,0,'','*@silly.as',0,0,0,'',''),(233,0,'','*@site.tc',0,0,0,'',''),(234,0,'','*@skilled.as',0,0,0,'',''),(235,0,'','*@skint.as',0,0,0,'',''),(236,0,'','*@societe.st',0,0,0,'',''),(237,0,'','*@sp.st',0,0,0,'',''),(238,0,'','*@spanish.as',0,0,0,'',''),(239,0,'','*@speeding.to',0,0,0,'',''),(240,0,'','*@strong.as',0,0,0,'',''),(241,0,'','*@stylish.as',0,0,0,'',''),(242,0,'','*@suisse.st',0,0,0,'',''),(243,0,'','*@t2u.com',0,0,0,'',''),(244,0,'','*@taken.to',0,0,0,'',''),(245,0,'','*@talented.as',0,0,0,'',''),(246,0,'','*@trendy.as',0,0,0,'',''),(247,0,'','*@unixlover.com',0,0,0,'',''),(248,0,'','*@wb.st',0,0,0,'',''),(249,0,'','*@wicked.as',0,0,0,'',''),(250,0,'','*@witty.as',0,0,0,'',''),(251,0,'','*@xdir.fr',0,0,0,'',''),(252,0,'','*@xdir.org',0,0,0,'',''),(253,0,'','*@zik.mu',0,0,0,'',''),(254,0,'','Demon2732-212@hotmail.com',0,0,0,'',''),(255,0,'','salih_celen@yahoo.com',0,0,0,'',''),(256,0,'','lexapro@yahoo.com',0,0,0,'',''),(257,0,'','gratis-casino@freenet.de',0,0,0,'',''),(258,0,'','pepepotamo1986@tierramedia.org',0,0,0,'',''),(259,0,'','klingeltoene@isuisse.com',0,0,0,'',''),(260,0,'','buy-prozac@ifrance.com',0,0,0,'',''),(261,0,'','anaplasty@hotpop.com',0,0,0,'',''),(262,0,'','Donalda1as@hotmail-so2.com',0,0,0,'',''),(263,0,'','Noase2732FTP@hotmail.com',0,0,0,'',''),(264,0,'','gratiscasino@users.1go.dk',0,0,0,'',''),(265,0,'','phenter@ukr.net',0,0,0,'',''),(266,0,'','john@pills-search.info',0,0,0,'',''),(267,0,'','shulz2006@hotmail.com',0,0,0,'',''),(268,0,'','c-538@aol.com',0,0,0,'',''),(269,0,'','y952@gmail.com',0,0,0,'',''),(270,0,'','k-66@gmail.com',0,0,0,'',''),(271,0,'','jonh333@gmail.com',0,0,0,'',''),(272,0,'','angelshrine@hotmail.com',0,0,0,'',''),(273,0,'','iletter@gawab.com',0,0,0,'',''),(274,0,'','pooperduperz@gmail.com',0,0,0,'',''),(275,0,'','superduper@usermail.com',0,0,0,'',''),(276,0,'','m35543229-5@1and1.com',0,0,0,'',''),(277,0,'','squirreltm@gawab.com',0,0,0,'',''),(278,0,'','btapixon@rotover.info',0,0,0,'',''),(279,0,'','Robinbobin',0,0,0,'',''),(280,0,'','Opankis',0,0,0,'',''),(281,0,'','gosotmepos',0,0,0,'',''),(282,0,'','*@*.info',0,0,0,'',''),(283,0,'','*@*.org',0,0,0,'',''),(284,282,'','',0,0,0,'',''),(285,0,'','*@yopmail.com',0,0,0,'',''),(286,0,'','*@greatvalleymail.com',0,0,0,'',''),(287,0,'','*@sandyroger.info',0,0,0,'',''),(288,0,'','*@web.de',0,0,0,'',''),(289,0,'','*@inmail24.com',0,0,0,'',''),(290,0,'','*@ua.fm',0,0,0,'',''),(291,0,'','*@etradeoil.com',0,0,0,'',''),(292,0,'','*@megabox.ru',0,0,0,'',''),(293,0,'','*@megavids.info',0,0,0,'',''),(294,0,'','*@rosledin.info',0,0,0,'',''),(295,0,'','*@phreaker.net',0,0,0,'',''),(296,0,'','*@epill.info',0,0,0,'',''),(297,0,'','*@fsei.com',0,0,0,'',''),(298,0,'','*@yahoo.co.uk',0,0,0,'',''),(299,0,'','*@i.ua',0,0,0,'',''),(300,0,'','*@freepochta.info',0,0,0,'',''),(301,0,'','*@land.ru',0,0,0,'',''),(302,0,'','*@teen-x-porn.com',0,0,0,'',''),(303,0,'','*@mydarlingpage.info',0,0,0,'',''),(304,0,'','*@northemailhost.info',0,0,0,'',''),(305,0,'','*@gh20hg082h4g0.org',0,0,0,'',''),(306,0,'','*@g2hg29hgsdg.org',0,0,0,'',''),(307,0,'203.121.69.154','',0,0,0,'',''),(308,0,'','*@pds-game.com',0,0,0,'',''),(309,0,'','*@shopforbestmortgage.com',0,0,0,'',''),(310,0,'','*@vkvd.com',0,0,0,'',''),(311,0,'','*@neomailpro.com',0,0,0,'',''),(312,0,'','*@sqcv.com',0,0,0,'',''),(313,0,'165.228.131.12','',0,0,0,'',''),(314,0,'142.165.3.43','',0,0,0,'',''),(315,0,'203.144.144.164','',0,0,0,'',''),(316,0,'203.144.144.163','',0,0,0,'',''),(317,289,'','',0,0,0,'',''),(318,0,'','sozeyh@hotmail.fr',0,0,0,'',''),(319,0,'','richeter6@hotmail.fr',0,0,0,'',''),(320,0,'','*@*.us',0,0,0,'',''),(321,0,'','*@yzbid.com',0,0,0,'',''),(322,0,'','*@highendsoul.com',0,0,0,'',''),(323,0,'','*@atlantmail.com',0,0,0,'',''),(324,0,'','*@gamebox.net',0,0,0,'',''),(325,0,'','*@4warding.net',0,0,0,'',''),(326,0,'','*@yellow-jackets.com',0,0,0,'',''),(327,0,'','*@go.blue.devils.com',0,0,0,'',''),(328,0,'','*@lipetsk.in',0,0,0,'',''),(329,0,'','*@xmail.com',0,0,0,'',''),(330,0,'','*@highschoolindex.com',0,0,0,'',''),(331,0,'','*@toughguy.net',0,0,0,'',''),(332,0,'','*@1zhuan.com',0,0,0,'',''),(333,0,'','*@stylebrand.com',0,0,0,'',''),(334,0,'','*@uastar.net',0,0,0,'',''),(335,0,'','*@fene4ek.net',0,0,0,'',''),(336,0,'','*@lvivs.com',0,0,0,'',''),(337,0,'','*@mainru.com',0,0,0,'',''),(338,0,'','*@sweetville.net',0,0,0,'',''),(339,0,'','*@imstations.com',0,0,0,'',''),(340,0,'','*@1chuan.com',0,0,0,'',''),(341,0,'','*@elfox.net',0,0,0,'',''),(342,0,'','*@bbb.com',0,0,0,'',''),(343,0,'','*@kinozal.tv',0,0,0,'',''),(344,0,'','*@bimgir.net',0,0,0,'',''),(345,0,'','*@bonbon.net',0,0,0,'',''),(346,0,'','*@4warding.com',0,0,0,'',''),(347,0,'','*@online-webportal.biz',0,0,0,'',''),(348,0,'','*@onet.eu',0,0,0,'',''),(349,0,'','*@hotpop.com',0,0,0,'',''),(350,0,'','*@mymail-in.net',0,0,0,'',''),(351,0,'','*@doge7k.com',0,0,0,'',''),(352,0,'','*@maennerversteherin.com',0,0,0,'',''),(353,0,'','*@e-mail.com',0,0,0,'',''),(354,0,'','*@deacons.com',0,0,0,'',''),(355,0,'','*@uaclub.net',0,0,0,'',''),(356,0,'','*@inet.ua',0,0,0,'',''),(357,0,'','*@krim.ws',0,0,0,'',''),(358,0,'','*@pozitifff.com',0,0,0,'',''),(359,0,'','*@uganska.net',0,0,0,'',''),(360,0,'','*@uk2.net',0,0,0,'',''),(361,0,'','*@lvovs.com',0,0,0,'',''),(362,0,'','*@xmail.net',0,0,0,'',''),(363,0,'','*@vipalpha.com',0,0,0,'',''),(364,0,'','*@antimir.net',0,0,0,'',''),(365,0,'','*@yours.com',0,0,0,'',''),(366,0,'','*@mytop-in.net',0,0,0,'',''),(367,0,'','*@tenbit.pl',0,0,0,'',''),(368,0,'','*@whoever.com',0,0,0,'',''),(369,0,'','*@jetfix.ee',0,0,0,'',''),(370,0,'','*@izmail.net',0,0,0,'',''),(371,0,'','*@myself.com',0,0,0,'',''),(372,0,'','*@insurer.com',0,0,0,'',''),(373,0,'','*@cs.com',0,0,0,'',''),(374,0,'','*@mindless.com',0,0,0,'',''),(375,0,'','*@w717.com',0,0,0,'',''),(376,0,'','*@atlaskit.com',0,0,0,'',''),(377,0,'','*@makeevka.biz',0,0,0,'',''),(378,0,'','*@bluebottle.com',0,0,0,'',''),(379,0,'','*@lugarus.com',0,0,0,'',''),(380,0,'','*@lviv.in',0,0,0,'',''),(381,0,'','*@tut.by',0,0,0,'',''),(382,0,'','*@cvportal.net',0,0,0,'',''),(383,0,'','*@hfslink.com',0,0,0,'',''),(384,0,'','*@avrilka.net',0,0,0,'',''),(385,0,'','*@bsuir.net',0,0,0,'',''),(386,0,'','*@musicfj.net',0,0,0,'',''),(387,0,'','*@zadonsk.net',0,0,0,'',''),(388,0,'','*@myalushta.net',0,0,0,'',''),(389,0,'','*@razvilki.net',0,0,0,'',''),(390,0,'','*@kremenchug.ws',0,0,0,'',''),(391,0,'','*@balabolov.net',0,0,0,'',''),(392,0,'','*@simferopol.krim.ws',0,0,0,'',''),(393,0,'','*@Swigh.com',0,0,0,'',''),(394,0,'','*@satka.net',0,0,0,'',''),(395,0,'','*@amorki.pl',0,0,0,'',''),(396,0,'','*@tourist-ua.com',0,0,0,'',''),(397,0,'','*@dzhankoy.net',0,0,0,'',''),(398,0,'','*@ua-net.biz',0,0,0,'',''),(399,0,'','*@poltava.name',0,0,0,'',''),(400,0,'','*@inerted.com',0,0,0,'',''),(401,0,'','*@tramick.com',0,0,0,'',''),(402,0,'','*@belltc.net',0,0,0,'',''),(403,0,'','*@hapened.com',0,0,0,'',''),(404,0,'','*@ralib.com',0,0,0,'',''),(405,0,'','*@rossia.su',0,0,0,'',''),(406,532,'','',0,0,0,'',''),(407,68,'','',0,0,0,'',''),(408,671,'','',0,0,0,'',''),(409,261,'','',0,0,0,'',''),(410,305,'','',0,0,0,'',''),(411,1538,'','',1223417836,0,0,'Nom d’utilisateur banni par l’intermédiaire de la gestion des utilisateurs','Envoi d\'image illicite.'),(412,1539,'','',1227816067,0,0,'Pollution et insultes.','Pollution et insultes.');

--
-- Table structure for table `phpbb_bbcodes`
--

CREATE TABLE `phpbb_bbcodes` (
  `bbcode_id` smallint(4) unsigned NOT NULL DEFAULT '0',
  `bbcode_tag` varchar(16) CHARACTER SET latin1 COLLATE latin1_bin NOT NULL DEFAULT '',
  `bbcode_helpline` varchar(255) CHARACTER SET latin1 COLLATE latin1_bin NOT NULL DEFAULT '',
  `display_on_posting` tinyint(1) unsigned NOT NULL DEFAULT '0',
  `bbcode_match` text NOT NULL,
  `bbcode_tpl` mediumtext NOT NULL,
  `first_pass_match` mediumtext NOT NULL,
  `first_pass_replace` mediumtext NOT NULL,
  `second_pass_match` mediumtext NOT NULL,
  `second_pass_replace` mediumtext NOT NULL,
  PRIMARY KEY (`bbcode_id`),
  KEY `display_on_post` (`display_on_posting`)
) ENGINE=MyISAM DEFAULT CHARSET=latin1;

--
-- Dumping data for table `phpbb_bbcodes`
--

INSERT INTO `phpbb_bbcodes` VALUES (13,'s','Barrer un texte : [s]texte[/s]',1,'[s]{TEXT}[/s]','<s>{TEXT}</s>','!\\[s\\](.*?)\\[/s\\]!ies','\'[s:$uid]\'.str_replace(array(\"\\r\\n\", \'\\\"\', \'\\\'\', \'(\', \')\'), array(\"\\n\", \'\"\', \'&#39;\', \'&#40;\', \'&#41;\'), trim(\'${1}\')).\'[/s:$uid]\'','!\\[s:$uid\\](.*?)\\[/s:$uid\\]!s','<s>${1}</s>'),(14,'spoiler','[spoiler]texte[/spoiler]',1,'[spoiler]{TEXT}[/spoiler]','<div style=\"margin:20px; margin-top:5px\">\n<div class=\"smallfont\" style=\"margin-bottom:2px\"><b>Spoiler!</b> : <input type=\"button\" value=\"Show\" style=\"width:45px;font-size:10px;margin:0px;padding:0px;\" onClick=\"if (this.parentNode.parentNode.getElementsByTagName(\'div\')[1].getElementsByTagName(\'div\')[0].style.display != \'\') { this.parentNode.parentNode.getElementsByTagName(\'div\')[1].getElementsByTagName(\'div\')[0].style.display = \'\';      this.innerText = \'\'; this.value = \'Hide\'; } else { this.parentNode.parentNode.getElementsByTagName(\'div\')[1].getElementsByTagName(\'div\')[0].style.display = \'none\'; this.innerText = \'\'; this.value = \'Show\'; }\">\n</div>\n<div class=\"alt2\" style=\"margin: 0px; padding: 6px; border: 1px inset;\">\n<div style=\"display: none;\">\n{TEXT}\n</div>\n</div>\n</div>','!\\[spoiler\\](.*?)\\[/spoiler\\]!ies','\'[spoiler:$uid]\'.str_replace(array(\"\\r\\n\", \'\\\"\', \'\\\'\', \'(\', \')\'), array(\"\\n\", \'\"\', \'&#39;\', \'&#40;\', \'&#41;\'), trim(\'${1}\')).\'[/spoiler:$uid]\'','!\\[spoiler:$uid\\](.*?)\\[/spoiler:$uid\\]!s','<div style=\"margin:20px; margin-top:5px\">\n<div class=\"smallfont\" style=\"margin-bottom:2px\"><b>Spoiler!</b> : <input type=\"button\" value=\"Show\" style=\"width:45px;font-size:10px;margin:0px;padding:0px;\" onClick=\"if (this.parentNode.parentNode.getElementsByTagName(\'div\')[1].getElementsByTagName(\'div\')[0].style.display != \'\') { this.parentNode.parentNode.getElementsByTagName(\'div\')[1].getElementsByTagName(\'div\')[0].style.display = \'\';      this.innerText = \'\'; this.value = \'Hide\'; } else { this.parentNode.parentNode.getElementsByTagName(\'div\')[1].getElementsByTagName(\'div\')[0].style.display = \'none\'; this.innerText = \'\'; this.value = \'Show\'; }\">\n</div>\n<div class=\"alt2\" style=\"margin: 0px; padding: 6px; border: 1px inset;\">\n<div style=\"display: none;\">\n${1}\n</div>\n</div>\n</div>'),(15,'center','Centrer du texte : [center]texte[/center]',1,'[center]{TEXT}[/center]','<center>{TEXT}</center>','!\\[center\\](.*?)\\[/center\\]!ies','\'[center:$uid]\'.str_replace(array(\"\\r\\n\", \'\\\"\', \'\\\'\', \'(\', \')\'), array(\"\\n\", \'\"\', \'&#39;\', \'&#40;\', \'&#41;\'), trim(\'${1}\')).\'[/center:$uid]\'','!\\[center:$uid\\](.*?)\\[/center:$uid\\]!s','<center>${1}</center>');

--
-- Table structure for table `phpbb_bookmarks`
--

CREATE TABLE `phpbb_bookmarks` (
  `topic_id` mediumint(8) unsigned NOT NULL DEFAULT '0',
  `user_id` mediumint(8) unsigned NOT NULL DEFAULT '0',
  PRIMARY KEY (`topic_id`,`user_id`)
) ENGINE=MyISAM DEFAULT CHARSET=latin1;

--
-- Dumping data for table `phpbb_bookmarks`
--

INSERT INTO `phpbb_bookmarks` VALUES (4230,123),(4294,19);

--
-- Table structure for table `phpbb_bots`
--

CREATE TABLE `phpbb_bots` (
  `bot_id` mediumint(8) unsigned NOT NULL AUTO_INCREMENT,
  `bot_active` tinyint(1) unsigned NOT NULL DEFAULT '1',
  `bot_name` varchar(255) CHARACTER SET latin1 COLLATE latin1_bin NOT NULL DEFAULT '',
  `user_id` mediumint(8) unsigned NOT NULL DEFAULT '0',
  `bot_agent` varchar(255) CHARACTER SET latin1 COLLATE latin1_bin NOT NULL DEFAULT '',
  `bot_ip` varchar(255) CHARACTER SET latin1 COLLATE latin1_bin NOT NULL DEFAULT '',
  PRIMARY KEY (`bot_id`),
  KEY `bot_active` (`bot_active`)
) ENGINE=MyISAM AUTO_INCREMENT=52 DEFAULT CHARSET=latin1;

--
-- Dumping data for table `phpbb_bots`
--

INSERT INTO `phpbb_bots` VALUES (1,1,'AdsBot [Google]',1479,'AdsBot-Google',''),(2,1,'Alexa [Bot]',1480,'ia_archiver',''),(3,1,'Alta Vista [Bot]',1481,'Scooter/',''),(4,1,'Ask Jeeves [Bot]',1482,'Ask Jeeves',''),(5,1,'Baidu [Spider]',1483,'Baiduspider+(',''),(6,1,'Exabot [Bot]',1484,'Exabot/',''),(7,1,'FAST Enterprise [Crawler]',1485,'FAST Enterprise Crawler',''),(8,1,'FAST WebCrawler [Crawler]',1486,'FAST-WebCrawler/',''),(9,1,'Francis [Bot]',1487,'http://www.neomo.de/',''),(10,1,'Gigabot [Bot]',1488,'Gigabot/',''),(11,1,'Google Adsense [Bot]',1489,'Mediapartners-Google',''),(12,1,'Google Desktop',1490,'Google Desktop',''),(13,1,'Google Feedfetcher',1491,'Feedfetcher-Google',''),(14,1,'Google [Bot]',1492,'Googlebot',''),(15,1,'Heise IT-Markt [Crawler]',1493,'heise-IT-Markt-Crawler',''),(16,1,'Heritrix [Crawler]',1494,'heritrix/1.',''),(17,1,'IBM Research [Bot]',1495,'ibm.com/cs/crawler',''),(18,1,'ICCrawler - ICjobs',1496,'ICCrawler - ICjobs',''),(19,1,'ichiro [Crawler]',1497,'ichiro/',''),(20,1,'Majestic-12 [Bot]',1498,'MJ12bot/',''),(21,1,'Metager [Bot]',1499,'MetagerBot/',''),(22,1,'MSN NewsBlogs',1500,'msnbot-NewsBlogs/',''),(23,1,'MSN [Bot]',1501,'msnbot/',''),(24,1,'MSNbot Media',1502,'msnbot-media/',''),(25,1,'NG-Search [Bot]',1503,'NG-Search/',''),(26,1,'Nutch [Bot]',1504,'http://lucene.apache.org/nutch/',''),(27,1,'Nutch/CVS [Bot]',1505,'NutchCVS/',''),(28,1,'OmniExplorer [Bot]',1506,'OmniExplorer_Bot/',''),(29,1,'Online link [Validator]',1507,'online link validator',''),(30,1,'psbot [Picsearch]',1508,'psbot/0',''),(31,1,'Seekport [Bot]',1509,'Seekbot/',''),(32,1,'Sensis [Crawler]',1510,'Sensis Web Crawler',''),(33,1,'SEO Crawler',1511,'SEO search Crawler/',''),(34,1,'Seoma [Crawler]',1512,'Seoma [SEO Crawler]',''),(35,1,'SEOSearch [Crawler]',1513,'SEOsearch/',''),(36,1,'Snappy [Bot]',1514,'Snappy/1.1 ( http://www.urltrends.com/ )',''),(37,1,'Steeler [Crawler]',1515,'http://www.tkl.iis.u-tokyo.ac.jp/~crawler/',''),(38,1,'Synoo [Bot]',1516,'SynooBot/',''),(39,1,'Telekom [Bot]',1517,'crawleradmin.t-info@telekom.de',''),(40,1,'TurnitinBot [Bot]',1518,'TurnitinBot/',''),(41,1,'Voyager [Bot]',1519,'voyager/1.0',''),(42,1,'W3 [Sitesearch]',1520,'W3 SiteSearch Crawler',''),(43,1,'W3C [Linkcheck]',1521,'W3C-checklink/',''),(44,1,'W3C [Validator]',1522,'W3C_*Validator',''),(45,1,'WiseNut [Bot]',1523,'http://www.WISEnutbot.com',''),(46,1,'YaCy [Bot]',1524,'yacybot',''),(47,1,'Yahoo MMCrawler [Bot]',1525,'Yahoo-MMCrawler/',''),(48,1,'Yahoo Slurp [Bot]',1526,'Yahoo! DE Slurp',''),(49,1,'Yahoo [Bot]',1527,'Yahoo! Slurp',''),(50,1,'YahooSeeker [Bot]',1528,'YahooSeeker/',''),(51,1,'Bing [Bot]',1556,'bingbot/','');

--
-- Table structure for table `phpbb_config`
--

CREATE TABLE `phpbb_config` (
  `config_name` varchar(255) CHARACTER SET latin1 COLLATE latin1_bin NOT NULL DEFAULT '',
  `config_value` varchar(255) CHARACTER SET latin1 COLLATE latin1_bin NOT NULL DEFAULT '',
  `is_dynamic` tinyint(1) unsigned NOT NULL DEFAULT '0',
  PRIMARY KEY (`config_name`),
  KEY `is_dynamic` (`is_dynamic`)
) ENGINE=MyISAM DEFAULT CHARSET=latin1;

--
-- Dumping data for table `phpbb_config`
--

INSERT INTO `phpbb_config` VALUES ('active_sessions','0',0),('allow_attachments','0',0),('allow_autologin','1',0),('allow_avatar_local','1',0),('allow_avatar_remote','1',0),('allow_avatar_upload','0',0),('allow_bbcode','1',0),('allow_birthdays','1',0),('allow_bookmarks','1',0),('allow_emailreuse','0',0),('allow_forum_notify','1',0),('allow_mass_pm','1',0),('allow_name_chars','USERNAME_ASCII',0),('allow_namechange','0',0),('allow_nocensors','0',0),('allow_pm_attach','0',0),('allow_post_flash','0',0),('allow_post_links','1',0),('allow_privmsg','1',0),('allow_sig','1',0),('allow_sig_bbcode','1',0),('allow_sig_flash','0',0),('allow_sig_img','1',0),('allow_sig_links','1',0),('allow_sig_pm','1',0),('allow_sig_smilies','1',0),('allow_smilies','1',0),('allow_topic_notify','1',0),('attachment_quota','52428800',0),('auth_bbcode_pm','1',0),('auth_flash_pm','0',0),('auth_img_pm','1',0),('auth_method','db',0),('auth_smilies_pm','1',0),('avatar_filesize','10485760',0),('avatar_gallery_path','images/avatars/gallery',0),('avatar_max_height','500',0),('avatar_max_width','200',0),('avatar_min_height','20',0),('avatar_min_width','20',0),('avatar_path','images/avatars/upload',0),('avatar_salt','8f96760ffb65ce154d2f2354fbe7101e',0),('board_contact','dragonnoir000@hotmail.com',0),('board_disable','0',0),('board_disable_msg','',0),('board_dst','1',0),('board_email','dragonnoir000@hotmail.com',0),('board_email_form','1',0),('board_email_sig','La Loge des Eltarques, à la tête d\'Eltanin, vous remercie par avance de l\'attention que vous porterez à cette missive.',0),('board_hide_emails','1',0),('board_timezone','1',0),('browser_check','1',0),('bump_interval','10',0),('bump_type','d',0),('cache_gc','7200',0),('captcha_gd','1',0),('captcha_gd_foreground_noise','0',0),('captcha_gd_x_grid','25',0),('captcha_gd_y_grid','25',0),('check_dnsbl','0',0),('chg_passforce','0',0),('cookie_domain','127.0.0.1',0),('cookie_name','phpbb3_cersg',0),('cookie_path','/',0),('cookie_secure','0',0),('coppa_enable','0',0),('coppa_fax','',0),('coppa_mail','',0),('database_gc','604800',0),('default_dateformat','d M Y, H:i',0),('default_style','2',0),('display_last_edited','1',0),('display_order','0',0),('edit_time','0',0),('email_check_mx','1',0),('email_enable','1',0),('email_function_name','mail',0),('email_package_size','20',0),('enable_confirm','1',0),('enable_pm_icons','1',0),('enable_post_confirm','1',0),('flood_interval','60',0),('force_server_vars','0',0),('form_token_lifetime','7200',0),('form_token_mintime','0',0),('form_token_sid_guests','1',0),('forward_pm','1',0),('forwarded_for_check','0',0),('full_folder_action','2',0),('fulltext_mysql_max_word_len','254',0),('fulltext_mysql_min_word_len','4',0),('fulltext_native_common_thres','5',0),('fulltext_native_load_upd','1',0),('fulltext_native_max_chars','14',0),('fulltext_native_min_chars','3',0),('gzip_compress','0',0),('hot_threshold','50',0),('icons_path','images/icons',0),('img_create_thumbnail','0',0),('img_display_inlined','1',0),('img_imagick','',0),('img_link_height','0',0),('img_link_width','0',0),('img_max_height','0',0),('img_max_thumb_width','400',0),('img_max_width','0',0),('img_min_thumb_filesize','12000',0),('ip_check','3',0),('jab_enable','0',0),('jab_host','',0),('jab_password','',0),('jab_package_size','20',0),('jab_port','5222',0),('jab_use_ssl','0',0),('jab_username','',0),('ldap_base_dn','',0),('ldap_email','',0),('ldap_password','',0),('ldap_port','',0),('ldap_server','',0),('ldap_uid','',0),('ldap_user','',0),('ldap_user_filter','',0),('limit_load','0',0),('limit_search_load','0',0),('load_anon_lastread','0',0),('load_birthdays','1',0),('load_cpf_memberlist','0',0),('load_cpf_viewprofile','1',0),('load_cpf_viewtopic','0',0),('load_db_lastread','1',0),('load_db_track','1',0),('load_jumpbox','1',0),('load_moderators','1',0),('load_online','1',0),('load_online_guests','1',0),('load_online_time','5',0),('load_onlinetrack','1',0),('load_search','1',0),('load_tplcompile','0',0),('load_user_activity','1',0),('max_attachments','3',0),('max_attachments_pm','1',0),('max_autologin_time','0',0),('max_filesize','262144',0),('max_filesize_pm','262144',0),('max_login_attempts','3',0),('max_name_chars','20',0),('max_pass_chars','30',0),('max_poll_options','99',0),('max_post_chars','60000',0),('max_post_font_size','200',0),('max_post_img_height','0',0),('max_post_img_width','0',0),('max_post_smilies','0',0),('max_post_urls','0',0),('max_quote_depth','3',0),('max_reg_attempts','5',0),('max_sig_chars','9999',0),('max_sig_font_size','200',0),('max_sig_img_height','0',0),('max_sig_img_width','0',0),('max_sig_smilies','0',0),('max_sig_urls','5',0),('min_name_chars','3',0),('min_pass_chars','6',0),('min_search_author_chars','3',0),('min_time_reg','0',0),('min_time_terms','0',0),('override_user_style','0',0),('pass_complex','PASS_TYPE_ANY',0),('pm_edit_time','0',0),('pm_max_boxes','4',0),('pm_max_msgs','50',0),('posts_per_page','15',0),('print_pm','1',0),('queue_interval','60',0),('ranks_path','images/ranks',0),('require_activation','0',0),('script_path','/eltanin/forum/',0),('search_block_size','250',0),('search_gc','7200',0),('search_indexing_state','',1),('search_interval','0',0),('search_anonymous_interval','0',0),('search_type','fulltext_native',0),('search_store_results','1800',0),('secure_allow_deny','1',0),('secure_allow_empty_referer','1',0),('secure_downloads','0',0),('server_name','www.pantagrame.com',0),('server_port','80',0),('server_protocol','http://',0),('session_gc','3600',0),('session_length','3600',0),('site_desc','En cours de rénovation - Problèmes techniques à tous les étages',0),('sitename','Eltanin',0),('smilies_path','images/smilies',0),('smtp_auth_method','PLAIN',0),('smtp_delivery','0',0),('smtp_host','ns0.ovh.net',0),('smtp_password','',0),('smtp_port','25',0),('smtp_username','',0),('topics_per_page','50',0),('tpl_allow_php','0',0),('upload_icons_path','images/upload_icons',0),('upload_path','files',0),('version','3.0.10',0),('warnings_expire_days','90',0),('warnings_gc','14400',0),('cache_last_gc','1336753169',1),('cron_lock','0',1),('database_last_gc','1336503382',1),('last_queue_run','1336753622',1),('newest_user_colour','',1),('newest_user_id','1555',1),('newest_username','Eflez',1),('num_files','8',1),('num_posts','50217',1),('num_topics','2773',1),('num_users','281',1),('rand_seed','77053761ef559fb8307d9a99b75d75d2',1),('rand_seed_last_update','1336754382',1),('record_online_date','1190403657',1),('record_online_users','57',1),('search_last_gc','1336753176',1),('session_last_gc','1336753178',1),('upload_dir_size','1838913',1),('warnings_last_gc','1336743761',1),('board_startdate','1083106055',0),('default_lang','fr',0),('increment_user_id','0',1),('dbms_version','MySQL(i) 5.1.49-3-log',0),('referer_validation','1',0),('check_attachment_content','1',0),('mime_triggers','body|head|html|img|plaintext|a href|pre|script|table|title',0),('captcha_gd_wave','0',0),('version_update_from','3.0.2',0),('enable_queue_trigger','0',0),('queue_trigger_posts','3',0),('pm_max_recipients','0',0),('captcha_gd_3d_noise','1',0),('captcha_gd_fonts','1',0),('confirm_refresh','1',0),('max_num_search_keywords','10',0),('captcha_plugin','phpbb_recaptcha',0),('feed_enable','0',0),('feed_limit','10',0),('feed_overall_forums','1',0),('feed_overall_forums_limit','15',0),('feed_overall_topics','0',0),('feed_overall_topics_limit','15',0),('feed_forum','1',0),('feed_topic','1',0),('feed_item_statistics','1',0),('smilies_per_page','50',0),('allow_pm_report','1',0),('new_member_post_limit','0',0),('new_member_group_default','0',0),('allow_avatar','1',0),('allow_avatar_remote_upload','0',0),('min_post_chars','1',0),('allow_quick_reply','1',0),('delete_time','0',0),('feed_overall','1',0),('feed_http_auth','0',0),('feed_limit_post','10',0),('feed_limit_topic','15',0),('feed_topics_new','0',0),('feed_topics_active','0',0),('load_unreads_search','1',0),('ip_login_limit_max','50',0),('ip_login_limit_time','21600',0),('ip_login_limit_use_forwarded','0',0),('email_max_chunk_size','50',0),('recaptcha_pubkey','6Lc1VtESAAAAAG0dyx2x2cBaLqiO5hCFWvZDcf-u',0),('recaptcha_privkey','6Lc1VtESAAAAALMIey2smWd35tu6_QjVhmYrIBst',0);

--
-- Table structure for table `phpbb_confirm`
--

CREATE TABLE `phpbb_confirm` (
  `confirm_id` varchar(32) CHARACTER SET latin1 COLLATE latin1_bin NOT NULL DEFAULT '',
  `session_id` varchar(32) CHARACTER SET latin1 COLLATE latin1_bin NOT NULL DEFAULT '',
  `confirm_type` tinyint(3) NOT NULL DEFAULT '0',
  `code` varchar(8) CHARACTER SET latin1 COLLATE latin1_bin NOT NULL DEFAULT '',
  `seed` int(10) unsigned NOT NULL DEFAULT '0',
  `attempts` mediumint(8) unsigned NOT NULL DEFAULT '0',
  PRIMARY KEY (`session_id`,`confirm_id`),
  KEY `confirm_type` (`confirm_type`)
) ENGINE=MyISAM DEFAULT CHARSET=latin1;

--
-- Dumping data for table `phpbb_confirm`
--

INSERT INTO `phpbb_confirm` VALUES ('8f01b7a52e0a40fdaa73abf92351bd5a','c91fcde0062148d9096f0c1b479f6806',1,'6JP7MPE',1104239027,0),('0b50635704611acb42e30cde333cb23b','c91fcde0062148d9096f0c1b479f6806',1,'6N9N6T',2041479270,0),('2b383ceb7392d5272564872a63e8c996','af110061907442f7578e88787ad699d9',1,'3EUA8I',157485009,4);

--
-- Table structure for table `phpbb_disallow`
--

CREATE TABLE `phpbb_disallow` (
  `disallow_id` mediumint(8) unsigned NOT NULL AUTO_INCREMENT,
  `disallow_username` varchar(255) CHARACTER SET latin1 COLLATE latin1_bin NOT NULL DEFAULT '',
  PRIMARY KEY (`disallow_id`)
) ENGINE=MyISAM AUTO_INCREMENT=49 DEFAULT CHARSET=latin1;

--
-- Dumping data for table `phpbb_disallow`
--

INSERT INTO `phpbb_disallow` VALUES (1,'%anonymous%'),(2,'%besthotman%'),(3,'%casino%'),(4,'%gratis%'),(5,'%hardcore%'),(6,'%porn%'),(7,'%prozac%'),(8,'%viagra%'),(9,'africaman'),(10,'AlexCoppas'),(11,'Audi0Spy'),(12,'Bertmark'),(13,'bgz'),(14,'btapixon'),(15,'Demon2732'),(16,'Emmochka'),(17,'Gina Ejiofor'),(18,'gosotmepos'),(19,'gratis-casino'),(20,'Ian Broadbent'),(21,'Jessica Richardson'),(22,'jmatthewsmw'),(23,'jtfoe%'),(24,'kostenlose-klingeltoene'),(25,'lexe2007'),(26,'MannoFr'),(27,'microolap'),(28,'Ninel2006aZ'),(29,'Nolionosz'),(30,'OlyaFirst'),(31,'Opankis'),(32,'oshawve'),(33,'Pit Hanbod'),(34,'publock'),(35,'Robinbobin'),(36,'rollerblades'),(37,'Russell Speer'),(38,'RussianLolita'),(39,'Spiffy Hollis'),(40,'squirreltm'),(41,'TomSpenda'),(42,'vidihol'),(43,'Warren Phoenix'),(44,'woman_from_france'),(45,'WormX__%'),(46,'xgoj'),(47,'xjoanna'),(48,'xtenchsoft');

--
-- Table structure for table `phpbb_drafts`
--

CREATE TABLE `phpbb_drafts` (
  `draft_id` mediumint(8) unsigned NOT NULL AUTO_INCREMENT,
  `user_id` mediumint(8) unsigned NOT NULL DEFAULT '0',
  `topic_id` mediumint(8) unsigned NOT NULL DEFAULT '0',
  `forum_id` mediumint(8) unsigned NOT NULL DEFAULT '0',
  `save_time` int(11) unsigned NOT NULL DEFAULT '0',
  `draft_subject` varchar(255) NOT NULL DEFAULT '',
  `draft_message` mediumtext NOT NULL,
  PRIMARY KEY (`draft_id`),
  KEY `save_time` (`save_time`)
) ENGINE=MyISAM AUTO_INCREMENT=4 DEFAULT CHARSET=latin1;

--
-- Dumping data for table `phpbb_drafts`
--

INSERT INTO `phpbb_drafts` VALUES (1,216,4082,18,1208345897,'Re: Migration vers phpBB3.','Je ne suis pas convaincu par le résultat ...... Para illeurs, je ne vois pas les fonctions d\'accès aux messages non lus et à la réponse rapide ..... \n\nCe doit être une erreur de ma part ..........\n\n\nJe suis sur que je m\' habituerais'),(2,269,0,58,1210017995,'Le Topic des adorateurs de Mechas','[b][size=150]Attention tous le monde ! Le grand jeux va commencer ![/size]\nLe but ? Trouver le noms du plus grand nombre de Mechas ressemblant aux Mechas &quot;Types&quot; que j\'utilise pour dans le &quot;M3ch4 G4m|/\\|3 Pr0j3c7&quot; que j\'ai imaginé[/b] (en précisant leur série d\'origine)\n\nNon humanoïde :\n- Tank (Camp A : flottant, lent / Camp B : Volant, rapide, peut maniable)\n- L\'éclaireur (Roulant, peu blindé)\n\nHumanoïde :\n\nSniper\n-- Camp A : Modèle de base, il peut charger son Canon-laser-longue-portée en 10 secondes. (tirs un laser continu durant 4 secondes puis se reffroidie)\n-- Camp B : Modèle léger original conçut sur appel d\'offre, il est équipé d\'un Railgun longue portée.\n- (Option concernant les deux camps) Jet-pack\n\nBasic\n-- Camp A : Dérivé plus blindé du modèle de base\n-- Camp B : &quot;Non définie pour le moment&quot; probablement juste un modèle original\n- Jet-pack, munitions suplémentaires\n\nEnforcer\n--'),(3,269,923,52,1212045319,'Re: Les maledictions','Maintenant que je vois ça, je me demande si le terme &quot;Entité supérieure&quot; ne devrait pas être &quot;Entité Singulière&quot;\nhttp://dictionnaire.mediadico.com/traduction/dictionnaire.asp/definition/singuli%E8re/2007\n\nAprès tous je pense que cette &quot;chose&quot; qui est a l\'origine de (cet?) Univers, est bien une Singularité, les Trou Noir fond disparaitre la matière, &quot;lui&quot; la fait apparaitre.\n\n[size=20](on peut aussi l\'appeler Haruhi Suzumiya ...)[/size]\n\nPour revenir au sujet, pour moi, croire que l\'on est maudit, frappé par une malédiction ...etc, est un simple placebo.\n(qui sous-entend aussi qu\'une personne/entité en est a l\'origine).\n\nEt après il y à les malédictions dont parle Khaine Dragonheart, les morts(fantôme) qui animé par une envie de vengeance (et surtout par nos propre pulsions/peur/envie inconscientes de les voir revivre) hantent toute sortes d\'endroit et d\'objet.\n\nÇa c\'est comme je viens de le dire, psychologique.\n\nMais, on adore tous ce genre d\'histoire quant on est capable de faire la part des choses.');

--
-- Table structure for table `phpbb_extension_groups`
--

CREATE TABLE `phpbb_extension_groups` (
  `group_id` mediumint(8) unsigned NOT NULL AUTO_INCREMENT,
  `group_name` varchar(255) CHARACTER SET latin1 COLLATE latin1_bin NOT NULL DEFAULT '',
  `cat_id` tinyint(2) NOT NULL DEFAULT '0',
  `allow_group` tinyint(1) unsigned NOT NULL DEFAULT '0',
  `download_mode` tinyint(1) unsigned NOT NULL DEFAULT '1',
  `upload_icon` varchar(255) CHARACTER SET latin1 COLLATE latin1_bin NOT NULL DEFAULT '',
  `max_filesize` int(20) unsigned NOT NULL DEFAULT '0',
  `allowed_forums` text NOT NULL,
  `allow_in_pm` tinyint(1) unsigned NOT NULL DEFAULT '0',
  PRIMARY KEY (`group_id`)
) ENGINE=MyISAM AUTO_INCREMENT=10 DEFAULT CHARSET=latin1;

--
-- Dumping data for table `phpbb_extension_groups`
--

INSERT INTO `phpbb_extension_groups` VALUES (1,'IMAGES',1,1,1,'',0,'',0),(2,'ARCHIVES',0,1,1,'',0,'',0),(3,'PLAIN_TEXT',0,0,1,'',0,'',0),(4,'DOCUMENTS',0,0,1,'',0,'',0),(5,'REAL_MEDIA',3,0,1,'',0,'',0),(6,'WINDOWS_MEDIA',2,0,1,'',0,'',0),(7,'FLASH_FILES',5,0,1,'',0,'',0),(8,'QUICKTIME_MEDIA',6,0,1,'',0,'',0),(9,'DOWNLOADABLE_FILES',0,0,1,'',0,'',0);

--
-- Table structure for table `phpbb_extensions`
--

CREATE TABLE `phpbb_extensions` (
  `extension_id` mediumint(8) unsigned NOT NULL AUTO_INCREMENT,
  `group_id` mediumint(8) unsigned NOT NULL DEFAULT '0',
  `extension` varchar(100) CHARACTER SET latin1 COLLATE latin1_bin NOT NULL DEFAULT '',
  PRIMARY KEY (`extension_id`)
) ENGINE=MyISAM AUTO_INCREMENT=67 DEFAULT CHARSET=latin1;

--
-- Dumping data for table `phpbb_extensions`
--

INSERT INTO `phpbb_extensions` VALUES (1,1,'gif'),(2,1,'png'),(3,1,'jpeg'),(4,1,'jpg'),(5,1,'tif'),(6,1,'tiff'),(7,1,'tga'),(8,2,'gtar'),(9,2,'gz'),(10,2,'tar'),(11,2,'zip'),(12,2,'rar'),(13,2,'ace'),(14,2,'torrent'),(15,2,'tgz'),(16,2,'bz2'),(17,2,'7z'),(18,3,'txt'),(19,3,'c'),(20,3,'h'),(21,3,'cpp'),(22,3,'hpp'),(23,3,'diz'),(24,3,'csv'),(25,3,'ini'),(26,3,'log'),(27,3,'js'),(28,3,'xml'),(29,4,'xls'),(30,4,'xlsx'),(31,4,'xlsm'),(32,4,'xlsb'),(33,4,'doc'),(34,4,'docx'),(35,4,'docm'),(36,4,'dot'),(37,4,'dotx'),(38,4,'dotm'),(39,4,'pdf'),(40,4,'ai'),(41,4,'ps'),(42,4,'ppt'),(43,4,'pptx'),(44,4,'pptm'),(45,4,'odg'),(46,4,'odp'),(47,4,'ods'),(48,4,'odt'),(49,4,'rtf'),(50,5,'rm'),(51,5,'ram'),(52,6,'wma'),(53,6,'wmv'),(54,7,'swf'),(55,8,'mov'),(56,8,'m4v'),(57,8,'m4a'),(58,8,'mp4'),(59,8,'3gp'),(60,8,'3g2'),(61,8,'qt'),(62,9,'mpeg'),(63,9,'mpg'),(64,9,'mp3'),(65,9,'ogg'),(66,9,'ogm');

--
-- Table structure for table `phpbb_forums`
--

CREATE TABLE `phpbb_forums` (
  `forum_id` mediumint(8) unsigned NOT NULL AUTO_INCREMENT,
  `parent_id` mediumint(8) unsigned NOT NULL DEFAULT '0',
  `left_id` mediumint(8) unsigned NOT NULL DEFAULT '0',
  `right_id` mediumint(8) unsigned NOT NULL DEFAULT '0',
  `forum_parents` mediumtext NOT NULL,
  `forum_name` varchar(255) CHARACTER SET latin1 COLLATE latin1_bin NOT NULL DEFAULT '',
  `forum_desc` text NOT NULL,
  `forum_desc_bitfield` varchar(255) CHARACTER SET latin1 COLLATE latin1_bin NOT NULL DEFAULT '',
  `forum_desc_options` int(11) unsigned NOT NULL DEFAULT '7',
  `forum_desc_uid` varchar(8) CHARACTER SET latin1 COLLATE latin1_bin NOT NULL DEFAULT '',
  `forum_link` varchar(255) CHARACTER SET latin1 COLLATE latin1_bin NOT NULL DEFAULT '',
  `forum_password` varchar(40) CHARACTER SET latin1 COLLATE latin1_bin NOT NULL DEFAULT '',
  `forum_style` mediumint(8) unsigned NOT NULL DEFAULT '0',
  `forum_image` varchar(255) CHARACTER SET latin1 COLLATE latin1_bin NOT NULL DEFAULT '',
  `forum_rules` text NOT NULL,
  `forum_rules_link` varchar(255) CHARACTER SET latin1 COLLATE latin1_bin NOT NULL DEFAULT '',
  `forum_rules_bitfield` varchar(255) CHARACTER SET latin1 COLLATE latin1_bin NOT NULL DEFAULT '',
  `forum_rules_options` int(11) unsigned NOT NULL DEFAULT '7',
  `forum_rules_uid` varchar(8) CHARACTER SET latin1 COLLATE latin1_bin NOT NULL DEFAULT '',
  `forum_topics_per_page` tinyint(4) NOT NULL DEFAULT '0',
  `forum_type` tinyint(4) NOT NULL DEFAULT '0',
  `forum_status` tinyint(4) NOT NULL DEFAULT '0',
  `forum_posts` mediumint(8) unsigned NOT NULL DEFAULT '0',
  `forum_topics` mediumint(8) unsigned NOT NULL DEFAULT '0',
  `forum_topics_real` mediumint(8) unsigned NOT NULL DEFAULT '0',
  `forum_last_post_id` mediumint(8) unsigned NOT NULL DEFAULT '0',
  `forum_last_poster_id` mediumint(8) unsigned NOT NULL DEFAULT '0',
  `forum_last_post_subject` varchar(255) NOT NULL DEFAULT '',
  `forum_last_post_time` int(11) unsigned NOT NULL DEFAULT '0',
  `forum_last_poster_name` varchar(255) CHARACTER SET latin1 COLLATE latin1_bin NOT NULL DEFAULT '',
  `forum_last_poster_colour` varchar(6) CHARACTER SET latin1 COLLATE latin1_bin NOT NULL DEFAULT '',
  `forum_flags` tinyint(4) NOT NULL DEFAULT '32',
  `display_subforum_list` tinyint(1) unsigned NOT NULL DEFAULT '1',
  `display_on_index` tinyint(1) unsigned NOT NULL DEFAULT '1',
  `enable_indexing` tinyint(1) unsigned NOT NULL DEFAULT '1',
  `enable_icons` tinyint(1) unsigned NOT NULL DEFAULT '1',
  `enable_prune` tinyint(1) unsigned NOT NULL DEFAULT '0',
  `prune_next` int(11) unsigned NOT NULL DEFAULT '0',
  `prune_days` mediumint(8) unsigned NOT NULL DEFAULT '0',
  `prune_viewed` mediumint(8) unsigned NOT NULL DEFAULT '0',
  `prune_freq` mediumint(8) unsigned NOT NULL DEFAULT '0',
  `forum_options` int(20) unsigned NOT NULL DEFAULT '0',
  PRIMARY KEY (`forum_id`),
  KEY `left_right_id` (`left_id`,`right_id`),
  KEY `forum_lastpost_id` (`forum_last_post_id`)
) ENGINE=MyISAM AUTO_INCREMENT=89 DEFAULT CHARSET=latin1;

--
-- Dumping data for table `phpbb_forums`
--

INSERT INTO `phpbb_forums` VALUES (64,0,1,26,'','Le centre-ville','','',7,'','','',0,'','','','',7,'',0,0,0,0,0,0,0,0,'',0,'','',96,1,1,1,1,0,0,0,0,0,0),(65,0,27,40,'','Des mondes et merveilles','','',7,'','','',0,'','','','',7,'',0,0,0,0,0,0,0,0,'',0,'','',96,1,1,1,1,0,0,0,0,0,0),(66,64,10,19,'a:1:{i:64;a:2:{i:0;s:15:\"Le centre-ville\";i:1;i:0;}}','Les Jeux de Rôle','','',7,'','','',0,'','','','',7,'',0,1,0,276,35,35,77988,1555,'Re: C A R T H L A N D E R',1247042305,'Eflez','',112,1,1,1,1,0,0,0,0,0,0),(67,0,41,58,'','La culture','','',7,'','','',0,'','','','',7,'',0,0,0,0,0,0,0,0,'',0,'','',96,1,1,1,1,0,0,0,0,0,0),(69,0,73,80,'','Corps et âme','','',7,'','','',0,'','','','',7,'',0,0,0,0,0,0,0,0,'',0,'','',96,1,1,1,1,0,0,0,0,0,0),(70,0,81,88,'','La Tour d\'Administration','','',7,'','','',0,'','','','',7,'',0,0,0,0,0,0,0,0,'',0,'','',96,1,1,1,1,0,0,0,0,0,0),(18,64,2,3,'a:1:{i:64;a:2:{i:0;s:15:\"Le centre-ville\";i:1;i:0;}}','Discussion générale','','',7,'','','',0,'','','','',7,'',0,1,0,3342,78,78,78115,325,'Re: L\'indispensable.',1336753476,'Oui-Wee','',98,1,1,1,0,0,0,0,0,0,0),(26,64,4,5,'a:1:{i:64;a:2:{i:0;s:15:\"Le centre-ville\";i:1;i:0;}}','Les Réunions','Les Eltanhirs se réunissent parfois dans la réalité ; ces rencontres se déterminent dans cet endroit paisible.\r\nOn trouve également là divers témoignages et documents décrivant les Réunions Eltanin précédentes.','',7,'','','',0,'','','','',7,'',0,1,0,1578,47,47,77822,1552,'Re: Réunion Eltanin 11.1',1240615238,'lj2mk1','',98,1,1,1,0,0,0,0,0,0,0),(58,64,6,7,'a:1:{i:64;a:2:{i:0;s:15:\"Le centre-ville\";i:1;i:0;}}','Le Jardin Sauvage','','',7,'','','',0,'','','','',7,'',0,1,0,2700,68,68,78106,3,'Re: Résurrection - quatrième (?) édition',1336711716,'Raphychou','AA0000',98,1,1,1,0,0,0,0,0,0,0),(19,69,78,79,'a:1:{i:69;a:2:{i:0;s:13:\"Corps et âme\";i:1;i:0;}}','Les débats philosophiques','En ces lieux se tiennent des réflexions poussées.','',7,'','','',0,'','','','',7,'',0,1,0,1242,92,92,77579,216,'Re: Homosexualité et narcissisme',1237649309,'Morgan Kane','',98,1,1,1,0,0,0,0,0,0,0),(59,64,8,9,'a:1:{i:64;a:2:{i:0;s:15:\"Le centre-ville\";i:1;i:0;}}','Les petites annonces','Vendez, achetez, recherchez...','',7,'','','',0,'','','','',7,'',0,1,0,90,12,12,77629,3,'Re: URGENT appel aux courts métrages',1238351756,'Raphaël Lafarge','AA0000',98,1,1,1,0,0,0,0,0,0,0),(55,65,36,37,'a:1:{i:65;a:2:{i:0;s:24:\"Des mondes et merveilles\";i:1;i:0;}}','Le sanctuaire','En cet endroit, les Eltanhirs s\'entretiennent des personnes et personnages qu\'ils aiment.','',7,'','','',0,'','','','',7,'',0,1,0,255,41,41,77310,161,'Re: Nicolas Sarkozy',1233057019,'Yves','',98,1,1,1,0,0,0,0,0,0,0),(84,64,20,25,'a:1:{i:64;a:2:{i:0;s:15:\"Le centre-ville\";i:1;i:0;}}','Les archives','Ici se trouve le passé du forum... Nul feuillet d\'antan ne s\'échappe de ces lieux, et là sont préservés certains des grands moments de la communauté.','',7,'','','',0,'','','','',7,'',0,1,0,0,0,0,0,0,'',0,'','',96,1,1,1,0,0,0,7,7,1,0),(85,84,23,24,'a:2:{i:64;a:2:{i:0;s:15:\"Le centre-ville\";i:1;i:0;}i:84;a:2:{i:0;s:12:\"Les archives\";i:1;i:1;}}','Les archives diverses','','',7,'','','',0,'','','','',7,'',0,1,0,19313,203,203,77994,161,'Re: Eflez (Ã  prononcer Ã©flÃ©)',1247265043,'Yves','',96,1,1,1,0,0,0,7,7,1,0),(83,84,21,22,'a:2:{i:64;a:2:{i:0;s:15:\"Le centre-ville\";i:1;i:0;}i:84;a:2:{i:0;s:12:\"Les archives\";i:1;i:1;}}','Les archives administratives','','',7,'','','',0,'','','','',7,'',0,1,0,1259,55,55,77958,161,'Re: RÃ©union Eltanin 12',1246158554,'Yves','',96,1,1,1,0,0,0,7,7,1,0),(56,66,11,12,'a:2:{i:64;a:2:{i:0;s:15:\"Le centre-ville\";i:1;i:0;}i:66;a:2:{i:0;s:17:\"Les Jeux de Rôle\";i:1;i:1;}}','Le Jeu de Rôle (sur table, grandeur nature, cartes...)','','',7,'','','',0,'','','','',7,'',0,1,0,0,0,0,0,0,'',0,'','',114,1,1,1,0,0,0,0,0,0,0),(23,66,15,16,'a:2:{i:64;a:2:{i:0;s:15:\"Le centre-ville\";i:1;i:0;}i:66;a:2:{i:0;s:17:\"Les Jeux de Rôle\";i:1;i:1;}}','Les suggestions, règles et fiches de JDR','','',7,'','','',0,'','','','',7,'',0,1,0,672,127,127,69749,325,'',1197500952,'Oui-Wee','',98,1,1,1,0,0,0,0,0,0,0),(24,66,17,18,'a:2:{i:64;a:2:{i:0;s:15:\"Le centre-ville\";i:1;i:0;}i:66;a:2:{i:0;s:17:\"Les Jeux de Rôle\";i:1;i:1;}}','JDR et duels','','',7,'','','',0,'','','','',7,'',0,1,0,3267,20,20,64663,269,'',1189192589,'Tribersman','',98,1,1,1,0,0,0,0,0,0,0),(54,70,82,83,'a:1:{i:70;a:2:{i:0;s:24:\"La Tour d\'Administration\";i:1;i:0;}}','Le balcon du Conseil','','',7,'','','',0,'','','','',7,'',0,1,0,714,86,86,77998,3,'Re: &lt;3',1336508362,'Raphychou','AA0000',98,1,1,1,0,0,0,0,0,0,0),(40,70,84,85,'a:1:{i:70;a:2:{i:0;s:24:\"La Tour d\'Administration\";i:1;i:0;}}','La décharge municipale','','',7,'','','',0,'','','','',7,'',0,1,0,1005,226,226,77515,3,'Re: Les ChimÃ¨res de Mirinar',1236168960,'Raphychou','AA0000',98,1,1,1,0,0,0,0,0,0,0),(17,70,86,87,'a:1:{i:70;a:2:{i:0;s:24:\"La Tour d\'Administration\";i:1;i:0;}}','Nos sites [SECTION INVISIBLE, EN ATTENTE]','','',7,'','','',0,'','','','',7,'',0,1,0,489,72,72,72506,34,'Forum RP Anges démons et sorcelleries',1206119240,'Ozmaestro','',98,1,1,1,0,0,0,0,0,0,0),(52,65,30,31,'a:1:{i:65;a:2:{i:0;s:24:\"Des mondes et merveilles\";i:1;i:0;}}','Les sciences','','',7,'','','',0,'','','','',7,'',0,1,0,568,66,66,77979,347,'Re: Le prince des camÃ©lÃ©ons, le Furcifer Pardalis',1246832538,'Khaine Dragonheart','',98,1,1,1,0,0,0,0,0,0,0),(7,67,48,49,'a:1:{i:67;a:2:{i:0;s:10:\"La culture\";i:1;i:0;}}','L\'audiovisuel : Cinéma, séries télévisées, animation','','',7,'','','',0,'','','','',7,'',0,1,0,3636,497,497,78084,19,'Re: Dark Shadows',1336664049,'Arkh','AA0000',98,1,1,1,0,0,0,0,0,0,0),(8,67,50,51,'a:1:{i:67;a:2:{i:0;s:10:\"La culture\";i:1;i:0;}}','Les jeux vidéos','','',7,'','','',0,'','','','',7,'',0,1,0,2196,231,231,78112,34,'Re: Silent Hill Downpour',1336748337,'Ozmaestro','',98,1,1,1,0,0,0,0,0,0,0),(1,67,52,53,'a:1:{i:67;a:2:{i:0;s:10:\"La culture\";i:1;i:0;}}','La peinture, la photographie et les autres arts graphiques','','',7,'','','',0,'','','','',7,'',0,1,0,913,106,106,77439,155,'Re: Deux chemins déroutants.',1234818688,'Amo','',98,1,1,1,0,0,0,0,0,0,0),(6,88,43,44,'a:2:{i:67;a:2:{i:0;s:10:\"La culture\";i:1;i:0;}i:88;a:2:{i:0;s:10:\"La lecture\";i:1;i:1;}}','La littérature','','',7,'','','',0,'','','','',7,'',0,1,0,412,72,72,77981,161,'Solomon Kane',1246863100,'Yves','',98,1,1,1,0,0,0,0,0,0,0),(27,88,45,46,'a:2:{i:67;a:2:{i:0;s:10:\"La culture\";i:1;i:0;}i:88;a:2:{i:0;s:10:\"La lecture\";i:1;i:1;}}','Les bandes dessinées','','',7,'','','',0,'','','','',7,'',0,1,0,674,107,107,78110,19,'Re: Homestuck',1336728834,'Arkh','AA0000',98,1,1,1,0,0,0,0,0,0,0),(32,65,28,29,'a:1:{i:65;a:2:{i:0;s:24:\"Des mondes et merveilles\";i:1;i:0;}}','Les langages et les symboles','','',7,'','','',0,'','','','',7,'',0,1,0,341,29,29,77821,128,'Re: Le rapport au pseudonyme.',1240610233,'Nube','',98,1,1,1,0,0,0,0,0,0,0),(88,67,42,47,'a:1:{i:67;a:2:{i:0;s:10:\"La culture\";i:1;i:0;}}','La lecture','','',7,'','','',0,'','','','',7,'',0,1,0,0,0,0,0,0,'',0,'','',48,1,0,1,0,0,0,7,7,1,0),(5,67,54,55,'a:1:{i:67;a:2:{i:0;s:10:\"La culture\";i:1;i:0;}}','La musique','','',7,'','','',0,'','','','',7,'',0,1,0,943,118,118,77951,65,'Michael Jackson',1246040830,'Viper Dragoon','',98,1,1,1,0,0,0,0,0,0,0),(48,67,56,57,'a:1:{i:67;a:2:{i:0;s:10:\"La culture\";i:1;i:0;}}','Art et artisanat','','',7,'','','',0,'','','','',7,'',0,1,0,448,67,67,76585,1229,'Re: Figatellu!',1223219167,'fyorda','',98,1,1,1,0,0,0,0,0,0,0),(38,69,74,75,'a:1:{i:69;a:2:{i:0;s:13:\"Corps et âme\";i:1;i:0;}}','Le sport et les arts martiaux','','',7,'','','',0,'','','','',7,'',0,1,0,434,19,19,66904,262,'',1192854071,'Cimetière','',98,1,1,1,0,0,0,0,0,0,0),(51,69,76,77,'a:1:{i:69;a:2:{i:0;s:13:\"Corps et âme\";i:1;i:0;}}','F62 - Sexualité, pornographie et hentaï','','',7,'','','',0,'','','','',7,'',0,1,0,687,51,51,78100,3,'&quot;Le sexe n\'est pas l\'ennemi&quot;, un blog magnifique [NSFW]',1336705693,'Raphychou','AA0000',98,1,1,1,0,0,0,0,0,0,0),(31,65,32,33,'a:1:{i:65;a:2:{i:0;s:24:\"Des mondes et merveilles\";i:1;i:0;}}','L\'histoire, la géographie et l\'économie','','',7,'','','',0,'','','','',7,'',0,1,0,253,31,31,76163,216,'La guerre et la continuation de la politique par d\'autres mo',1220195846,'Morgan Kane','',98,1,1,1,0,0,0,0,0,0,0),(57,65,34,35,'a:1:{i:65;a:2:{i:0;s:24:\"Des mondes et merveilles\";i:1;i:0;}}','Les religions, les mythes et les légendes','','',7,'','','',0,'','','','',7,'',0,1,0,407,23,23,77564,269,'Re: Internet contre la scientologie',1237076929,'Tribersman','',98,1,1,1,0,0,0,0,0,0,0),(86,66,13,14,'a:2:{i:64;a:2:{i:0;s:15:\"Le centre-ville\";i:1;i:0;}i:66;a:2:{i:0;s:17:\"Les Jeux de Rôle\";i:1;i:1;}}','Imperium','La plus précieuse substance de l\'univers est l\'Épice, le mélange. L\'Épice accroît la longévité, l\'Épice amplifie le champ de conscience, l\'Épice est vitale aux voyages dans l\'espace. L\'Épice a fait des navigateurs de la Guilde Spatiale des mutants après 4000 ans d\'usage; car ils absorbent le gaz orange qui leurs donnent le pouvoir de replier l\'espace. C\'est-à-dire, de se transporter n\'importe où dans l\'univers sans se déplacer.','',7,'','','',0,'','','','',7,'',0,1,0,60,6,6,77995,161,'Re: Le fin mot de l\'histoire ?',1247266260,'Yves','',96,1,1,1,0,0,0,7,7,1,0),(78,71,66,67,'a:1:{i:71;a:2:{i:0;s:14:\"Nos créations\";i:1;i:0;}}','Nos musiques','','',7,'','','',0,'','','','',7,'',0,1,0,0,0,0,0,0,'',0,'','',96,1,1,1,0,0,0,7,7,1,0),(71,0,59,72,'','Nos créations','','',7,'','','',0,'','','','',7,'',0,0,0,0,0,0,0,0,'',0,'','',96,1,0,1,0,0,0,7,7,1,0),(77,71,64,65,'a:1:{i:71;a:2:{i:0;s:14:\"Nos créations\";i:1;i:0;}}','Nos sculptures et maquettes','','',7,'','','',0,'','','','',7,'',0,1,0,0,0,0,0,0,'',0,'','',96,1,1,1,0,0,0,7,7,1,0),(73,71,60,61,'a:1:{i:71;a:2:{i:0;s:14:\"Nos créations\";i:1;i:0;}}','Nos images','','',7,'','','',0,'','','','',7,'',0,1,0,92,11,11,78078,34,'Re: Digital painting',1336661402,'Ozmaestro','',96,1,1,1,0,0,0,7,7,1,0),(74,71,62,63,'a:1:{i:71;a:2:{i:0;s:14:\"Nos créations\";i:1;i:0;}}','Nos écrits','','',7,'','','',0,'','','','',7,'',0,1,0,1595,172,172,77980,65,'Re: MOBIUS UNLEASHED[Fanfiction Soniçéenne, AVIS :\'D]',1246832641,'Viper Dragoon','',96,1,1,1,0,0,0,7,7,1,0),(79,65,38,39,'a:1:{i:65;a:2:{i:0;s:24:\"Des mondes et merveilles\";i:1;i:0;}}','Les divers univers','','',7,'','','',0,'','','','',7,'',0,1,0,4,1,1,73987,216,'Re: Les mondes d\'inspiration tolkiendil',1212589410,'Morgan Kane','',96,1,1,1,0,0,0,7,7,1,0),(82,71,70,71,'a:1:{i:71;a:2:{i:0;s:14:\"Nos créations\";i:1;i:0;}}','Nos sites Internet','','',7,'','','',0,'','','','',7,'',0,1,0,0,0,0,0,0,'',0,'','',96,1,1,1,0,0,0,7,7,1,0),(80,71,68,69,'a:1:{i:71;a:2:{i:0;s:14:\"Nos créations\";i:1;i:0;}}','Nos jeux vidéos','','',7,'','','',0,'','','','',7,'',0,1,0,41,2,2,77143,85,'Re: Le meilleur RPG du monde',1230993577,'Zohar De Malkchour','',96,1,1,1,0,0,0,7,7,1,0);

--
-- Table structure for table `phpbb_forums_access`
--

CREATE TABLE `phpbb_forums_access` (
  `forum_id` mediumint(8) unsigned NOT NULL DEFAULT '0',
  `user_id` mediumint(8) unsigned NOT NULL DEFAULT '0',
  `session_id` char(32) CHARACTER SET latin1 COLLATE latin1_bin NOT NULL DEFAULT '',
  PRIMARY KEY (`forum_id`,`user_id`,`session_id`)
) ENGINE=MyISAM DEFAULT CHARSET=latin1;

--
-- Dumping data for table `phpbb_forums_access`
--


--
-- Table structure for table `phpbb_forums_track`
--

CREATE TABLE `phpbb_forums_track` (
  `user_id` mediumint(8) unsigned NOT NULL DEFAULT '0',
  `forum_id` mediumint(8) unsigned NOT NULL DEFAULT '0',
  `mark_time` int(11) unsigned NOT NULL DEFAULT '0',
  PRIMARY KEY (`user_id`,`forum_id`)
) ENGINE=MyISAM DEFAULT CHARSET=latin1;

--
-- Dumping data for table `phpbb_forums_track`
--

INSERT INTO `phpbb_forums_track` VALUES (151,51,1208336423),(151,0,1223052324),(3,18,1209561380),(3,0,1336574830),(119,18,1246906429),(119,0,1247260369),(119,58,1241129574),(119,8,1244893987),(119,51,1239449100),(314,18,1224954502),(314,0,1336599531),(314,58,1241447789),(314,8,1220121018),(314,51,1336662699),(1545,86,1243202159),(155,73,1232038899),(151,18,1213119520),(56,7,1208352801),(56,0,1230235379),(56,51,1209044382),(48,51,1336609711),(48,0,1336602662),(48,54,1229710151),(48,18,1223924640),(56,8,1208357701),(42,31,1224896228),(37,18,1223462529),(37,0,1245661228),(37,27,1245661228),(151,55,1223052324),(125,5,1213124093),(34,55,1211565607),(42,18,1224896185),(42,0,1236376803),(37,7,1245661190),(48,57,1237738993),(42,57,1235019868),(42,54,1213133371),(34,27,1208365177),(34,0,1237978647),(1537,0,1223200105),(85,57,1237127328),(85,0,1246724799),(347,58,1213911928),(347,0,1246500970),(347,54,1213124921),(347,51,1214529297),(2,51,1239356540),(2,0,1247249423),(2,27,1245515522),(2,57,1237414534),(2,18,1246925683),(314,57,1209669878),(314,27,1225914098),(2,54,1227866364),(273,51,1208373015),(273,0,1234788251),(85,58,1241382199),(85,18,1246724799),(85,8,1245174802),(48,27,1230037004),(119,57,1237109634),(119,27,1245497436),(1229,0,1219350960),(347,57,1209650370),(34,57,1208379665),(85,27,1245500437),(85,51,1239367185),(2,8,1244842459),(3,8,1209436885),(3,27,1211023722),(3,54,1336508362),(3,57,1208438308),(85,52,1227619224),(273,52,1208452669),(3,58,1210764788),(262,27,1243638308),(262,0,1246310314),(262,52,1229022053),(262,18,1246310314),(262,58,1243638231),(3,52,1212957361),(262,51,1239357363),(151,52,1208541704),(119,52,1226865886),(262,57,1237117334),(161,86,1247266260),(347,18,1210822251),(347,52,1212956808),(347,7,1208556677),(347,27,1212852221),(262,7,1239776189),(42,7,1215539721),(42,58,1235401464),(2,58,1241128375),(2,7,1246984708),(2,52,1226895313),(3,7,1209143984),(125,27,1212870578),(125,0,1219325126),(125,52,1212971636),(314,7,1218094317),(314,52,1213006303),(85,7,1246724788),(125,8,1213942601),(125,57,1209838038),(119,7,1247088018),(42,27,1220892817),(1539,0,1227813600),(161,6,1246863100),(56,6,1214930356),(161,1,1234882980),(42,52,1226870536),(247,73,1212758178),(631,6,1209378940),(34,26,1217275784),(459,0,1232314951),(631,27,1216380515),(347,8,1210972807),(123,19,1237788953),(1534,80,1214942654),(161,51,1239478846),(123,7,1247129945),(119,19,1237671390),(85,19,1237678242),(3,19,1211023684),(631,19,1208711668),(631,0,1226843781),(631,52,1209378994),(631,51,1226843781),(314,19,1224711729),(262,19,1237666858),(2,19,1237655877),(123,0,1247130076),(51,32,1240657091),(259,19,1208799272),(3,74,1215903234),(259,0,1208799272),(48,52,1233368382),(42,6,1214933093),(85,59,1238353982),(48,19,1236142207),(3,6,1214930023),(48,6,1236812416),(3,51,1222207156),(48,7,1209458127),(42,51,1236376803),(125,6,1209055825),(314,31,1220292473),(34,19,1237978647),(34,8,1209401105),(1530,0,1247069775),(2,31,1220211009),(26,55,1213994838),(314,6,1217057499),(85,6,1245175033),(48,58,1236142357),(34,6,1208960125),(2,6,1246925694),(262,6,1232610962),(119,6,1246965445),(347,19,1214958078),(51,5,1246136518),(315,52,1208918987),(315,0,1216762357),(34,52,1208941812),(125,26,1213051597),(20,0,1214984686),(42,19,1227938325),(151,6,1214938292),(161,27,1245454447),(123,6,1247129996),(315,6,1214950742),(48,8,1217165549),(42,8,1214337025),(161,32,1240652203),(19,8,1336690945),(1229,80,1219350960),(325,8,1336753426),(54,51,1336706963),(125,7,1217483298),(247,8,1233097446),(247,0,1233699142),(19,7,1336664049),(206,59,1336618200),(153,73,1336686243),(262,8,1245496082),(155,55,1233069267),(153,7,1336685682),(54,7,1336670168),(123,80,1231001985),(347,6,1209314099),(151,57,1209744761),(269,6,1246993869),(325,7,1336664808),(315,57,1209655443),(459,31,1209658536),(3,32,1211494473),(2,32,1240632478),(85,32,1240663994),(347,32,1214262943),(119,32,1240695434),(247,32,1209690537),(314,32,1214173620),(269,27,1245437014),(151,32,1211561904),(123,52,1226907003),(85,26,1246101948),(2,26,1246158957),(42,32,1221492992),(119,5,1246103431),(262,32,1243638389),(151,8,1212559006),(1413,58,1210009489),(459,32,1210501105),(1534,26,1214942930),(1538,18,1223404697),(37,26,1229453498),(1538,73,1223404792),(347,74,1214868584),(125,32,1214195048),(1537,27,1221075202),(1413,0,1210009489),(48,32,1247022126),(151,26,1213335564),(273,26,1210249766),(48,26,1228350630),(314,26,1228650348),(119,26,1246103405),(347,26,1213308487),(247,18,1230748733),(119,55,1233145935),(206,26,1217346934),(262,26,1246129884),(3,26,1221257116),(42,26,1229046271),(1537,55,1223200105),(42,55,1224879810),(314,55,1226518020),(123,8,1245047125),(48,55,1245794273),(347,55,1211560084),(85,55,1233178931),(2,55,1233069863),(262,83,1217029152),(1530,79,1216083148),(179,80,1214064390),(315,80,1214103540),(179,32,1214169167),(123,32,1240767686),(3,1,1211019365),(314,1,1211020421),(34,1,1233618878),(151,1,1211023418),(48,1,1211025446),(2,1,1234844842),(273,1,1234788251),(347,1,1211074177),(85,1,1234900433),(119,1,1234820763),(631,1,1211116850),(42,1,1211141483),(123,74,1247130065),(262,55,1233063701),(262,1,1234894152),(631,18,1215532951),(631,7,1223926324),(631,8,1212065885),(123,51,1239449508),(125,1,1211701906),(478,80,1214081554),(631,32,1211737128),(125,55,1219325106),(1544,0,1237506405),(54,0,1336576258),(26,1,1214081380),(153,58,1336753515),(42,5,1217455748),(54,73,1336670188),(1530,26,1246560811),(478,0,1246978603),(325,58,1336753487),(19,51,1336729942),(48,74,1217185499),(2,74,1246925694),(48,5,1213049220),(3,79,1212534858),(85,74,1246555800),(48,79,1212590884),(2,79,1212653029),(151,79,1212603067),(119,79,1212601309),(314,79,1212602687),(125,79,1212645653),(125,74,1219325126),(85,79,1212609731),(119,74,1246309920),(347,73,1212758955),(42,73,1235177592),(42,79,1212690969),(2,73,1239266452),(48,73,1212674733),(119,73,1239216017),(42,74,1217456758),(151,73,1212614091),(153,27,1336729020),(85,5,1246102014),(247,5,1233699142),(347,5,1213032468),(2,5,1246109113),(85,73,1239367512),(347,79,1212538143),(125,73,1212671281),(1534,0,1214942930),(34,73,1212668300),(179,58,1214064463),(269,18,1246993749),(123,26,1246084469),(26,19,1214080693),(26,18,1214081120),(262,79,1212799666),(262,74,1239693724),(262,73,1239221116),(247,55,1212803555),(123,73,1239255190),(315,74,1215966614),(315,73,1212865075),(3,40,1336669755),(2,40,1223597116),(34,40,1223589239),(34,79,1212927710),(347,40,1213709837),(123,1,1234938256),(34,5,1212932483),(42,40,1213997220),(48,40,1223666377),(123,27,1245710432),(123,5,1246084608),(269,0,1247238012),(161,26,1246158597),(273,31,1216978378),(314,5,1217659712),(161,0,1247266260),(314,73,1223411948),(85,85,1215790747),(85,83,1215790705),(155,51,1233527720),(3,80,1230882089),(153,51,1336728348),(151,80,1214949787),(314,86,1231600187),(119,80,1231089867),(314,80,1214947919),(1542,0,1235988001),(2,80,1231109493),(42,80,1235177916),(51,18,1246835621),(206,31,1215128316),(34,54,1231182264),(123,58,1241417925),(347,80,1213773282),(155,1,1234818688),(19,18,1336750065),(85,80,1230993606),(1544,7,1231722044),(3,83,1215705524),(48,80,1214948579),(125,80,1217484303),(161,74,1246846579),(123,18,1247129599),(631,79,1213192613),(155,18,1234909756),(1544,86,1237506405),(26,79,1213211645),(26,0,1216804390),(161,31,1220207694),(85,31,1220289057),(34,80,1232193121),(34,18,1216083108),(179,19,1214129677),(26,26,1216804390),(314,74,1223294889),(26,57,1213546649),(273,80,1214154789),(179,7,1214058150),(179,0,1214508223),(2,83,1215721548),(262,80,1231015508),(179,18,1214129328),(179,51,1214508223),(206,0,1336517649),(161,7,1246988098),(123,55,1233071909),(153,0,1336754343),(19,73,1336662349),(2,85,1215721511),(20,73,1214984686),(161,5,1246158584),(262,85,1217029018),(123,85,1215711751),(123,57,1237185634),(119,83,1215706742),(51,7,1246835624),(475,80,1214681479),(161,18,1246906567),(475,0,1214681479),(123,79,1215205681),(1534,18,1214850565),(3,73,1234401424),(119,54,1227816611),(123,83,1215711742),(119,40,1224089023),(325,27,1336740703),(325,18,1336753476),(325,0,1336575531),(54,18,1336750410),(269,8,1244835294),(269,5,1246205926),(119,85,1215709548),(3,55,1230882087),(269,7,1246993847),(1536,0,1215363841),(1536,18,1215363841),(1541,5,1241049928),(161,8,1244864516),(1537,7,1221067492),(315,31,1216762357),(48,31,1220235946),(262,31,1220224591),(123,31,1220281921),(119,31,1220198219),(325,73,1336680880),(1530,18,1246904416),(1530,58,1241376408),(1530,59,1238944431),(1530,84,1216083085),(1530,83,1216083085),(1530,85,1216083085),(325,51,1336727993),(1530,38,1216083095),(1530,51,1239388981),(1530,19,1237749453),(1530,5,1246291791),(19,27,1336728834),(1530,48,1216083100),(1530,52,1226959799),(1530,73,1239388906),(1530,74,1246904476),(1530,77,1216083109),(1530,78,1216083109),(1530,80,1231018211),(1530,82,1216083109),(1530,7,1246904426),(1530,8,1244932296),(1530,1,1235914518),(1530,6,1246904428),(1530,27,1245534960),(1530,32,1240766740),(1530,23,1216083142),(1530,24,1216083142),(1530,31,1222007592),(1530,57,1237235923),(1530,55,1233240484),(269,58,1241718460),(269,55,1233080247),(269,74,1246993894),(153,18,1336753507),(153,8,1336748957),(269,31,1220207812),(155,5,1235082858),(269,26,1246205934),(631,73,1217586482),(161,55,1233057019),(269,51,1239571004),(269,32,1240675946),(1538,0,1223404792),(51,19,1237720245),(1539,19,1227631039),(161,52,1226853092),(1542,86,1235988001),(269,52,1226848992),(247,51,1233404000),(201,80,1222348897),(201,0,1222348897),(1545,0,1243202159),(161,59,1238353619),(269,73,1239570981),(161,73,1239301929),(51,0,1246835633),(161,19,1237671772),(37,19,1223928297),(269,19,1237984136),(18,26,1230587178),(18,0,1230587178),(37,51,1241260919),(65,73,1225239868),(65,0,1225240011),(65,79,1225240011),(18,7,1225283254),(18,27,1225283269),(18,52,1225283271),(18,51,1225976916),(1539,18,1227554261),(1539,26,1227551446),(155,74,1232647969),(3,86,1235736722),(37,8,1245343434),(155,6,1232587346),(3,59,1238351756),(247,1,1229281138),(1541,86,1240838353),(56,73,1230235379),(269,80,1231005762),(161,80,1231023407),(262,5,1246058286),(155,0,1238027135),(1541,0,1241049928),(54,8,1336749721),(459,86,1232314951),(51,55,1233149156),(51,8,1244838127),(155,8,1236828099),(51,1,1234899947),(51,51,1239364050),(269,1,1234867508),(269,57,1237076930),(161,57,1237678285),(37,73,1241815273),(37,1,1233775176),(51,73,1239232891),(123,59,1238390315),(1544,73,1234211862),(51,57,1237133148),(155,57,1238027135),(51,74,1246835629),(161,58,1241106968),(155,58,1235101126),(51,58,1241178924),(262,59,1238351807),(1547,7,1235405945),(1547,0,1235405945),(1549,74,1245480657),(1552,18,1241768404),(1549,0,1245480657),(1552,7,1241998926),(1552,32,1240613397),(1550,7,1238750878),(51,59,1238408229),(51,27,1245486267),(119,59,1238431776),(269,59,1238442964),(2,59,1238447392),(1550,0,1242248989),(37,58,1238788200),(1550,73,1239121506),(1550,18,1238695201),(1552,27,1240568006),(1552,74,1242052734),(1552,0,1242052734),(1546,27,1240582751),(1546,32,1240363616),(1546,0,1241387535),(128,59,1240432063),(128,0,1241903443),(128,51,1240432124),(128,85,1240432166),(128,83,1240432175),(128,52,1240433454),(1550,74,1242248979),(128,19,1240606292),(128,80,1240606517),(128,74,1241534429),(128,73,1240606533),(128,58,1241113667),(128,26,1240606563),(128,18,1241903443),(128,55,1240606627),(128,79,1240606635),(128,57,1240606643),(128,31,1240606658),(128,32,1240610235),(128,7,1240634135),(128,8,1240634149),(128,1,1240634160),(128,6,1240634173),(128,27,1240634183),(54,27,1336734019),(128,5,1241046402),(206,79,1336583743),(1541,51,1240804736),(1552,5,1241367542),(1552,58,1241174749),(1541,58,1240882666),(1541,59,1240971285),(1546,74,1241387535),(51,26,1246136509),(37,59,1243542477),(51,6,1244890081),(478,55,1246978603),(1555,0,1247042778),(48,59,1247021929),(206,17,1336515998);

--
-- Table structure for table `phpbb_forums_watch`
--

CREATE TABLE `phpbb_forums_watch` (
  `forum_id` mediumint(8) unsigned NOT NULL DEFAULT '0',
  `user_id` mediumint(8) unsigned NOT NULL DEFAULT '0',
  `notify_status` tinyint(1) unsigned NOT NULL DEFAULT '0',
  KEY `forum_id` (`forum_id`),
  KEY `user_id` (`user_id`),
  KEY `notify_stat` (`notify_status`)
) ENGINE=MyISAM DEFAULT CHARSET=latin1;

--
-- Dumping data for table `phpbb_forums_watch`
--

INSERT INTO `phpbb_forums_watch` VALUES (48,16,0),(74,16,1),(79,16,0),(77,16,0),(73,16,1),(80,26,1),(18,26,1),(32,26,1),(31,26,1),(77,26,0),(18,26,1),(19,26,1),(19,26,1),(8,26,1),(24,25,0),(84,16,0),(24,25,0),(78,16,0),(80,16,1),(82,16,0),(77,16,0),(73,16,1),(48,16,0),(52,16,1),(80,18,1),(26,18,1),(73,18,1),(59,18,1),(84,18,0),(58,18,1),(38,18,0),(5,18,1),(48,18,0),(74,18,1),(31,18,0),(78,18,0),(8,18,1),(27,18,1),(55,18,1),(77,18,0),(18,18,1),(79,18,0),(1,18,1),(32,18,1),(51,18,1),(7,18,1),(52,18,1),(73,26,1),(5,26,1),(52,26,1),(79,26,0),(80,26,1),(59,26,1),(82,26,0),(77,26,0),(84,26,0),(48,26,0),(57,26,1),(31,26,0),(32,26,1),(38,26,0),(79,16,0),(48,16,0),(19,18,1),(57,18,1),(85,18,0),(79,16,0),(77,16,0),(73,25,1),(73,16,1),(84,16,0),(84,51,0),(82,51,0),(78,16,0),(38,51,0),(38,16,0),(52,25,0),(82,16,0),(80,51,0),(77,16,0),(59,22,1),(55,22,0),(52,22,0),(83,22,0),(82,22,0),(51,22,1),(5,22,1),(6,18,1),(8,18,1),(58,22,1),(7,22,1),(7,22,1),(6,22,1),(57,22,1),(48,22,0),(38,22,0),(32,22,1),(31,22,0),(27,22,1),(26,22,1),(24,22,0),(23,22,0),(79,16,0),(48,16,0),(7,22,1),(48,25,0),(18,19,1),(19,19,0),(19,22,1),(18,22,1),(1,22,0),(73,16,1),(77,16,0),(78,51,0),(85,22,0),(84,22,0),(7,18,1),(80,16,1),(7,22,1),(7,22,1),(7,22,1),(73,22,1),(74,22,1),(77,22,0),(78,22,0),(79,22,0),(8,22,1),(80,22,0),(55,25,0),(78,16,0),(82,8,0),(78,8,0),(58,8,1),(77,25,0),(38,25,0),(48,16,0),(85,22,0),(85,22,0),(85,22,0),(38,16,0),(82,16,0),(84,16,0),(77,16,0),(79,16,0),(77,16,0),(48,16,0),(74,16,1),(79,16,0),(77,16,0),(73,16,1),(80,26,1),(18,26,1),(32,26,1),(31,26,1),(77,26,0),(18,26,1),(19,26,1),(19,26,1),(8,26,1),(24,25,0),(84,16,0),(24,25,0),(78,16,0),(80,16,1),(82,16,0),(77,16,0),(73,16,1),(48,16,0),(52,16,1),(80,18,1),(26,18,1),(73,18,1),(59,18,1),(84,18,0),(58,18,1),(38,18,0),(5,18,1),(48,18,0),(74,18,1),(31,18,0),(78,18,0),(8,18,1),(27,18,1),(55,18,1),(77,18,0),(18,18,1),(79,18,0),(1,18,1),(32,18,1),(51,18,1),(7,18,1),(52,18,1),(73,26,1),(5,26,1),(52,26,1),(79,26,0),(80,26,1),(59,26,1),(82,26,0),(77,26,0),(84,26,0),(48,26,0),(57,26,1),(31,26,0),(32,26,1),(38,26,0),(79,16,0),(48,16,0),(19,18,1),(57,18,1),(85,18,0),(79,16,0),(77,16,0),(73,25,1),(73,16,1),(84,16,0),(84,51,0),(82,51,0),(78,16,0),(38,51,0),(38,16,0),(52,25,0),(82,16,0),(80,51,0),(77,16,0),(59,22,1),(55,22,0),(52,22,0),(83,22,0),(82,22,0),(51,22,1),(5,22,1),(6,18,1),(8,18,1),(58,22,1),(7,22,1),(7,22,1),(6,22,1),(57,22,1),(48,22,0),(38,22,0),(32,22,1),(31,22,0),(27,22,1),(26,22,1),(24,22,0),(23,22,0),(79,16,0),(48,16,0),(7,22,1),(48,25,0),(18,19,1),(19,19,0),(19,22,1),(18,22,1),(1,22,0),(73,16,1),(77,16,0),(78,51,0),(85,22,0),(84,22,0),(7,18,1),(80,16,1),(7,22,1),(7,22,1),(7,22,1),(73,22,1),(74,22,1),(77,22,0),(78,22,0),(79,22,0),(8,22,1),(80,22,0),(55,25,0),(78,16,0),(82,8,0),(78,8,0),(58,8,1),(77,25,0),(38,25,0),(48,16,0),(85,22,0),(85,22,0),(85,22,0),(38,16,0),(82,16,0),(84,16,0),(77,16,0),(79,16,0),(77,16,0);

--
-- Table structure for table `phpbb_groups`
--

CREATE TABLE `phpbb_groups` (
  `group_id` mediumint(8) unsigned NOT NULL AUTO_INCREMENT,
  `group_type` tinyint(4) NOT NULL DEFAULT '1',
  `group_founder_manage` tinyint(1) unsigned NOT NULL DEFAULT '0',
  `group_name` varchar(255) CHARACTER SET latin1 COLLATE latin1_bin NOT NULL DEFAULT '',
  `group_desc` text NOT NULL,
  `group_desc_bitfield` varchar(255) CHARACTER SET latin1 COLLATE latin1_bin NOT NULL DEFAULT '',
  `group_desc_options` int(11) unsigned NOT NULL DEFAULT '7',
  `group_desc_uid` varchar(8) CHARACTER SET latin1 COLLATE latin1_bin NOT NULL DEFAULT '',
  `group_display` tinyint(1) unsigned NOT NULL DEFAULT '0',
  `group_avatar` varchar(255) CHARACTER SET latin1 COLLATE latin1_bin NOT NULL DEFAULT '',
  `group_avatar_type` tinyint(2) NOT NULL DEFAULT '0',
  `group_avatar_width` smallint(4) unsigned NOT NULL DEFAULT '0',
  `group_avatar_height` smallint(4) unsigned NOT NULL DEFAULT '0',
  `group_rank` mediumint(8) unsigned NOT NULL DEFAULT '0',
  `group_colour` varchar(6) CHARACTER SET latin1 COLLATE latin1_bin NOT NULL DEFAULT '',
  `group_sig_chars` mediumint(8) unsigned NOT NULL DEFAULT '0',
  `group_receive_pm` tinyint(1) unsigned NOT NULL DEFAULT '0',
  `group_message_limit` mediumint(8) unsigned NOT NULL DEFAULT '0',
  `group_legend` tinyint(1) unsigned NOT NULL DEFAULT '1',
  `group_max_recipients` mediumint(8) unsigned NOT NULL DEFAULT '0',
  `group_skip_auth` tinyint(1) unsigned NOT NULL DEFAULT '0',
  PRIMARY KEY (`group_id`),
  KEY `group_legend_name` (`group_legend`,`group_name`)
) ENGINE=MyISAM AUTO_INCREMENT=1084 DEFAULT CHARSET=latin1;

--
-- Dumping data for table `phpbb_groups`
--

INSERT INTO `phpbb_groups` VALUES (1063,0,0,'Les Phalanges Satanistes','Inspirées par Vitriol, un terroriste aussi simpliste que dangereux, ces sectes cherchent à invoquer le Seigneur des Ténèbres.','',7,'',0,'',0,0,0,0,'',0,0,0,0,0,0),(188,1,0,'Le Comité des Sédateurs','Garants de l\'ordre public, les Sédateurs font régner la paix et la sérénité dans la cité d\'Isil.','',7,'',0,'',0,0,0,0,'00AA00',0,0,0,1,0,0),(1066,1,0,'La Commission de Direction Crash System','Au sommet de la mégacorporation technologique de Crash System siège un conseil réduit, des mages de grand pouvoir qui jadis sauvèrent le monde...','',7,'',0,'',0,0,0,0,'',0,0,0,0,0,0),(1062,1,0,'La Loge des Eltarques','Dirigeants d\'une cité-état, les Eltarques commandent à la police, aux armées et à l\'administration.','',7,'',0,'',0,0,0,0,'0066FF',0,0,0,1,0,0),(1064,0,0,'Le C.H.I.P.S.','Individus armés et dangereux. Si vous possédez la moindre information sur ce groupuscule échappé de la dimension Mazoku (aujourd\'hui effacée, pour le plus grand bien du multivers), merci de la rapporter au Sédateur le plus proche.','',7,'',0,'',0,0,0,0,'',0,0,0,0,0,0),(1065,0,0,'Le CROAAH','Sous l\'égide d\'un mystérieux mécène prospère un clan aux visées proprement révolutionnaires.','',7,'',0,'',0,0,0,0,'',0,0,0,0,0,0),(1067,0,0,'L\'Ordre Chaotique des Mazokus','Un Mazoku n’a pas d’émotions véritables ni d’objectifs égoïstes. Une entité de ce type n’est que fonction. Les Mazokus cherchent à libérer toutes choses des chaînes de l\'existence.','',7,'',0,'',0,0,0,0,'',0,0,0,0,0,0),(1068,1,0,'Les Clodos des Bois','Une petite équipe filmant parfois, ma foi, de bien belles histoires.','',7,'',0,'',0,0,0,0,'',0,0,0,0,0,0),(1075,0,0,'L\'Hégémonie des Sandres','Civilisation traditionnaliste et relativement rigide, les Sandreux sont considérés par la plupart des Eltanhirs comme leurs ennemis jurés. La faute à des moeurs que les habitants d\'Isil ne comprennent guère, tels que l\'anthropophagie.','',7,'',0,'',0,0,0,0,'',0,0,0,0,0,0),(1076,3,0,'GUESTS','','',7,'',0,'',0,0,0,0,'FF66FF',0,0,0,0,5,0),(1077,3,0,'REGISTERED','','',7,'',0,'',0,0,0,0,'',0,0,0,0,5,0),(1078,3,0,'REGISTERED_COPPA','','',7,'',0,'',0,0,0,0,'',0,0,0,0,5,0),(1079,3,0,'GLOBAL_MODERATORS','','',7,'',0,'',0,0,0,0,'00AA00',0,0,0,0,0,0),(1080,3,1,'ADMINISTRATORS','','',7,'',0,'',0,0,0,0,'AA0000',0,0,0,0,0,0),(1081,3,0,'BOTS','','',7,'',0,'',0,0,0,0,'9E8DA7',0,0,0,0,5,0),(1082,0,0,'Les sujets de l\'Imperium','Les Personnages Joueurs d\'un JDR basé sur l\'univers de Dune.','',7,'',0,'',0,0,0,0,'',0,0,0,0,0,0),(1083,3,0,'NEWLY_REGISTERED','','',7,'',0,'',0,0,0,0,'',0,0,0,0,5,0);

--
-- Table structure for table `phpbb_icons`
--

CREATE TABLE `phpbb_icons` (
  `icons_id` mediumint(8) unsigned NOT NULL AUTO_INCREMENT,
  `icons_url` varchar(255) CHARACTER SET latin1 COLLATE latin1_bin NOT NULL DEFAULT '',
  `icons_width` tinyint(4) NOT NULL DEFAULT '0',
  `icons_height` tinyint(4) NOT NULL DEFAULT '0',
  `icons_order` mediumint(8) unsigned NOT NULL DEFAULT '0',
  `display_on_posting` tinyint(1) unsigned NOT NULL DEFAULT '1',
  PRIMARY KEY (`icons_id`),
  KEY `display_on_posting` (`display_on_posting`)
) ENGINE=MyISAM AUTO_INCREMENT=11 DEFAULT CHARSET=latin1;

--
-- Dumping data for table `phpbb_icons`
--

INSERT INTO `phpbb_icons` VALUES (1,'misc/fire.gif',16,16,1,1),(2,'smile/redface.gif',16,16,9,1),(3,'smile/mrgreen.gif',16,16,10,1),(4,'misc/heart.gif',16,16,4,1),(5,'misc/star.gif',16,16,2,1),(6,'misc/radioactive.gif',16,16,3,1),(7,'misc/thinking.gif',16,16,5,1),(8,'smile/info.gif',16,16,8,1),(9,'smile/question.gif',16,16,6,1),(10,'smile/alert.gif',16,16,7,1);

--
-- Table structure for table `phpbb_lang`
--

CREATE TABLE `phpbb_lang` (
  `lang_id` tinyint(4) NOT NULL AUTO_INCREMENT,
  `lang_iso` varchar(30) CHARACTER SET latin1 COLLATE latin1_bin NOT NULL DEFAULT '',
  `lang_dir` varchar(30) CHARACTER SET latin1 COLLATE latin1_bin NOT NULL DEFAULT '',
  `lang_english_name` varchar(100) CHARACTER SET latin1 COLLATE latin1_bin NOT NULL DEFAULT '',
  `lang_local_name` varchar(255) CHARACTER SET latin1 COLLATE latin1_bin NOT NULL DEFAULT '',
  `lang_author` varchar(255) CHARACTER SET latin1 COLLATE latin1_bin NOT NULL DEFAULT '',
  PRIMARY KEY (`lang_id`),
  KEY `lang_iso` (`lang_iso`)
) ENGINE=MyISAM AUTO_INCREMENT=3 DEFAULT CHARSET=latin1;

--
-- Dumping data for table `phpbb_lang`
--

INSERT INTO `phpbb_lang` VALUES (1,'en','en','British English','British English','phpBB Group'),(2,'fr','fr','French','Français','phpBB.fr');

--
-- Table structure for table `phpbb_log`
--

CREATE TABLE `phpbb_log` (
  `log_id` mediumint(8) unsigned NOT NULL AUTO_INCREMENT,
  `log_type` tinyint(4) NOT NULL DEFAULT '0',
  `user_id` mediumint(8) unsigned NOT NULL DEFAULT '0',
  `forum_id` mediumint(8) unsigned NOT NULL DEFAULT '0',
  `topic_id` mediumint(8) unsigned NOT NULL DEFAULT '0',
  `reportee_id` mediumint(8) unsigned NOT NULL DEFAULT '0',
  `log_ip` varchar(40) CHARACTER SET latin1 COLLATE latin1_bin NOT NULL DEFAULT '',
  `log_time` int(11) unsigned NOT NULL DEFAULT '0',
  `log_operation` text NOT NULL,
  `log_data` mediumtext NOT NULL,
  PRIMARY KEY (`log_id`),
  KEY `log_type` (`log_type`),
  KEY `forum_id` (`forum_id`),
  KEY `topic_id` (`topic_id`),
  KEY `reportee_id` (`reportee_id`),
  KEY `user_id` (`user_id`)
) ENGINE=MyISAM AUTO_INCREMENT=1601 DEFAULT CHARSET=latin1;

--
-- Dumping data for table `phpbb_log`
--

INSERT INTO `phpbb_log` VALUES (1,0,153,0,0,0,'127.0.0.1',1208323820,'LOG_INSTALL_CONVERTED','a:2:{i:0;s:11:\"phpBB 2.0.x\";i:1;s:5:\"3.0.1\";}'),(2,0,153,0,0,0,'127.0.0.1',1208323981,'LOG_ADMIN_AUTH_SUCCESS',''),(3,0,153,0,0,0,'127.0.0.1',1208325549,'LOG_CONFIG_SETTINGS',''),(4,0,153,0,0,0,'90.24.185.138',1208331058,'LOG_ADMIN_AUTH_SUCCESS',''),(5,0,153,0,0,0,'90.24.185.138',1208331200,'LOG_CONFIG_SERVER',''),(6,0,153,0,0,0,'90.24.185.138',1208331303,'LOG_ADMIN_AUTH_SUCCESS',''),(7,0,153,0,0,0,'90.24.185.138',1208331329,'LOG_CONFIG_SETTINGS',''),(8,0,3,0,0,0,'82.234.128.59',1208331410,'LOG_ADMIN_AUTH_SUCCESS',''),(9,0,3,0,0,0,'82.234.128.59',1208331435,'LOG_CONFIG_SETTINGS',''),(10,0,3,0,0,0,'82.234.128.59',1208331460,'LOG_CONFIG_SETTINGS',''),(11,0,3,0,0,0,'82.234.128.59',1208331693,'LOG_FORUM_EDIT','a:1:{i:0;s:15:\"La cité d\'Isil\";}'),(12,0,3,0,0,0,'82.234.128.59',1208331837,'LOG_FORUM_EDIT','a:1:{i:0;s:39:\"Le complexe scientifique de Sael-Amarth\";}'),(13,0,3,0,0,0,'82.234.128.59',1208331863,'LOG_FORUM_EDIT','a:1:{i:0;s:38:\"Le musée Keros : culture et création\";}'),(14,0,3,0,0,0,'82.234.128.59',1208331876,'LOG_FORUM_EDIT','a:1:{i:0;s:20:\"Le Palais des Fêtes\";}'),(15,0,3,0,0,0,'82.234.128.59',1208331928,'LOG_FORUM_EDIT','a:1:{i:0;s:17:\"Les Jeux de Rôle\";}'),(16,0,3,0,0,0,'82.234.128.59',1208331943,'LOG_FORUM_EDIT','a:1:{i:0;s:20:\"Le Portail Corallien\";}'),(17,0,3,0,0,0,'82.234.128.59',1208332003,'LOG_FORUM_EDIT','a:1:{i:0;s:21:\"Discussion générale\";}'),(18,0,3,0,0,0,'82.234.128.59',1208332126,'LOG_FORUM_EDIT','a:1:{i:0;s:21:\"Discussion générale\";}'),(19,0,3,0,0,0,'82.234.128.59',1208332344,'LOG_FORUM_EDIT','a:1:{i:0;s:38:\"Le musée Keros : culture et création\";}'),(20,0,3,0,0,0,'82.234.128.59',1208332373,'LOG_FORUM_EDIT','a:1:{i:0;s:15:\"La cité d\'Isil\";}'),(21,0,3,0,0,0,'82.234.128.59',1208332384,'LOG_FORUM_EDIT','a:1:{i:0;s:15:\"La cité d\'Isil\";}'),(22,0,3,0,0,0,'82.234.128.59',1208332403,'LOG_FORUM_EDIT','a:1:{i:0;s:21:\"Discussion générale\";}'),(23,0,3,0,0,0,'82.234.128.59',1208332437,'LOG_FORUM_EDIT','a:1:{i:0;s:38:\"Le musée Keros : culture et création\";}'),(24,0,3,0,0,0,'82.234.128.59',1208332495,'LOG_FORUM_EDIT','a:1:{i:0;s:20:\"Le Portail Corallien\";}'),(25,0,3,0,0,0,'82.234.128.59',1208332515,'LOG_FORUM_EDIT','a:1:{i:0;s:20:\"Le Portail Corallien\";}'),(26,0,3,0,0,0,'82.234.128.59',1208332539,'LOG_FORUM_EDIT','a:1:{i:0;s:17:\"Les Jeux de Rôle\";}'),(27,0,3,0,0,0,'82.234.128.59',1208332736,'LOG_FORUM_EDIT','a:1:{i:0;s:39:\"Le complexe scientifique de Sael-Amarth\";}'),(28,0,3,0,0,0,'82.234.128.59',1208332752,'LOG_FORUM_EDIT','a:1:{i:0;s:39:\"Le complexe scientifique de Sael-Amarth\";}'),(29,0,3,0,0,0,'82.234.128.59',1208332773,'LOG_FORUM_EDIT','a:1:{i:0;s:20:\"Le Palais des Fêtes\";}'),(30,0,3,0,0,0,'82.234.128.59',1208332842,'LOG_FORUM_EDIT','a:1:{i:0;s:24:\"La Tour d\'Administration\";}'),(31,0,153,0,0,0,'90.24.185.138',1208333130,'LOG_LANGUAGE_PACK_INSTALLED','a:1:{i:0;s:6:\"French\";}'),(32,0,153,0,0,0,'90.24.185.138',1208333146,'LOG_CONFIG_SETTINGS',''),(33,0,153,0,0,0,'90.24.185.138',1208333170,'LOG_TEMPLATE_ADD_FS','a:1:{i:0;s:10:\"subsilver2\";}'),(34,0,153,0,0,0,'90.24.185.138',1208333170,'LOG_THEME_ADD_FS','a:1:{i:0;s:10:\"subsilver2\";}'),(35,0,153,0,0,0,'90.24.185.138',1208333170,'LOG_IMAGESET_ADD_FS','a:1:{i:0;s:10:\"subsilver2\";}'),(36,0,153,0,0,0,'90.24.185.138',1208333170,'LOG_STYLE_ADD','a:1:{i:0;s:10:\"subsilver2\";}'),(37,0,3,0,0,0,'82.234.128.59',1208333315,'LOG_CONFIG_SETTINGS',''),(38,0,153,0,0,0,'90.24.185.138',1208334146,'LOG_CONFIG_SETTINGS',''),(39,0,153,0,0,0,'90.24.185.138',1208334485,'LOG_TEMPLATE_ADD_FS','a:1:{i:0;s:6:\"Avalon\";}'),(40,0,153,0,0,0,'90.24.185.138',1208334485,'LOG_THEME_ADD_FS','a:1:{i:0;s:6:\"Avalon\";}'),(41,0,153,0,0,0,'90.24.185.138',1208334485,'LOG_IMAGESET_ADD_FS','a:1:{i:0;s:6:\"Avalon\";}'),(42,0,153,0,0,0,'90.24.185.138',1208334485,'LOG_STYLE_ADD','a:1:{i:0;s:6:\"Avalon\";}'),(43,0,153,0,0,0,'90.24.185.138',1208334491,'LOG_TEMPLATE_ADD_FS','a:1:{i:0;s:11:\"Avalon Blue\";}'),(44,0,153,0,0,0,'90.24.185.138',1208334491,'LOG_THEME_ADD_FS','a:1:{i:0;s:11:\"Avalon Blue\";}'),(45,0,153,0,0,0,'90.24.185.138',1208334491,'LOG_IMAGESET_ADD_FS','a:1:{i:0;s:11:\"Avalon Blue\";}'),(46,0,153,0,0,0,'90.24.185.138',1208334491,'LOG_STYLE_ADD','a:1:{i:0;s:11:\"Avalon Blue\";}'),(47,0,153,0,0,0,'90.24.185.138',1208334495,'LOG_TEMPLATE_ADD_FS','a:1:{i:0;s:11:\"Avalon Cyan\";}'),(48,0,153,0,0,0,'90.24.185.138',1208334495,'LOG_THEME_ADD_FS','a:1:{i:0;s:11:\"Avalon Cyan\";}'),(49,0,153,0,0,0,'90.24.185.138',1208334495,'LOG_IMAGESET_ADD_FS','a:1:{i:0;s:11:\"Avalon Cyan\";}'),(50,0,153,0,0,0,'90.24.185.138',1208334495,'LOG_STYLE_ADD','a:1:{i:0;s:11:\"Avalon Cyan\";}'),(51,0,153,0,0,0,'90.24.185.138',1208334499,'LOG_TEMPLATE_ADD_FS','a:1:{i:0;s:12:\"Avalon Green\";}'),(52,0,153,0,0,0,'90.24.185.138',1208334499,'LOG_THEME_ADD_FS','a:1:{i:0;s:12:\"Avalon Green\";}'),(53,0,153,0,0,0,'90.24.185.138',1208334499,'LOG_IMAGESET_ADD_FS','a:1:{i:0;s:12:\"Avalon Green\";}'),(54,0,153,0,0,0,'90.24.185.138',1208334499,'LOG_STYLE_ADD','a:1:{i:0;s:12:\"Avalon Green\";}'),(55,0,153,0,0,0,'90.24.185.138',1208334573,'LOG_CONFIG_SETTINGS',''),(56,0,153,0,0,0,'90.24.185.138',1208336530,'LOG_BBCODE_ADD','a:1:{i:0;s:1:\"s\";}'),(57,0,3,0,0,0,'82.234.128.59',1208336989,'LOG_CONFIG_SETTINGS',''),(58,0,3,0,0,0,'82.234.128.59',1208337013,'LOG_CONFIG_SETTINGS',''),(59,0,3,0,0,0,'82.234.128.59',1208337394,'LOG_FORUM_EDIT','a:1:{i:0;s:74:\"[img]http://www.crashsystem.com/eltanin/bannieressections/balcon.PNG[/img]\";}'),(60,0,3,0,0,0,'82.234.128.59',1208337417,'LOG_FORUM_EDIT','a:1:{i:0;s:21:\"Discussion générale\";}'),(61,0,3,0,0,0,'82.234.128.59',1208349701,'LOG_ADMIN_AUTH_SUCCESS',''),(62,0,3,0,0,0,'82.234.128.59',1208349792,'LOG_CONFIG_SETTINGS',''),(63,0,3,0,0,0,'82.234.128.59',1208349902,'LOG_ADMIN_AUTH_SUCCESS',''),(64,0,48,0,0,0,'90.34.62.232',1208354755,'LOG_ADMIN_AUTH_SUCCESS',''),(65,0,48,0,0,0,'90.34.62.232',1208355643,'LOG_RANK_UPDATED','a:1:{i:0;s:23:\"Aussi appelé Enguerran\";}'),(66,0,48,0,0,0,'90.34.62.232',1208355888,'LOG_RANK_UPDATED','a:1:{i:0;s:5:\"Banni\";}'),(67,0,48,0,0,0,'90.34.62.232',1208355897,'LOG_RANK_UPDATED','a:1:{i:0;s:18:\"Candeloro du Verbe\";}'),(68,0,48,0,0,0,'90.34.62.232',1208355914,'LOG_RANK_UPDATED','a:1:{i:0;s:21:\"Carambar hypergolique\";}'),(69,0,48,0,0,0,'90.34.62.232',1208355924,'LOG_RANK_UPDATED','a:1:{i:0;s:25:\"Clone raté de DragonNoir\";}'),(70,0,48,0,0,0,'90.34.62.232',1208355939,'LOG_RANK_UPDATED','a:1:{i:0;s:30:\"Créateur en nette progression\";}'),(71,0,48,0,0,0,'90.34.62.232',1208355960,'LOG_RANK_UPDATED','a:1:{i:0;s:18:\"Célibataire aigri\";}'),(72,0,48,0,0,0,'90.34.62.232',1208355970,'LOG_RANK_UPDATED','a:1:{i:0;s:7:\"Halvorc\";}'),(73,0,48,0,0,0,'90.34.62.232',1208355978,'LOG_RANK_UPDATED','a:1:{i:0;s:21:\"Des moulins, Sancho !\";}'),(74,0,48,0,0,0,'90.34.62.232',1208355987,'LOG_RANK_UPDATED','a:1:{i:0;s:36:\"Il est plus rapide qu\'une crevette !\";}'),(75,0,48,0,0,0,'90.34.62.232',1208355996,'LOG_RANK_UPDATED','a:1:{i:0;s:21:\"Issu d\'un autre monde\";}'),(76,0,48,0,0,0,'90.34.62.232',1208356005,'LOG_RANK_UPDATED','a:1:{i:0;s:10:\"James A. ?\";}'),(77,0,48,0,0,0,'90.34.62.232',1208356017,'LOG_RANK_UPDATED','a:1:{i:0;s:18:\"Khazar Way of Life\";}'),(78,0,48,0,0,0,'90.34.62.232',1208356031,'LOG_RANK_UPDATED','a:1:{i:0;s:14:\"Être inutile.\";}'),(79,0,48,0,0,0,'90.34.62.232',1208356043,'LOG_RANK_UPDATED','a:1:{i:0;s:19:\"L4m3 computer 0wn3r\";}'),(80,0,48,0,0,0,'90.34.62.232',1208356051,'LOG_RANK_UPDATED','a:1:{i:0;s:20:\"La bête du caniveau\";}'),(81,0,48,0,0,0,'90.34.62.232',1208356060,'LOG_RANK_UPDATED','a:1:{i:0;s:11:\"Le Choléra\";}'),(82,0,48,0,0,0,'90.34.62.232',1208356068,'LOG_RANK_UPDATED','a:1:{i:0;s:17:\"Le Fou et le Fitz\";}'),(83,0,48,0,0,0,'90.34.62.232',1208356078,'LOG_RANK_UPDATED','a:1:{i:0;s:17:\"Le Mec aux Gettas\";}'),(84,0,48,0,0,0,'90.34.62.232',1208356087,'LOG_RANK_UPDATED','a:1:{i:0;s:12:\"Le jardinier\";}'),(85,0,48,0,0,0,'90.34.62.232',1208356105,'LOG_RANK_UPDATED','a:1:{i:0;s:22:\"Le sataniste de papier\";}'),(86,0,48,0,0,0,'90.34.62.232',1208356116,'LOG_RANK_UPDATED','a:1:{i:0;s:22:\"Le signe de la charade\";}'),(87,0,48,0,0,0,'90.34.62.232',1208356127,'LOG_RANK_UPDATED','a:1:{i:0;s:14:\"Monteur-Sensei\";}'),(88,0,48,0,0,0,'90.34.62.232',1208356135,'LOG_RANK_UPDATED','a:1:{i:0;s:30:\"Myrifique Être Administrateur\";}'),(89,0,48,0,0,0,'90.34.62.232',1208356145,'LOG_RANK_UPDATED','a:1:{i:0;s:17:\"Nai, soeur de Mea\";}'),(90,0,48,0,0,0,'90.34.62.232',1208356154,'LOG_RANK_UPDATED','a:1:{i:0;s:19:\"Natural McDo Killer\";}'),(91,0,48,0,0,0,'90.34.62.232',1208356166,'LOG_RANK_UPDATED','a:1:{i:0;s:21:\"Nosgothien polyvalent\";}'),(92,0,48,0,0,0,'90.34.62.232',1208356177,'LOG_RANK_UPDATED','a:1:{i:0;s:24:\"Oiseau de Mauvais Augure\";}'),(93,0,48,0,0,0,'90.34.62.232',1208356188,'LOG_RANK_UPDATED','a:1:{i:0;s:14:\"Otmharemoa Sin\";}'),(94,0,48,0,0,0,'90.34.62.232',1208356198,'LOG_RANK_UPDATED','a:1:{i:0;s:14:\"Otoko no michi\";}'),(95,0,48,0,0,0,'90.34.62.232',1208356211,'LOG_RANK_UPDATED','a:1:{i:0;s:22:\"Parabole Cataclysmique\";}'),(96,0,48,0,0,0,'90.34.62.232',1208356225,'LOG_RANK_UPDATED','a:1:{i:0;s:21:\"Potentat Carambolique\";}'),(97,0,48,0,0,0,'90.34.62.232',1208356239,'LOG_RANK_UPDATED','a:1:{i:0;s:25:\"Prédateur Nécromantique\";}'),(98,0,48,0,0,0,'90.34.62.232',1208356248,'LOG_RANK_UPDATED','a:1:{i:0;s:15:\"Ronce écarlate\";}'),(99,0,48,0,0,0,'90.34.62.232',1208356262,'LOG_RANK_UPDATED','a:1:{i:0;s:12:\"SSS no otoko\";}'),(100,0,48,0,0,0,'90.34.62.232',1208356291,'LOG_RANK_UPDATED','a:1:{i:0;s:15:\"Songes de louve\";}'),(101,0,48,0,0,0,'90.34.62.232',1208356304,'LOG_RANK_UPDATED','a:1:{i:0;s:10:\"Supérieur\";}'),(102,0,48,0,0,0,'90.34.62.232',1208356316,'LOG_RANK_UPDATED','a:1:{i:0;s:13:\"Techno-Potter\";}'),(103,0,48,0,0,0,'90.34.62.232',1208356327,'LOG_RANK_UPDATED','a:1:{i:0;s:9:\"The Metal\";}'),(104,0,48,0,0,0,'90.34.62.232',1208356340,'LOG_RANK_UPDATED','a:1:{i:0;s:20:\"The Ultimate Bastich\";}'),(105,0,48,0,0,0,'90.34.62.232',1208356734,'LOG_RANK_UPDATED','a:1:{i:0;s:27:\"Pamplemousse Panchromatique\";}'),(106,1,51,85,3923,0,'81.57.45.106',1208361928,'LOG_DELETE_POST','a:1:{i:0;s:27:\"Re: L\'Horloge Parlante 2008\";}'),(107,1,2,85,3923,0,'90.23.82.26',1208381343,'LOG_POST_EDITED','a:2:{i:0;s:27:\"Re: L\'Horloge Parlante 2008\";i:1;s:3:\"DIO\";}'),(108,0,153,0,0,0,'90.24.185.138',1208392595,'LOG_ACL_TRANSFER_PERMISSIONS','a:1:{i:0;s:19:\"Eche Haikaunomikous\";}'),(109,0,153,0,0,0,'90.24.185.138',1208392632,'LOG_ADMIN_AUTH_SUCCESS',''),(110,0,153,0,0,0,'90.24.185.138',1208392637,'LOG_ACL_RESTORE_PERMISSIONS','a:1:{i:0;s:19:\"Eche Haikaunomikous\";}'),(111,0,153,0,0,0,'90.24.185.138',1208392717,'LOG_FORUM_EDIT','a:1:{i:0;s:27:\"Le puits des grands rouages\";}'),(112,0,153,0,0,0,'90.24.185.138',1208392930,'LOG_FORUM_EDIT','a:1:{i:0;s:41:\"L\'histoire, la géographie et l\'économie\";}'),(113,0,153,0,0,0,'90.24.185.138',1208392954,'LOG_FORUM_EDIT','a:1:{i:0;s:41:\"L\'histoire, la géographie et l\'économie\";}'),(114,0,153,0,0,0,'90.24.185.138',1208392979,'LOG_FORUM_EDIT','a:1:{i:0;s:15:\"La cité d\'Isil\";}'),(115,0,153,0,0,0,'90.24.185.138',1208392994,'LOG_FORUM_EDIT','a:1:{i:0;s:20:\"Le Portail Corallien\";}'),(116,0,153,0,0,0,'90.24.185.138',1208393004,'LOG_FORUM_EDIT','a:1:{i:0;s:17:\"Les Jeux de Rôle\";}'),(117,0,153,0,0,0,'90.24.185.138',1208393014,'LOG_FORUM_EDIT','a:1:{i:0;s:38:\"Le musée Keros : culture et création\";}'),(118,0,153,0,0,0,'90.24.185.138',1208393023,'LOG_FORUM_EDIT','a:1:{i:0;s:39:\"Le complexe scientifique de Sael-Amarth\";}'),(119,0,153,0,0,0,'90.24.185.138',1208393031,'LOG_FORUM_EDIT','a:1:{i:0;s:20:\"Le Palais des Fêtes\";}'),(120,0,153,0,0,0,'90.24.185.138',1208393041,'LOG_FORUM_EDIT','a:1:{i:0;s:24:\"La Tour d\'Administration\";}'),(121,0,153,0,0,0,'90.24.185.138',1208393054,'LOG_FORUM_EDIT','a:1:{i:0;s:41:\"L\'histoire, la géographie et l\'économie\";}'),(122,0,153,0,0,0,'90.24.185.138',1208393081,'LOG_FORUM_EDIT','a:1:{i:0;s:42:\"Les religions, les mythes et les légendes\";}'),(123,0,153,0,0,0,'90.24.185.138',1208393113,'LOG_FORUM_EDIT','a:1:{i:0;s:55:\"Le Jeu de Rôle (sur table, grandeur nature, cartes...)\";}'),(124,0,153,0,0,0,'90.24.185.138',1208393128,'LOG_FORUM_EDIT','a:1:{i:0;s:42:\"Les suggestions, règles et fiches de JDR.\";}'),(125,0,153,0,0,0,'90.24.185.138',1208393177,'LOG_FORUM_EDIT','a:1:{i:0;s:12:\"JDR et duels\";}'),(126,0,153,0,0,0,'90.24.185.138',1208393214,'LOG_FORUM_EDIT','a:1:{i:0;s:57:\"L\'audiovisuel : Cinéma, séries télévisées, animation\";}'),(127,0,153,0,0,0,'90.24.185.138',1208393228,'LOG_FORUM_EDIT','a:1:{i:0;s:16:\"Les jeux vidéos\";}'),(128,0,153,0,0,0,'90.24.185.138',1208393243,'LOG_FORUM_EDIT','a:1:{i:0;s:58:\"La peinture, la photographie et les autres arts graphiques\";}'),(129,0,153,0,0,0,'90.24.185.138',1208393255,'LOG_FORUM_EDIT','a:1:{i:0;s:30:\"La sculpture et l\'architecture\";}'),(130,0,153,0,0,0,'90.24.185.138',1208393269,'LOG_FORUM_EDIT','a:1:{i:0;s:15:\"La littérature\";}'),(131,0,153,0,0,0,'90.24.185.138',1208393287,'LOG_FORUM_EDIT','a:1:{i:0;s:39:\"Les mangas, comics et bandes dessinées\";}'),(132,0,153,0,0,0,'90.24.185.138',1208393302,'LOG_FORUM_EDIT','a:1:{i:0;s:28:\"Les langages et les symboles\";}'),(133,0,153,0,0,0,'90.24.185.138',1208393325,'LOG_FORUM_EDIT','a:1:{i:0;s:54:\"La biologie, la médecine, la zoologie et la botanique\";}'),(134,0,153,0,0,0,'90.24.185.138',1208393341,'LOG_FORUM_EDIT','a:1:{i:0;s:13:\"Le paranormal\";}'),(135,0,153,0,0,0,'90.24.185.138',1208393358,'LOG_FORUM_EDIT','a:1:{i:0;s:44:\"Les mathématiques, la physique et la chimie\";}'),(136,0,153,0,0,0,'90.24.185.138',1208393370,'LOG_FORUM_EDIT','a:1:{i:0;s:30:\"La robotique et l\'informatique\";}'),(137,0,153,0,0,0,'90.24.185.138',1208393391,'LOG_FORUM_EDIT','a:1:{i:0;s:28:\"La cuisine et la gastronomie\";}'),(138,0,153,0,0,0,'90.24.185.138',1208393409,'LOG_FORUM_EDIT','a:1:{i:0;s:22:\"La musique et la danse\";}'),(139,0,153,0,0,0,'90.24.185.138',1208393425,'LOG_FORUM_EDIT','a:1:{i:0;s:24:\"Le théâtre et l\'opéra\";}'),(140,0,153,0,0,0,'90.24.185.138',1208393442,'LOG_FORUM_EDIT','a:1:{i:0;s:12:\"Les costumes\";}'),(141,0,153,0,0,0,'90.24.185.138',1208393459,'LOG_FORUM_EDIT','a:1:{i:0;s:31:\"Les sports et les arts martiaux\";}'),(142,0,153,0,0,0,'90.24.185.138',1208393476,'LOG_FORUM_EDIT','a:1:{i:0;s:41:\"F62 - Sexualité, pornographie et hentaï\";}'),(143,0,153,0,0,0,'90.24.185.138',1208395077,'LOG_BBCODE_ADD','a:1:{i:0;s:7:\"spoiler\";}'),(144,0,153,0,0,0,'90.24.185.138',1208395197,'LOG_BBCODE_EDIT','a:1:{i:0;s:7:\"spoiler\";}'),(145,0,153,0,0,0,'90.24.185.138',1208395254,'LOG_BBCODE_ADD','a:1:{i:0;s:6:\"center\";}'),(146,1,3,8,4081,0,'82.234.128.59',1208430434,'LOG_POST_EDITED','a:2:{i:0;s:25:\"Halo CE : Special Edition\";i:1;s:4:\"Q-po\";}'),(147,0,3,0,0,0,'82.234.128.59',1208434246,'LOG_ADMIN_AUTH_SUCCESS',''),(148,0,3,0,0,0,'82.234.128.59',1208475739,'LOG_ADMIN_AUTH_SUCCESS',''),(149,3,3,0,0,167,'82.234.128.59',1208475918,'LOG_USER_NEW_PASSWORD','a:1:{i:0;s:5:\"Akira\";}'),(150,0,3,0,0,0,'82.234.128.59',1208475918,'LOG_USER_USER_UPDATE','a:1:{i:0;s:5:\"Akira\";}'),(151,0,3,0,0,0,'82.234.128.59',1208476051,'LOG_ACL_TRANSFER_PERMISSIONS','a:1:{i:0;s:5:\"Akira\";}'),(152,0,3,0,0,0,'82.234.128.59',1208476083,'LOG_ACL_RESTORE_PERMISSIONS','a:1:{i:0;s:5:\"Akira\";}'),(153,0,2,0,0,0,'90.23.82.26',1208497440,'LOG_ADMIN_AUTH_SUCCESS',''),(154,0,153,0,0,0,'90.24.185.138',1208541596,'LOG_ADMIN_AUTH_SUCCESS',''),(155,0,153,0,0,0,'90.24.185.138',1208544916,'LOG_TEMPLATE_ADD_FS','a:1:{i:0;s:11:\"sacred2dark\";}'),(156,0,153,0,0,0,'90.24.185.138',1208544917,'LOG_THEME_ADD_DB','a:1:{i:0;s:11:\"sacred2dark\";}'),(157,0,153,0,0,0,'90.24.185.138',1208544917,'LOG_IMAGESET_ADD_FS','a:1:{i:0;s:11:\"sacred2dark\";}'),(158,0,153,0,0,0,'90.24.185.138',1208544917,'LOG_STYLE_ADD','a:1:{i:0;s:11:\"sacred2dark\";}'),(159,0,3,0,0,0,'82.234.128.59',1208563608,'LOG_ADMIN_AUTH_SUCCESS',''),(160,0,3,0,0,0,'82.234.128.59',1208563638,'LOG_USER_USER_UPDATE','a:1:{i:0;s:10:\"Dark Shive\";}'),(161,3,3,0,0,247,'82.234.128.59',1208563670,'LOG_USER_UPDATE_NAME','a:2:{i:0;s:10:\"Dark Shive\";i:1;s:5:\"Shive\";}'),(162,0,3,0,0,0,'82.234.128.59',1208563671,'LOG_USER_USER_UPDATE','a:1:{i:0;s:5:\"Shive\";}'),(163,0,3,0,0,0,'82.234.128.59',1208599949,'LOG_ADMIN_AUTH_SUCCESS',''),(164,1,119,18,4081,0,'88.180.22.14',1208634145,'LOG_DELETE_POST','a:1:{i:0;s:29:\"Re: Halo CE : Special Edition\";}'),(165,1,119,58,3971,0,'88.180.22.14',1208709210,'LOG_DELETE_POST','a:1:{i:0;s:37:\"Re: Concours : Mister Eltanin 2007 ON\";}'),(166,0,153,0,0,0,'90.24.185.138',1208729264,'LOG_ADMIN_AUTH_SUCCESS',''),(167,1,3,58,4093,0,'82.234.128.59',1208833685,'LOG_SPLIT_DESTINATION','a:1:{i:0;s:27:\"Frailty, thy name is woman!\";}'),(168,1,3,0,4092,0,'82.234.128.59',1208833685,'LOG_SPLIT_SOURCE','a:1:{i:0;s:27:\"Frailty, thy name is woman!\";}'),(169,0,48,0,0,0,'86.198.230.215',1208834197,'LOG_ADMIN_AUTH_FAIL',''),(170,0,48,0,0,0,'86.198.230.215',1208834209,'LOG_ADMIN_AUTH_SUCCESS',''),(171,0,3,0,0,0,'82.234.128.59',1208834656,'LOG_ADMIN_AUTH_SUCCESS',''),(172,0,3,0,0,0,'82.234.128.59',1208834718,'LOG_FORUM_ADD','a:1:{i:0;s:32:\"Les ateliers Méthed : création\";}'),(173,0,3,0,0,0,'82.234.128.59',1208834728,'LOG_FORUM_MOVE_UP','a:2:{i:0;s:32:\"Les ateliers Méthed : création\";i:1;s:24:\"La Tour d\'Administration\";}'),(174,0,3,0,0,0,'82.234.128.59',1208834733,'LOG_FORUM_MOVE_UP','a:2:{i:0;s:32:\"Les ateliers Méthed : création\";i:1;s:20:\"Le Palais des Fêtes\";}'),(175,0,3,0,0,0,'82.234.128.59',1208834754,'LOG_FORUM_MOVE_UP','a:2:{i:0;s:32:\"Les ateliers Méthed : création\";i:1;s:39:\"Le complexe scientifique de Sael-Amarth\";}'),(176,1,3,74,728,0,'82.234.128.59',1208836044,'LOG_DELETE_POST','a:1:{i:0;s:25:\"Chroniques Alternatives 2\";}'),(177,1,3,74,728,0,'82.234.128.59',1208836044,'LOG_DELETE_POST','a:1:{i:0;s:0:\"\";}'),(178,1,3,74,728,0,'82.234.128.59',1208836044,'LOG_DELETE_POST','a:1:{i:0;s:0:\"\";}'),(179,1,3,74,728,0,'82.234.128.59',1208836044,'LOG_DELETE_POST','a:1:{i:0;s:0:\"\";}'),(180,1,3,74,728,0,'82.234.128.59',1208836044,'LOG_DELETE_POST','a:1:{i:0;s:0:\"\";}'),(181,1,3,74,728,0,'82.234.128.59',1208836044,'LOG_DELETE_POST','a:1:{i:0;s:0:\"\";}'),(182,1,3,74,728,0,'82.234.128.59',1208836044,'LOG_DELETE_POST','a:1:{i:0;s:0:\"\";}'),(183,1,3,74,728,0,'82.234.128.59',1208836044,'LOG_DELETE_POST','a:1:{i:0;s:0:\"\";}'),(184,1,3,74,728,0,'82.234.128.59',1208836044,'LOG_DELETE_POST','a:1:{i:0;s:0:\"\";}'),(185,1,3,74,728,0,'82.234.128.59',1208836044,'LOG_DELETE_POST','a:1:{i:0;s:0:\"\";}'),(186,1,3,74,728,0,'82.234.128.59',1208836044,'LOG_DELETE_POST','a:1:{i:0;s:0:\"\";}'),(187,1,3,74,728,0,'82.234.128.59',1208836044,'LOG_DELETE_POST','a:1:{i:0;s:0:\"\";}'),(188,1,3,74,728,0,'82.234.128.59',1208836044,'LOG_DELETE_POST','a:1:{i:0;s:0:\"\";}'),(189,1,3,74,728,0,'82.234.128.59',1208836044,'LOG_DELETE_POST','a:1:{i:0;s:0:\"\";}'),(190,1,3,74,728,0,'82.234.128.59',1208836044,'LOG_DELETE_POST','a:1:{i:0;s:0:\"\";}'),(191,1,3,74,663,0,'82.234.128.59',1208836062,'LOG_DELETE_POST','a:1:{i:0;s:25:\"Chroniques Alternatives 1\";}'),(192,1,3,74,663,0,'82.234.128.59',1208836062,'LOG_DELETE_POST','a:1:{i:0;s:0:\"\";}'),(193,1,3,74,663,0,'82.234.128.59',1208836062,'LOG_DELETE_POST','a:1:{i:0;s:0:\"\";}'),(194,1,3,74,663,0,'82.234.128.59',1208836062,'LOG_DELETE_POST','a:1:{i:0;s:0:\"\";}'),(195,1,3,74,663,0,'82.234.128.59',1208836062,'LOG_DELETE_POST','a:1:{i:0;s:0:\"\";}'),(196,1,3,74,663,0,'82.234.128.59',1208836062,'LOG_DELETE_POST','a:1:{i:0;s:0:\"\";}'),(197,1,3,74,663,0,'82.234.128.59',1208836062,'LOG_DELETE_POST','a:1:{i:0;s:0:\"\";}'),(198,1,3,74,663,0,'82.234.128.59',1208836062,'LOG_DELETE_POST','a:1:{i:0;s:0:\"\";}'),(199,1,3,74,663,0,'82.234.128.59',1208836062,'LOG_DELETE_POST','a:1:{i:0;s:0:\"\";}'),(200,1,3,74,663,0,'82.234.128.59',1208836062,'LOG_DELETE_POST','a:1:{i:0;s:0:\"\";}'),(201,1,3,74,663,0,'82.234.128.59',1208836062,'LOG_DELETE_POST','a:1:{i:0;s:0:\"\";}'),(202,1,3,74,663,0,'82.234.128.59',1208836062,'LOG_DELETE_POST','a:1:{i:0;s:0:\"\";}'),(203,1,3,74,663,0,'82.234.128.59',1208836062,'LOG_DELETE_POST','a:1:{i:0;s:0:\"\";}'),(204,1,3,74,663,0,'82.234.128.59',1208836062,'LOG_DELETE_POST','a:1:{i:0;s:0:\"\";}'),(205,1,3,74,663,0,'82.234.128.59',1208836062,'LOG_DELETE_POST','a:1:{i:0;s:0:\"\";}'),(206,1,3,74,830,0,'82.234.128.59',1208836093,'LOG_DELETE_POST','a:1:{i:0;s:25:\"Chroniques Alternatives 3\";}'),(207,1,3,74,830,0,'82.234.128.59',1208836093,'LOG_DELETE_POST','a:1:{i:0;s:0:\"\";}'),(208,1,3,74,830,0,'82.234.128.59',1208836093,'LOG_DELETE_POST','a:1:{i:0;s:0:\"\";}'),(209,1,3,74,830,0,'82.234.128.59',1208836093,'LOG_DELETE_POST','a:1:{i:0;s:0:\"\";}'),(210,1,3,74,830,0,'82.234.128.59',1208836093,'LOG_DELETE_POST','a:1:{i:0;s:0:\"\";}'),(211,1,3,74,830,0,'82.234.128.59',1208836093,'LOG_DELETE_POST','a:1:{i:0;s:0:\"\";}'),(212,1,3,74,830,0,'82.234.128.59',1208836093,'LOG_DELETE_POST','a:1:{i:0;s:0:\"\";}'),(213,1,3,74,830,0,'82.234.128.59',1208836093,'LOG_DELETE_POST','a:1:{i:0;s:0:\"\";}'),(214,1,3,74,830,0,'82.234.128.59',1208836093,'LOG_DELETE_POST','a:1:{i:0;s:0:\"\";}'),(215,1,3,74,830,0,'82.234.128.59',1208836093,'LOG_DELETE_POST','a:1:{i:0;s:0:\"\";}'),(216,1,3,74,830,0,'82.234.128.59',1208836093,'LOG_DELETE_POST','a:1:{i:0;s:0:\"\";}'),(217,1,3,74,830,0,'82.234.128.59',1208836093,'LOG_DELETE_POST','a:1:{i:0;s:0:\"\";}'),(218,1,3,74,830,0,'82.234.128.59',1208836093,'LOG_DELETE_POST','a:1:{i:0;s:0:\"\";}'),(219,1,3,74,830,0,'82.234.128.59',1208836093,'LOG_DELETE_POST','a:1:{i:0;s:0:\"\";}'),(220,1,3,74,830,0,'82.234.128.59',1208836093,'LOG_DELETE_POST','a:1:{i:0;s:0:\"\";}'),(221,0,153,0,0,0,'90.24.185.138',1208836292,'LOG_ADMIN_AUTH_SUCCESS',''),(222,0,3,0,0,0,'82.234.128.59',1208836588,'LOG_FORUM_ADD','a:1:{i:0;s:15:\"La cité d\'Isil\";}'),(223,0,3,0,0,0,'82.234.128.59',1208836595,'LOG_FORUM_MOVE_UP','a:2:{i:0;s:15:\"La cité d\'Isil\";i:1;s:24:\"La Tour d\'Administration\";}'),(224,0,3,0,0,0,'82.234.128.59',1208836649,'LOG_FORUM_MOVE_UP','a:2:{i:0;s:15:\"La cité d\'Isil\";i:1;s:20:\"Le Palais des Fêtes\";}'),(225,0,3,0,0,0,'82.234.128.59',1208836661,'LOG_FORUM_MOVE_UP','a:2:{i:0;s:15:\"La cité d\'Isil\";i:1;s:39:\"Le complexe scientifique de Sael-Amarth\";}'),(226,0,3,0,0,0,'82.234.128.59',1208836685,'LOG_FORUM_EDIT','a:1:{i:0;s:15:\"La cité d\'Isil\";}'),(227,0,3,0,0,0,'82.234.128.59',1208836959,'LOG_FORUM_EDIT','a:1:{i:0;s:15:\"La cité d\'Isil\";}'),(228,0,48,0,0,0,'86.198.230.215',1208836972,'LOG_GROUP_REMOVE','a:2:{i:0;s:15:\"Administrateurs\";i:1;s:14:\"LoRd~DeLaCrOiX\";}'),(229,0,3,0,0,0,'82.234.128.59',1208836974,'LOG_FORUM_MOVE_UP','a:2:{i:0;s:15:\"La cité d\'Isil\";i:1;s:24:\"La Tour d\'Administration\";}'),(230,0,3,0,0,0,'82.234.128.59',1208836978,'LOG_FORUM_MOVE_UP','a:2:{i:0;s:15:\"La cité d\'Isil\";i:1;s:20:\"Le Palais des Fêtes\";}'),(231,0,3,0,0,0,'82.234.128.59',1208836982,'LOG_FORUM_MOVE_UP','a:2:{i:0;s:15:\"La cité d\'Isil\";i:1;s:32:\"Les ateliers Méthed : création\";}'),(232,0,3,0,0,0,'82.234.128.59',1208836985,'LOG_FORUM_MOVE_UP','a:2:{i:0;s:15:\"La cité d\'Isil\";i:1;s:38:\"Le musée Keros : culture et création\";}'),(233,0,3,0,0,0,'82.234.128.59',1208836990,'LOG_FORUM_MOVE_UP','a:2:{i:0;s:15:\"La cité d\'Isil\";i:1;s:17:\"Les Jeux de Rôle\";}'),(234,0,3,0,0,0,'82.234.128.59',1208836993,'LOG_FORUM_MOVE_UP','a:2:{i:0;s:15:\"La cité d\'Isil\";i:1;s:20:\"Le Portail Corallien\";}'),(235,0,3,0,0,0,'82.234.128.59',1208837047,'LOG_FORUM_DEL_FORUM','a:1:{i:0;s:15:\"La cité d\'Isil\";}'),(236,0,3,0,0,0,'82.234.128.59',1208837052,'LOG_FORUM_MOVE_UP','a:2:{i:0;s:15:\"La cité d\'Isil\";i:1;s:39:\"Le complexe scientifique de Sael-Amarth\";}'),(237,0,48,0,0,0,'86.198.230.215',1208837070,'LOG_GROUP_REMOVE','a:2:{i:0;s:20:\"Modérateurs globaux\";i:1;s:14:\"LoRd~DeLaCrOiX\";}'),(238,0,48,0,0,0,'86.198.230.215',1208837111,'LOG_USERS_ADDED','a:2:{i:0;s:20:\"Modérateurs globaux\";i:1;s:3:\"Amo\";}'),(239,0,3,0,0,0,'82.234.128.59',1208837122,'LOG_FORUM_MOVE_UP','a:2:{i:0;s:15:\"La cité d\'Isil\";i:1;s:32:\"Les ateliers Méthed : création\";}'),(240,0,3,0,0,0,'82.234.128.59',1208837125,'LOG_FORUM_MOVE_UP','a:2:{i:0;s:15:\"La cité d\'Isil\";i:1;s:38:\"Le musée Keros : culture et création\";}'),(241,0,3,0,0,0,'82.234.128.59',1208837128,'LOG_FORUM_MOVE_UP','a:2:{i:0;s:15:\"La cité d\'Isil\";i:1;s:17:\"Les Jeux de Rôle\";}'),(242,0,3,0,0,0,'82.234.128.59',1208837130,'LOG_FORUM_MOVE_UP','a:2:{i:0;s:17:\"Les Jeux de Rôle\";i:1;s:15:\"La cité d\'Isil\";}'),(243,0,3,0,0,0,'82.234.128.59',1208837134,'LOG_FORUM_MOVE_UP','a:2:{i:0;s:15:\"La cité d\'Isil\";i:1;s:17:\"Les Jeux de Rôle\";}'),(244,0,3,0,0,0,'82.234.128.59',1208837137,'LOG_FORUM_MOVE_UP','a:2:{i:0;s:15:\"La cité d\'Isil\";i:1;s:20:\"Le Portail Corallien\";}'),(245,0,3,0,0,0,'82.234.128.59',1208837168,'LOG_ACL_TRANSFER_PERMISSIONS','a:1:{i:0;s:4:\"Arkh\";}'),(246,0,3,0,0,0,'82.234.128.59',1208837195,'LOG_ACL_RESTORE_PERMISSIONS','a:1:{i:0;s:4:\"Arkh\";}'),(247,0,48,0,0,0,'86.198.230.215',1208837402,'LOG_GROUP_REMOVE','a:2:{i:0;s:20:\"Modérateurs globaux\";i:1;s:3:\"Amo\";}'),(248,0,48,0,0,0,'86.198.230.215',1208837476,'LOG_GROUP_PROMOTED','a:2:{i:0;s:15:\"Administrateurs\";i:1;s:16:\"Raphaël Lafarge\";}'),(249,0,3,0,0,0,'82.234.128.59',1208837571,'LOG_FORUM_EDIT','a:1:{i:0;s:34:\"Le centre-ville de la cité d\'Isil\";}'),(250,0,48,0,0,0,'86.198.230.215',1208837840,'LOG_GROUP_UPDATED','a:1:{i:0;s:15:\"Administrateurs\";}'),(251,0,3,0,0,0,'82.234.128.59',1208837944,'LOG_FORUM_EDIT','a:1:{i:0;s:39:\"Le complexe scientifique de Sael-Amarth\";}'),(252,0,48,0,0,0,'86.198.230.215',1208837952,'LOG_GROUP_UPDATED','a:1:{i:0;s:8:\"Invités\";}'),(253,0,3,0,0,0,'82.234.128.59',1208837958,'LOG_FORUM_EDIT','a:1:{i:0;s:39:\"Le complexe scientifique de Sael-Amarth\";}'),(254,0,3,0,0,0,'82.234.128.59',1208837996,'LOG_FORUM_EDIT','a:1:{i:0;s:39:\"Le complexe scientifique de Sael-Amarth\";}'),(255,0,3,0,0,0,'82.234.128.59',1208839412,'LOG_FORUM_EDIT','a:1:{i:0;s:17:\"Le Jardin Sauvage\";}'),(256,0,3,0,0,0,'82.234.128.59',1208839625,'LOG_FORUM_EDIT','a:1:{i:0;s:34:\"Le centre-ville de la cité d\'Isil\";}'),(257,0,3,0,0,0,'82.234.128.59',1208840980,'LOG_FORUM_EDIT','a:1:{i:0;s:34:\"Le centre-ville de la cité d\'Isil\";}'),(258,0,3,0,0,0,'82.234.128.59',1208844209,'LOG_FORUM_EDIT','a:1:{i:0;s:20:\"Le Portail Corallien\";}'),(259,0,3,0,0,0,'82.234.128.59',1208846011,'LOG_FORUM_EDIT','a:1:{i:0;s:16:\"Le Port Lacrymal\";}'),(260,0,3,0,0,0,'82.234.128.59',1208849022,'LOG_FORUM_EDIT','a:1:{i:0;s:15:\"Le musée Keros\";}'),(261,0,3,0,0,0,'82.234.128.59',1208850423,'LOG_FORUM_EDIT','a:1:{i:0;s:32:\"Les ateliers Méthed : création\";}'),(262,0,3,0,0,0,'82.234.128.59',1208850441,'LOG_FORUM_MOVE_DOWN','a:2:{i:0;s:32:\"Les ateliers Méthed : création\";i:1;s:39:\"Le complexe scientifique de Sael-Amarth\";}'),(263,0,3,0,0,0,'82.234.128.59',1208850444,'LOG_FORUM_MOVE_UP','a:2:{i:0;s:32:\"Les ateliers Méthed : création\";i:1;s:39:\"Le complexe scientifique de Sael-Amarth\";}'),(264,0,3,0,0,0,'82.234.128.59',1208850453,'LOG_FORUM_EDIT','a:1:{i:0;s:32:\"Les ateliers Méthed : création\";}'),(265,0,3,0,0,0,'82.234.128.59',1208850495,'LOG_FORUM_EDIT','a:1:{i:0;s:20:\"Les ateliers Méthed\";}'),(266,1,34,19,4091,0,'77.202.49.32',1208857001,'LOG_DELETE_POST','a:1:{i:0;s:16:\"Re: SATAN §§§\";}'),(267,1,269,18,4082,0,'90.35.144.245',1208861214,'LOG_DELETE_POST','a:1:{i:0;s:26:\"Re: Migration vers phpBB3.\";}'),(268,1,85,58,4094,0,'82.67.184.93',1208868085,'LOG_DELETE_TOPIC','a:1:{i:0;s:16:\"Tu peux pas test\";}'),(269,0,48,0,0,0,'86.198.230.215',1208871068,'LOG_ADMIN_AUTH_SUCCESS',''),(270,0,48,0,0,0,'86.198.230.215',1208871255,'LOG_CONFIG_SETTINGS',''),(271,0,3,0,0,0,'82.234.128.59',1208879110,'LOG_ADMIN_AUTH_SUCCESS',''),(272,0,3,0,0,0,'82.234.128.59',1208879178,'LOG_ACL_DEL_FORUM_LOCAL_F_','a:2:{i:0;s:8:\"L\'Envers\";i:1;s:46:\"<span class=\"sep\">Utilisateurs inscrits</span>\";}'),(273,0,3,0,0,0,'82.234.128.59',1208879202,'LOG_ACL_DEL_FORUM_LOCAL_F_','a:2:{i:0;s:8:\"L\'Envers\";i:1;s:33:\"<span class=\"sep\">Invités</span>\";}'),(274,0,153,0,0,0,'83.202.211.177',1208880664,'LOG_ADMIN_AUTH_SUCCESS',''),(275,0,153,0,0,0,'83.202.211.177',1208880818,'LOG_ACL_ADD_FORUM_LOCAL_F_','a:2:{i:0;s:8:\"L\'Envers\";i:1;s:29:\"L\'Ordre Chaotique des Mazokus\";}'),(276,0,153,0,0,0,'83.202.211.177',1208880931,'LOG_ACL_TRANSFER_PERMISSIONS','a:1:{i:0;s:11:\"gloccinelle\";}'),(277,0,153,0,0,0,'83.202.211.177',1208880962,'LOG_ACL_RESTORE_PERMISSIONS','a:1:{i:0;s:11:\"gloccinelle\";}'),(278,0,153,0,0,0,'83.202.211.177',1208880999,'LOG_ACL_ADD_FORUM_LOCAL_F_','a:2:{i:0;s:14:\"Les catacombes\";i:1;s:81:\"<span class=\"sep\">Invités</span>, <span class=\"sep\">Utilisateurs inscrits</span>\";}'),(279,0,153,0,0,0,'83.202.211.177',1208881010,'LOG_ACL_DEL_FORUM_LOCAL_F_','a:2:{i:0;s:14:\"Les catacombes\";i:1;s:46:\"<span class=\"sep\">Utilisateurs inscrits</span>\";}'),(280,0,153,0,0,0,'83.202.211.177',1208881018,'LOG_ACL_DEL_FORUM_LOCAL_F_','a:2:{i:0;s:14:\"Les catacombes\";i:1;s:33:\"<span class=\"sep\">Invités</span>\";}'),(281,0,153,0,0,0,'83.202.211.177',1208881098,'LOG_ACL_TRANSFER_PERMISSIONS','a:1:{i:0;s:11:\"gloccinelle\";}'),(282,0,153,0,0,0,'83.202.211.177',1208881116,'LOG_ACL_RESTORE_PERMISSIONS','a:1:{i:0;s:11:\"gloccinelle\";}'),(283,0,153,0,0,0,'83.202.211.177',1208881165,'LOG_ACL_ADD_FORUM_LOCAL_F_','a:2:{i:0;s:14:\"Les catacombes\";i:1;s:24:\"Les Phalanges Satanistes\";}'),(284,0,153,0,0,0,'83.202.211.177',1208881185,'LOG_ACL_DEL_FORUM_LOCAL_F_','a:2:{i:0;s:23:\"L\'ancien métropolitain\";i:1;s:81:\"<span class=\"sep\">Invités</span>, <span class=\"sep\">Utilisateurs inscrits</span>\";}'),(285,0,153,0,0,0,'83.202.211.177',1208881219,'LOG_ACL_DEL_FORUM_LOCAL_F_','a:2:{i:0;s:49:\"L\'ancien métropolitain, L\'Envers, Les catacombes\";i:1;s:31:\"<span class=\"sep\">Robots</span>\";}'),(286,0,153,0,0,0,'83.202.211.177',1208881300,'LOG_ACL_ADD_FORUM_LOCAL_F_','a:2:{i:0;s:23:\"L\'ancien métropolitain\";i:1;s:13:\"Le C.H.I.P.S.\";}'),(287,0,153,0,0,0,'83.202.211.177',1208881395,'LOG_ACL_TRANSFER_PERMISSIONS','a:1:{i:0;s:6:\"Rosiel\";}'),(288,0,153,0,0,0,'83.202.211.177',1208881421,'LOG_ACL_RESTORE_PERMISSIONS','a:1:{i:0;s:6:\"Rosiel\";}'),(289,0,153,0,0,0,'83.202.211.177',1208881816,'LOG_ACL_ADD_FORUM_LOCAL_F_','a:2:{i:0;s:49:\"L\'ancien métropolitain, L\'Envers, Les catacombes\";i:1;s:81:\"<span class=\"sep\">Invités</span>, <span class=\"sep\">Utilisateurs inscrits</span>\";}'),(290,0,153,0,0,0,'83.202.211.177',1208881824,'LOG_ACL_TRANSFER_PERMISSIONS','a:1:{i:0;s:6:\"kraken\";}'),(291,0,153,0,0,0,'83.202.211.177',1208881844,'LOG_ACL_RESTORE_PERMISSIONS','a:1:{i:0;s:6:\"kraken\";}'),(292,0,153,0,0,0,'83.202.211.177',1208881860,'LOG_ACL_ADD_FORUM_LOCAL_F_','a:2:{i:0;s:23:\"L\'ancien métropolitain\";i:1;s:46:\"<span class=\"sep\">Utilisateurs inscrits</span>\";}'),(293,0,153,0,0,0,'83.202.211.177',1208881867,'LOG_ACL_TRANSFER_PERMISSIONS','a:1:{i:0;s:6:\"kraken\";}'),(294,0,153,0,0,0,'83.202.211.177',1208881878,'LOG_ACL_RESTORE_PERMISSIONS','a:1:{i:0;s:6:\"kraken\";}'),(295,0,153,0,0,0,'83.202.211.177',1208881931,'LOG_ACL_ADD_FORUM_LOCAL_F_','a:2:{i:0;s:49:\"L\'ancien métropolitain, L\'Envers, Les catacombes\";i:1;s:81:\"<span class=\"sep\">Invités</span>, <span class=\"sep\">Utilisateurs inscrits</span>\";}'),(296,0,153,0,0,0,'83.202.211.177',1208881943,'LOG_ACL_TRANSFER_PERMISSIONS','a:1:{i:0;s:6:\"kraken\";}'),(297,0,153,0,0,0,'83.202.211.177',1208881963,'LOG_ACL_RESTORE_PERMISSIONS','a:1:{i:0;s:6:\"kraken\";}'),(298,0,48,0,0,0,'86.198.223.198',1208887710,'LOG_ADMIN_AUTH_FAIL',''),(299,0,48,0,0,0,'86.198.223.198',1208887717,'LOG_ADMIN_AUTH_SUCCESS',''),(300,0,48,0,0,0,'86.198.223.198',1208887792,'LOG_GROUP_UPDATED','a:1:{i:0;s:25:\"Le Comité des Sédateurs\";}'),(301,0,48,0,0,0,'86.198.223.198',1208887917,'LOG_GROUP_UPDATED','a:1:{i:0;s:25:\"Le Comité des Sédateurs\";}'),(302,0,48,0,0,0,'86.198.223.198',1208888005,'LOG_GROUP_UPDATED','a:1:{i:0;s:20:\"Modérateurs globaux\";}'),(303,0,48,0,0,0,'86.198.223.198',1208888077,'LOG_GROUP_UPDATED','a:1:{i:0;s:15:\"Administrateurs\";}'),(304,0,48,0,0,0,'86.198.223.198',1208888096,'LOG_GROUP_UPDATED','a:1:{i:0;s:21:\"La Loge des Eltarques\";}'),(305,1,3,17,3075,0,'82.234.128.59',1208888100,'LOG_MERGE','a:1:{i:0;s:17:\"cap.peter.free.fr\";}'),(306,1,3,17,2234,0,'82.234.128.59',1208888129,'LOG_MERGE','a:1:{i:0;s:19:\"Blog ...debile non?\";}'),(307,1,3,17,2896,0,'82.234.128.59',1208888150,'LOG_MERGE','a:1:{i:0;s:16:\"GAGS DAILYMOTION\";}'),(308,0,48,0,0,0,'86.198.223.198',1208888171,'LOG_GROUP_UPDATED','a:1:{i:0;s:25:\"Le Comité des Sédateurs\";}'),(309,1,3,17,2841,0,'82.234.128.59',1208888176,'LOG_MERGE','a:1:{i:0;s:29:\"Imryrr, la Cité qui Rêve...\";}'),(310,1,3,17,2844,0,'82.234.128.59',1208888195,'LOG_MERGE','a:1:{i:0;s:22:\"Naheulbeuk sur Youtube\";}'),(311,1,3,17,2825,0,'82.234.128.59',1208888215,'LOG_MERGE','a:1:{i:0;s:11:\"GAIA Online\";}'),(312,1,3,17,2484,0,'82.234.128.59',1208888233,'LOG_MERGE','a:1:{i:0;s:8:\"Bot Anna\";}'),(313,1,3,17,2769,0,'82.234.128.59',1208888250,'LOG_MERGE','a:1:{i:0;s:18:\"Les détournements\";}'),(314,1,3,17,2484,0,'82.234.128.59',1208888277,'LOG_MERGE','a:1:{i:0;s:8:\"Bot Anna\";}'),(315,1,3,17,2769,0,'82.234.128.59',1208888293,'LOG_MERGE','a:1:{i:0;s:18:\"Les détournements\";}'),(316,0,48,0,0,0,'86.198.223.198',1208889187,'LOG_GROUP_DEFAULTS','a:2:{i:0;s:25:\"Le Comité des Sédateurs\";i:1;s:3:\"Amo\";}'),(317,0,48,0,0,0,'86.198.223.198',1208889241,'LOG_GROUP_DEFAULTS','a:2:{i:0;s:25:\"Le Comité des Sédateurs\";i:1;s:8:\"Le-Kanar\";}'),(318,0,48,0,0,0,'86.198.223.198',1208889403,'LOG_GROUP_DEFAULTS','a:2:{i:0;s:25:\"Le Comité des Sédateurs\";i:1;s:103:\"Raphaël Lafarge, Arkh, Ozmaestro, Rosiel, Le-Kanar, Amo, Tovarich1917, Morgan Kane, Khaine Dragonheart\";}'),(319,0,48,0,0,0,'86.198.223.198',1208889433,'LOG_GROUP_DEFAULTS','a:2:{i:0;s:21:\"La Loge des Eltarques\";i:1;s:41:\"Q-po, Raphaël Lafarge, Ravnek ex Machina\";}'),(320,0,48,0,0,0,'86.198.223.198',1208889485,'LOG_GROUP_UPDATED','a:1:{i:0;s:15:\"Administrateurs\";}'),(321,0,3,0,0,0,'82.234.128.59',1208895071,'LOG_ADMIN_AUTH_SUCCESS',''),(322,0,3,0,0,0,'82.234.128.59',1208895383,'LOG_FORUM_EDIT','a:1:{i:0;s:20:\"Le Palais des Fêtes\";}'),(323,1,2,83,4069,0,'90.23.74.215',1208896579,'LOG_POST_EDITED','a:2:{i:0;s:56:\"Abdication, nouveaux gouvernants et réforme générale.\";i:1;s:16:\"Raphaël Lafarge\";}'),(324,0,2,0,0,0,'90.23.74.215',1208900162,'LOG_ADMIN_AUTH_SUCCESS',''),(325,0,2,0,0,0,'90.23.74.215',1208900609,'LOG_CONFIG_REGISTRATION',''),(326,0,153,0,0,0,'83.202.211.177',1208910082,'LOG_ADMIN_AUTH_SUCCESS',''),(327,1,34,19,4091,0,'77.202.49.32',1208945355,'LOG_DELETE_POST','a:1:{i:0;s:16:\"Re: SATAN §§§\";}'),(328,1,34,19,4091,0,'77.202.49.32',1208945376,'LOG_DELETE_POST','a:1:{i:0;s:16:\"Re: SATAN §§§\";}'),(329,0,3,0,0,0,'82.234.128.59',1208955480,'LOG_ADMIN_AUTH_SUCCESS',''),(330,0,3,0,0,0,'82.234.128.59',1208955598,'LOG_CONFIG_REGISTRATION',''),(331,0,3,0,0,0,'82.234.128.59',1209087431,'LOG_ADMIN_AUTH_SUCCESS',''),(332,1,3,7,4096,0,'82.234.128.59',1209121451,'LOG_SPLIT_DESTINATION','a:1:{i:0;s:24:\"Flood du sujet Le Hobbit\";}'),(333,1,3,0,3878,0,'82.234.128.59',1209121451,'LOG_SPLIT_SOURCE','a:1:{i:0;s:9:\"Le Hobbit\";}'),(334,1,3,7,4097,0,'82.234.128.59',1209121505,'LOG_SPLIT_DESTINATION','a:1:{i:0;s:7:\"Flood 2\";}'),(335,1,3,0,3878,0,'82.234.128.59',1209121505,'LOG_SPLIT_SOURCE','a:1:{i:0;s:9:\"Le Hobbit\";}'),(336,1,3,7,4096,0,'82.234.128.59',1209121550,'LOG_MERGE','a:1:{i:0;s:24:\"Flood du sujet Le Hobbit\";}'),(337,1,3,58,4098,0,'82.234.128.59',1209121594,'LOG_SPLIT_DESTINATION','a:1:{i:0;s:24:\"Flood du sujet Le Hobbit\";}'),(338,1,3,0,4096,0,'82.234.128.59',1209121594,'LOG_SPLIT_SOURCE','a:1:{i:0;s:24:\"Flood du sujet Le Hobbit\";}'),(339,1,3,58,4098,0,'82.234.128.59',1209121675,'LOG_POST_EDITED','a:2:{i:0;s:24:\"Flood du sujet Le Hobbit\";i:1;s:4:\"Yves\";}'),(340,1,3,58,4098,0,'82.234.128.59',1209121696,'LOG_POST_EDITED','a:2:{i:0;s:24:\"Flood du sujet Le Hobbit\";i:1;s:4:\"Yves\";}'),(341,0,3,0,0,0,'82.234.128.59',1209122181,'LOG_ADMIN_AUTH_SUCCESS',''),(342,0,3,0,0,0,'82.234.128.59',1209122215,'LOG_FORUM_ADD','a:1:{i:0;s:10:\"Nos images\";}'),(343,0,3,0,0,0,'82.234.128.59',1209122232,'LOG_FORUM_ADD','a:1:{i:0;s:11:\"Nos écrits\";}'),(344,0,3,0,0,0,'82.234.128.59',1209122277,'LOG_FORUM_EDIT','a:1:{i:0;s:14:\"Les catacombes\";}'),(345,0,3,0,0,0,'82.234.128.59',1209122351,'LOG_FORUM_EDIT','a:1:{i:0;s:28:\"Le Centre des Arts Physiques\";}'),(346,0,3,0,0,0,'82.234.128.59',1209122385,'LOG_FORUM_ADD','a:1:{i:0;s:20:\"Le Palais des Fêtes\";}'),(347,0,3,0,0,0,'82.234.128.59',1209122394,'LOG_FORUM_MOVE_UP','a:2:{i:0;s:20:\"Le Palais des Fêtes\";i:1;s:24:\"La Tour d\'Administration\";}'),(348,0,3,0,0,0,'82.234.128.59',1209122398,'LOG_FORUM_MOVE_UP','a:2:{i:0;s:20:\"Le Palais des Fêtes\";i:1;s:28:\"Le Centre des Arts Physiques\";}'),(349,0,3,0,0,0,'82.234.128.59',1209122413,'LOG_FORUM_EDIT','a:1:{i:0;s:28:\"La cuisine et la gastronomie\";}'),(350,0,3,0,0,0,'82.234.128.59',1209122446,'LOG_FORUM_EDIT','a:1:{i:0;s:22:\"La musique et la danse\";}'),(351,0,3,0,0,0,'82.234.128.59',1209122458,'LOG_FORUM_EDIT','a:1:{i:0;s:12:\"Les costumes\";}'),(352,0,3,0,0,0,'82.234.128.59',1209122476,'LOG_FORUM_EDIT','a:1:{i:0;s:24:\"Le théâtre et l\'opéra\";}'),(353,0,3,0,0,0,'82.234.128.59',1209122552,'LOG_FORUM_ADD','a:1:{i:0;s:8:\"Le sport\";}'),(354,0,3,0,0,0,'82.234.128.59',1209122565,'LOG_FORUM_EDIT','a:1:{i:0;s:17:\"Les arts martiaux\";}'),(355,0,3,0,0,0,'82.234.128.59',1209122586,'LOG_FORUM_MOVE_UP','a:2:{i:0;s:8:\"Le sport\";i:1;s:41:\"F62 - Sexualité, pornographie et hentaï\";}'),(356,0,3,0,0,0,'82.234.128.59',1209122589,'LOG_FORUM_MOVE_UP','a:2:{i:0;s:8:\"Le sport\";i:1;s:17:\"Les arts martiaux\";}'),(357,1,3,8,4081,0,'82.234.128.59',1209124175,'LOG_POST_EDITED','a:2:{i:0;s:25:\"Halo CE : Special Edition\";i:1;s:4:\"Q-po\";}'),(358,0,3,0,0,0,'82.234.128.59',1209125593,'LOG_FORUM_ADD','a:1:{i:0;s:27:\"Nos sculptures et maquettes\";}'),(359,0,3,0,0,0,'82.234.128.59',1209125610,'LOG_FORUM_ADD','a:1:{i:0;s:12:\"Nos musiques\";}'),(360,0,3,0,0,0,'82.234.128.59',1209125674,'LOG_FORUM_EDIT','a:1:{i:0;s:28:\"Le Centre des Arts Physiques\";}'),(361,0,3,0,0,0,'82.234.128.59',1209126399,'LOG_FORUM_EDIT','a:1:{i:0;s:20:\"Le Palais des Fêtes\";}'),(362,1,3,83,4099,0,'82.234.128.59',1209127773,'LOG_LOCK','a:1:{i:0;s:11:\"Générique\";}'),(363,1,3,58,4101,0,'82.234.128.59',1209206618,'LOG_SPLIT_DESTINATION','a:1:{i:0;s:24:\"Bulletin d\'information I\";}'),(364,1,3,0,3085,0,'82.234.128.59',1209206618,'LOG_SPLIT_SOURCE','a:1:{i:0;s:24:\"Bulletin d\'information I\";}'),(365,1,3,83,4102,0,'82.234.128.59',1209206791,'LOG_SPLIT_DESTINATION','a:1:{i:0;s:10:\"Halo Kitty\";}'),(366,1,3,0,4082,0,'82.234.128.59',1209206791,'LOG_SPLIT_SOURCE','a:1:{i:0;s:22:\"Migration vers phpBB3.\";}'),(367,1,3,8,4081,0,'82.234.128.59',1209206861,'LOG_MERGE','a:1:{i:0;s:25:\"Halo CE : Special Edition\";}'),(368,0,3,0,0,0,'82.234.128.59',1209206890,'LOG_ADMIN_AUTH_SUCCESS',''),(369,0,3,0,0,0,'82.234.128.59',1209206967,'LOG_ACL_ADD_FORUM_LOCAL_F_','a:2:{i:0;s:16:\"Les jeux vidéos\";i:1;s:33:\"<span class=\"sep\">Invités</span>\";}'),(370,1,3,18,4103,0,'82.234.128.59',1209207265,'LOG_SPLIT_DESTINATION','a:1:{i:0;s:11:\"Flood Zohar\";}'),(371,1,3,0,3085,0,'82.234.128.59',1209207265,'LOG_SPLIT_SOURCE','a:1:{i:0;s:24:\"Bulletin d\'information I\";}'),(372,1,3,18,4082,0,'82.234.128.59',1209207311,'LOG_MERGE','a:1:{i:0;s:22:\"Migration vers phpBB3.\";}'),(373,1,3,83,4104,0,'82.234.128.59',1209209359,'LOG_SPLIT_DESTINATION','a:1:{i:0;s:24:\"Bulletin d\'information I\";}'),(374,1,3,0,3085,0,'82.234.128.59',1209209359,'LOG_SPLIT_SOURCE','a:1:{i:0;s:24:\"Bulletin d\'information I\";}'),(375,1,3,58,4101,0,'82.234.128.59',1209209503,'LOG_MERGE','a:1:{i:0;s:24:\"Bulletin d\'information I\";}'),(376,1,3,58,4101,0,'82.234.128.59',1209209541,'LOG_MOVE','a:1:{i:0;s:21:\"Discussion générale\";}'),(377,1,3,83,4104,0,'82.234.128.59',1209209568,'LOG_LOCK','a:1:{i:0;s:24:\"Bulletin d\'information I\";}'),(378,1,3,83,4104,0,'82.234.128.59',1209209580,'LOG_MOVE','a:1:{i:0;s:21:\"Discussion générale\";}'),(379,0,2,0,0,0,'90.23.91.129',1209252124,'LOG_ADMIN_AUTH_SUCCESS',''),(380,0,2,0,0,0,'90.23.91.129',1209252209,'LOG_FORUM_EDIT','a:1:{i:0;s:20:\"Le balcon du Conseil\";}'),(381,0,2,0,0,0,'90.23.91.129',1209252238,'LOG_FORUM_EDIT','a:1:{i:0;s:23:\"La décharge municipale\";}'),(382,0,2,0,0,0,'90.23.91.129',1209252261,'LOG_FORUM_EDIT','a:1:{i:0;s:41:\"Nos sites [SECTION INVISIBLE, EN ATTENTE]\";}'),(383,0,153,0,0,0,'83.202.211.177',1209265005,'LOG_ADMIN_AUTH_SUCCESS',''),(384,0,3,0,0,0,'82.234.128.59',1209312205,'LOG_ADMIN_AUTH_SUCCESS',''),(385,0,3,0,0,0,'82.234.128.59',1209312228,'LOG_WORD_EDIT','a:1:{i:0;s:4:\"borv\";}'),(386,0,3,0,0,0,'82.234.128.59',1209312255,'LOG_WORD_ADD','a:1:{i:0;s:4:\"ptdr\";}'),(387,1,3,58,4108,0,'82.234.128.59',1209312283,'LOG_POST_EDITED','a:2:{i:0;s:35:\"Re: De la stupidité de la censure.\";i:1;s:6:\"Rosiel\";}'),(388,0,153,0,0,0,'83.202.211.177',1209322922,'LOG_ADMIN_AUTH_SUCCESS',''),(389,1,2,18,2192,0,'90.23.91.129',1209420653,'LOG_POST_EDITED','a:2:{i:0;s:17:\"Tous nos avatars.\";i:1;s:16:\"Raphaël Lafarge\";}'),(390,1,2,85,4030,0,'90.23.91.129',1209420677,'LOG_POST_EDITED','a:2:{i:0;s:59:\"Salle de tortures des néophytes ou sujet de présentation.\";i:1;s:6:\"fyorda\";}'),(391,1,3,7,4106,0,'82.234.128.59',1209424948,'LOG_DELETE_POST','a:1:{i:0;s:13:\"Re: Rahxephon\";}'),(392,0,3,0,0,0,'82.234.128.59',1209561389,'LOG_ADMIN_AUTH_SUCCESS',''),(393,1,315,85,3929,0,'90.43.196.142',1209571785,'LOG_DELETE_POST','a:1:{i:0;s:45:\"Re: L\'Horloge tout en Images de l\'année 2008\";}'),(394,0,153,0,0,0,'86.218.150.141',1209630589,'LOG_ADMIN_AUTH_SUCCESS',''),(395,1,2,7,4106,0,'90.23.91.129',1209667391,'LOG_POST_EDITED','a:2:{i:0;s:13:\"Re: Rahxephon\";i:1;s:10:\"Tribersman\";}'),(396,0,3,0,0,0,'82.234.128.59',1209737854,'LOG_ADMIN_AUTH_SUCCESS',''),(397,0,153,0,0,0,'83.202.182.160',1209737867,'LOG_ADMIN_AUTH_SUCCESS',''),(398,1,42,7,4106,0,'86.195.111.231',1209799338,'LOG_POST_EDITED','a:2:{i:0;s:13:\"Re: Rahxephon\";i:1;s:10:\"Tribersman\";}'),(399,1,42,7,4106,0,'86.195.111.231',1209799530,'LOG_POST_EDITED','a:2:{i:0;s:13:\"Re: Rahxephon\";i:1;s:10:\"Tribersman\";}'),(400,1,42,7,4106,0,'86.195.111.231',1209800018,'LOG_POST_EDITED','a:2:{i:0;s:13:\"Re: Rahxephon\";i:1;s:10:\"Tribersman\";}'),(401,1,42,32,4115,0,'86.195.111.231',1209810146,'LOG_POST_EDITED','a:2:{i:0;s:29:\"Re: Le rapport au pseudonyme.\";i:1;s:4:\"Jalk\";}'),(402,1,42,7,4106,0,'86.195.111.231',1209811110,'LOG_POST_EDITED','a:2:{i:0;s:13:\"Re: Rahxephon\";i:1;s:10:\"Tribersman\";}'),(403,1,2,7,4106,0,'90.23.92.176',1209839802,'LOG_POST_EDITED','a:2:{i:0;s:8:\"Merdeuh.\";i:1;s:18:\"Zohar De Malkchour\";}'),(404,1,42,8,4081,0,'90.49.139.31',1209953616,'LOG_POST_EDITED','a:2:{i:0;s:23:\"Re: Halo Custom Edition\";i:1;s:5:\"Shive\";}'),(405,1,42,32,4115,0,'90.32.225.63',1209998073,'LOG_POST_EDITED','a:2:{i:0;s:29:\"Re: Le rapport au pseudonyme.\";i:1;s:10:\"Monkey One\";}'),(406,1,42,32,4115,0,'90.32.225.63',1209998087,'LOG_POST_EDITED','a:2:{i:0;s:29:\"Re: Le rapport au pseudonyme.\";i:1;s:10:\"Monkey One\";}'),(407,0,3,0,0,0,'82.234.128.59',1210029506,'LOG_ADMIN_AUTH_SUCCESS',''),(408,0,3,0,0,0,'82.234.128.59',1210029661,'LOG_CONFIG_SETTINGS',''),(409,0,3,0,0,0,'82.234.128.59',1210046409,'LOG_ADMIN_AUTH_SUCCESS',''),(410,0,3,0,0,0,'82.234.128.59',1210046484,'LOG_USER_INACTIVE','a:1:{i:0;s:19:\"Eche Haikaunomikous\";}'),(411,3,3,0,0,1413,'82.234.128.59',1210046484,'LOG_USER_INACTIVE_USER',''),(412,1,3,58,4093,0,'82.234.128.59',1210046632,'LOG_LOCK','a:1:{i:0;s:27:\"Frailty, thy name is woman!\";}'),(413,1,42,66,3634,0,'86.195.51.129',1210084065,'LOG_DELETE_POST','a:1:{i:0;s:3:\"Re:\";}'),(414,1,3,32,4115,0,'82.234.128.59',1210206091,'LOG_DELETE_POST','a:1:{i:0;s:29:\"Re: Le rapport au pseudonyme.\";}'),(416,0,2,0,0,0,'81.65.133.178',1210262024,'LOG_CLEAR_ADMIN',''),(417,0,2,0,0,0,'81.65.133.178',1210262398,'LOG_MODULE_EDIT','a:1:{i:0;s:31:\"Historiques des administrateurs\";}'),(418,0,2,0,0,0,'81.65.133.178',1210262502,'LOG_MODULE_REMOVED','a:1:{i:0;s:31:\"Historiques des administrateurs\";}'),(419,1,2,8,4081,0,'90.23.92.176',1210273839,'LOG_POST_EDITED','a:2:{i:0;s:23:\"Re: Halo Custom Edition\";i:1;s:18:\"Zohar De Malkchour\";}'),(420,1,3,32,4115,0,'82.234.128.59',1210509894,'LOG_DELETE_POST','a:1:{i:0;s:29:\"Re: Le rapport au pseudonyme.\";}'),(421,0,3,0,0,0,'82.234.128.59',1210551943,'LOG_ADMIN_AUTH_SUCCESS',''),(422,0,3,0,0,0,'82.234.128.59',1210552002,'LOG_RANK_ADDED','a:1:{i:0;s:15:\"Regina meretrix\";}'),(423,0,3,0,0,0,'82.234.128.59',1210559476,'LOG_ADMIN_AUTH_SUCCESS',''),(424,1,54,8,4081,0,'82.231.61.194',1210585260,'LOG_POST_EDITED','a:2:{i:0;s:23:\"Re: Halo Custom Edition\";i:1;s:18:\"Le Posteur Masqué\";}'),(425,1,54,8,4081,0,'82.231.61.194',1210585291,'LOG_POST_EDITED','a:2:{i:0;s:23:\"Re: Halo Custom Edition\";i:1;s:18:\"Le Posteur Masqué\";}'),(426,1,155,8,4121,0,'86.220.109.99',1210608628,'LOG_SPLIT_DESTINATION','a:1:{i:0;s:19:\"Halo Custom Edition\";}'),(427,1,155,0,4081,0,'86.220.109.99',1210608628,'LOG_SPLIT_SOURCE','a:1:{i:0;s:19:\"Halo Custom Edition\";}'),(428,1,155,8,4121,0,'86.220.109.99',1210608656,'LOG_POST_EDITED','a:2:{i:0;s:35:\"La sucession de Halo Custom Edition\";i:1;s:3:\"DIO\";}'),(429,1,19,8,4121,0,'138.231.136.9',1210676110,'LOG_POST_EDITED','a:2:{i:0;s:39:\"Re: La sucession de Halo Custom Edition\";i:1;s:18:\"Le Posteur Masqué\";}'),(430,1,3,8,4081,0,'82.234.128.59',1210677608,'LOG_DELETE_POST','a:1:{i:0;s:23:\"Re: Halo Custom Edition\";}'),(431,1,3,8,4081,0,'82.234.128.59',1210677622,'LOG_POST_EDITED','a:2:{i:0;s:23:\"Re: Halo Custom Edition\";i:1;s:9:\"Delacroix\";}'),(432,1,3,8,4121,0,'82.234.128.59',1210706593,'LOG_POST_EDITED','a:2:{i:0;s:36:\"La succession de Halo Custom Edition\";i:1;s:3:\"DIO\";}'),(433,1,42,7,4118,0,'86.195.122.165',1210785971,'LOG_DELETE_POST','a:1:{i:0;s:12:\"Re: Iron Man\";}'),(434,0,153,0,0,0,'83.202.147.130',1210794543,'LOG_ADMIN_AUTH_SUCCESS',''),(435,0,153,0,0,0,'83.202.147.130',1210794582,'LOG_WORD_DELETE','a:1:{i:0;s:4:\"borv\";}'),(436,1,153,18,4000,0,'83.202.147.130',1210794675,'LOG_POST_EDITED','a:2:{i:0;s:34:\"Re: Le flash expliqué aux enfants\";i:1;s:9:\"Delacroix\";}'),(437,1,2,8,4121,0,'90.23.239.45',1210853439,'LOG_DELETE_POST','a:1:{i:0;s:40:\"Re: La succession de Halo Custom Edition\";}'),(438,1,2,8,4121,0,'90.23.239.45',1210853445,'LOG_DELETE_POST','a:1:{i:0;s:40:\"Re: La succession de Halo Custom Edition\";}'),(439,1,3,58,4108,0,'82.234.128.59',1210973176,'LOG_POST_EDITED','a:2:{i:0;s:35:\"Re: De la stupidité de la censure.\";i:1;s:6:\"Rosiel\";}'),(440,1,3,73,3947,0,'82.234.128.59',1211018859,'LOG_MOVE','a:1:{i:0;s:58:\"La peinture, la photographie et les autres arts graphiques\";}'),(441,1,3,73,3983,0,'82.234.128.59',1211018886,'LOG_MOVE','a:1:{i:0;s:58:\"La peinture, la photographie et les autres arts graphiques\";}'),(442,1,3,73,3463,0,'82.234.128.59',1211018928,'LOG_MOVE','a:1:{i:0;s:58:\"La peinture, la photographie et les autres arts graphiques\";}'),(443,1,3,73,3980,0,'82.234.128.59',1211018946,'LOG_MOVE','a:1:{i:0;s:58:\"La peinture, la photographie et les autres arts graphiques\";}'),(444,1,3,73,3269,0,'82.234.128.59',1211018975,'LOG_MOVE','a:1:{i:0;s:58:\"La peinture, la photographie et les autres arts graphiques\";}'),(445,1,3,73,1687,0,'82.234.128.59',1211018982,'LOG_MOVE','a:1:{i:0;s:58:\"La peinture, la photographie et les autres arts graphiques\";}'),(446,1,2,8,4121,0,'90.23.95.10',1211224830,'LOG_POST_EDITED','a:2:{i:0;s:40:\"Re: La succession de Halo Custom Edition\";i:1;s:2:\"jc\";}'),(447,1,2,8,4121,0,'90.23.95.10',1211224845,'LOG_POST_EDITED','a:2:{i:0;s:40:\"Re: La succession de Halo Custom Edition\";i:1;s:2:\"jc\";}'),(448,1,2,27,4129,0,'90.23.72.105',1211470179,'LOG_POST_EDITED','a:2:{i:0;s:49:\"Re: Doujinshis, détournements et autres parodies\";i:1;s:3:\"DIO\";}'),(449,0,2,0,0,0,'90.23.72.105',1211472482,'LOG_ADMIN_AUTH_SUCCESS',''),(450,0,3,0,0,0,'82.234.128.59',1211485909,'LOG_ADMIN_AUTH_SUCCESS',''),(451,0,3,0,0,0,'82.234.128.59',1211486213,'LOG_CONFIG_AVATAR',''),(452,1,3,32,4115,0,'82.234.128.59',1211491324,'LOG_POST_EDITED','a:2:{i:0;s:29:\"Re: Le rapport au pseudonyme.\";i:1;s:18:\"Zohar De Malkchour\";}'),(453,0,153,0,0,0,'90.24.249.148',1211572963,'LOG_ADMIN_AUTH_SUCCESS',''),(454,0,153,0,0,0,'90.24.249.148',1211573100,'LOG_ACL_ADD_FORUM_LOCAL_F_','a:2:{i:0;s:13:\"Le sanctuaire\";i:1;s:33:\"<span class=\"sep\">Invités</span>\";}'),(455,0,153,0,0,0,'90.24.249.148',1211573230,'LOG_ACL_ADD_FORUM_LOCAL_F_','a:2:{i:0;s:922:\"Le Portail Corallien, Le Port Lacrymal, Le musée Keros, Le complexe scientifique de Sael-Amarth, Le Centre des Arts Physiques, Le Jeu de Rôle (sur table, grandeur nature, cartes...), Les suggestions, règles et fiches de JDR., JDR et duels, La biologie, la médecine, la zoologie et la botanique, Le paranormal, Les mathématiques, la physique et la chimie, La robotique et l\'informatique, L\'audiovisuel : Cinéma, séries télévisées, animation, Les jeux vidéos, La peinture, la photographie et les autres arts graphiques, La sculpture et l\'architecture, La littérature, Les mangas, comics et bandes dessinées, Les langages et les symboles, La cuisine et la gastronomie, La musique et la danse, Le théâtre et l\'opéra, Les costumes, Les arts martiaux, F62 - Sexualité, pornographie et hentaï, L\'histoire, la géographie et l\'économie, Les religions, les mythes et les légendes, Le sport, Le Palais des Fêtes\";i:1;s:33:\"<span class=\"sep\">Invités</span>\";}'),(456,0,153,0,0,0,'90.24.249.148',1211573289,'LOG_ACL_ADD_FORUM_LOCAL_F_','a:2:{i:0;s:8:\"L\'Envers\";i:1;s:33:\"<span class=\"sep\">Invités</span>\";}'),(457,0,153,0,0,0,'90.24.249.148',1211573333,'LOG_ACL_ADD_FORUM_LOCAL_F_','a:2:{i:0;s:248:\"Le centre-ville de la cité d\'Isil, Discussion générale, Les Réunions, Le Jardin Sauvage, Les Thermes de Zoroastre, Les petites annonces, Le sanctuaire, Le puits des grands rouages, Les archives, L\'ancien métropolitain, Les catacombes, L\'Envers\";i:1;s:33:\"<span class=\"sep\">Invités</span>\";}'),(458,0,153,0,0,0,'90.24.249.148',1211573372,'LOG_ACL_ADD_FORUM_LOCAL_F_','a:2:{i:0;s:114:\"Nos sites [SECTION INVISIBLE, EN ATTENTE], La décharge municipale, Le balcon du Conseil, La Tour d\'Administration\";i:1;s:33:\"<span class=\"sep\">Invités</span>\";}'),(459,0,153,0,0,0,'90.24.249.148',1211573477,'LOG_ACL_ADD_FORUM_LOCAL_F_','a:2:{i:0;s:1378:\"Le centre-ville de la cité d\'Isil, Le Portail Corallien, Le Port Lacrymal, Le musée Keros, Le complexe scientifique de Sael-Amarth, Le Centre des Arts Physiques, La Tour d\'Administration, Discussion générale, Les Réunions, Le Jardin Sauvage, Les Thermes de Zoroastre, Les petites annonces, Le sanctuaire, Le puits des grands rouages, Les archives, L\'ancien métropolitain, Les catacombes, L\'Envers, Le Jeu de Rôle (sur table, grandeur nature, cartes...), Les suggestions, règles et fiches de JDR., JDR et duels, Le balcon du Conseil, La décharge municipale, Nos sites [SECTION INVISIBLE, EN ATTENTE], La biologie, la médecine, la zoologie et la botanique, Le paranormal, Les mathématiques, la physique et la chimie, La robotique et l\'informatique, L\'audiovisuel : Cinéma, séries télévisées, animation, Les jeux vidéos, La peinture, la photographie et les autres arts graphiques, La sculpture et l\'architecture, La littérature, Les mangas, comics et bandes dessinées, Les langages et les symboles, La cuisine et la gastronomie, La musique et la danse, Le théâtre et l\'opéra, Les costumes, Les arts martiaux, F62 - Sexualité, pornographie et hentaï, L\'histoire, la géographie et l\'économie, Les religions, les mythes et les légendes, Le sport, Le Palais des Fêtes, Nos musiques, Les ateliers Méthed, Nos sculptures et maquettes, Nos images, Nos écrits\";i:1;s:33:\"<span class=\"sep\">Invités</span>\";}'),(460,0,153,0,0,0,'90.24.249.148',1211574803,'LOG_ACL_ADD_FORUM_LOCAL_F_','a:2:{i:0;s:1378:\"Le centre-ville de la cité d\'Isil, Le Portail Corallien, Le Port Lacrymal, Le musée Keros, Le complexe scientifique de Sael-Amarth, Le Centre des Arts Physiques, La Tour d\'Administration, Discussion générale, Les Réunions, Le Jardin Sauvage, Les Thermes de Zoroastre, Les petites annonces, Le sanctuaire, Le puits des grands rouages, Les archives, L\'ancien métropolitain, Les catacombes, L\'Envers, Le Jeu de Rôle (sur table, grandeur nature, cartes...), Les suggestions, règles et fiches de JDR., JDR et duels, Le balcon du Conseil, La décharge municipale, Nos sites [SECTION INVISIBLE, EN ATTENTE], La biologie, la médecine, la zoologie et la botanique, Le paranormal, Les mathématiques, la physique et la chimie, La robotique et l\'informatique, L\'audiovisuel : Cinéma, séries télévisées, animation, Les jeux vidéos, La peinture, la photographie et les autres arts graphiques, La sculpture et l\'architecture, La littérature, Les mangas, comics et bandes dessinées, Les langages et les symboles, La cuisine et la gastronomie, La musique et la danse, Le théâtre et l\'opéra, Les costumes, Les arts martiaux, F62 - Sexualité, pornographie et hentaï, L\'histoire, la géographie et l\'économie, Les religions, les mythes et les légendes, Le sport, Le Palais des Fêtes, Nos musiques, Les ateliers Méthed, Nos sculptures et maquettes, Nos images, Nos écrits\";i:1;s:33:\"<span class=\"sep\">Invités</span>\";}'),(461,1,3,52,4130,0,'82.234.128.59',1211587302,'LOG_FORK','a:1:{i:0;s:21:\"Discussion générale\";}'),(462,1,3,52,4130,0,'82.234.128.59',1211587345,'LOG_DELETE_POST','a:1:{i:0;s:0:\"\";}'),(463,1,3,52,4130,0,'82.234.128.59',1211587352,'LOG_DELETE_POST','a:1:{i:0;s:0:\"\";}'),(464,1,3,52,4131,0,'82.234.128.59',1211587451,'LOG_SPLIT_DESTINATION','a:1:{i:0;s:39:\"Torture &quot;culinaire&quot; des chats\";}'),(465,1,3,0,4130,0,'82.234.128.59',1211587451,'LOG_SPLIT_SOURCE','a:1:{i:0;s:41:\"L\'Horloge tout en Images de l\'année 2008\";}'),(466,1,3,52,0,0,'82.234.128.59',1211587468,'LOG_DELETE_TOPIC','a:1:{i:0;s:41:\"L\'Horloge tout en Images de l\'année 2008\";}'),(467,1,3,85,3929,0,'82.234.128.59',1211587692,'LOG_POST_EDITED','a:2:{i:0;s:45:\"Re: L\'Horloge tout en Images de l\'année 2008\";i:1;s:18:\"Khaine Dragonheart\";}'),(468,1,3,85,3929,0,'82.234.128.59',1211587707,'LOG_POST_EDITED','a:2:{i:0;s:45:\"Re: L\'Horloge tout en Images de l\'année 2008\";i:1;s:17:\"Ravnek ex Machina\";}'),(469,1,42,52,4131,0,'90.32.228.243',1211631283,'LOG_POST_EDITED','a:2:{i:0;s:45:\"Re: L\'Horloge tout en Images de l\'année 2008\";i:1;s:18:\"Zohar De Malkchour\";}'),(470,1,54,85,3929,0,'82.231.61.194',1211637710,'LOG_POST_EDITED','a:2:{i:0;s:45:\"Re: L\'Horloge tout en Images de l\'année 2008\";i:1;s:18:\"Khaine Dragonheart\";}'),(471,1,54,85,3929,0,'82.231.61.194',1211637732,'LOG_POST_EDITED','a:2:{i:0;s:45:\"Re: L\'Horloge tout en Images de l\'année 2008\";i:1;s:17:\"Ravnek ex Machina\";}'),(472,1,42,18,3924,0,'90.32.228.243',1211643859,'LOG_POST_EDITED','a:2:{i:0;s:41:\"Re: Avatars, pseudonymes, signatures 2008\";i:1;s:8:\"Le-Kanar\";}'),(473,1,42,18,3924,0,'90.32.228.243',1211652760,'LOG_POST_EDITED','a:2:{i:0;s:41:\"Re: Avatars, pseudonymes, signatures 2008\";i:1;s:3:\"DIO\";}'),(474,1,34,8,4134,0,'77.202.103.132',1211898060,'LOG_DELETE_POST','a:1:{i:0;s:32:\"Les Dialogues de Final Fantasy 7\";}'),(475,1,34,8,4134,0,'77.202.103.132',1211898072,'LOG_DELETE_TOPIC','a:1:{i:0;s:32:\"Les Dialogues de Final Fantasy 7\";}'),(476,1,3,48,4135,0,'90.34.184.35',1211911988,'LOG_FORK','a:1:{i:0;s:54:\"La biologie, la médecine, la zoologie et la botanique\";}'),(477,1,3,48,4135,0,'90.34.184.35',1211912041,'LOG_POST_EDITED','a:2:{i:0;s:38:\"Les spécialités culinaires cruelles.\";i:1;s:18:\"Khaine Dragonheart\";}'),(478,1,34,85,3931,0,'77.202.103.132',1211912310,'LOG_DELETE_POST','a:1:{i:0;s:27:\"Re: L\'Horloge Musicale 2008\";}'),(479,1,347,52,4131,0,'86.71.192.91',1211919276,'LOG_POST_EDITED','a:2:{i:0;s:43:\"Re: Torture &quot;culinaire&quot; des chats\";i:1;s:4:\"Arkh\";}'),(480,1,347,52,4131,0,'86.71.192.91',1211919333,'LOG_POST_EDITED','a:2:{i:0;s:43:\"Re: Torture &quot;culinaire&quot; des chats\";i:1;s:4:\"Arkh\";}'),(481,1,2,8,4136,0,'90.23.72.105',1212037547,'LOG_POST_EDITED','a:2:{i:0;s:22:\"AIR RIVALS -FUCK YEAH-\";i:1;s:18:\"Le Posteur Masqué\";}'),(482,1,2,8,4136,0,'90.23.227.213',1212151296,'LOG_POST_EDITED','a:2:{i:0;s:26:\"Re: AIR RIVALS -FUCK YEAH-\";i:1;s:18:\"Le Posteur Masqué\";}'),(483,1,3,74,1392,0,'82.234.128.59',1212162262,'LOG_POST_EDITED','a:2:{i:0;s:2:\":)\";i:1;s:6:\"Grhyll\";}'),(484,1,2,48,3461,0,'90.23.237.167',1212351493,'LOG_POST_EDITED','a:2:{i:0;s:29:\"Re: Raconte moi un cosplay...\";i:1;s:11:\"Morgan Kane\";}'),(485,0,3,0,0,0,'82.234.128.59',1212357276,'LOG_ADMIN_AUTH_SUCCESS',''),(486,0,3,0,0,0,'82.234.128.59',1212357357,'LOG_FORUM_EDIT','a:1:{i:0;s:10:\"Nos images\";}'),(487,0,3,0,0,0,'82.234.128.59',1212357378,'LOG_FORUM_EDIT','a:1:{i:0;s:11:\"Nos écrits\";}'),(488,0,3,0,0,0,'82.234.128.59',1212357387,'LOG_FORUM_EDIT','a:1:{i:0;s:27:\"Nos sculptures et maquettes\";}'),(489,0,3,0,0,0,'82.234.128.59',1212357397,'LOG_FORUM_EDIT','a:1:{i:0;s:12:\"Nos musiques\";}'),(490,1,3,74,345,0,'82.234.128.59',1212358006,'LOG_MOVE','a:1:{i:0;s:15:\"La littérature\";}'),(491,1,42,48,3461,0,'86.65.189.26',1212389319,'LOG_POST_EDITED','a:2:{i:0;s:29:\"Re: Raconte moi un cosplay...\";i:1;s:11:\"Morgan Kane\";}'),(492,1,42,48,3461,0,'86.65.189.26',1212389422,'LOG_POST_EDITED','a:2:{i:0;s:29:\"Re: Raconte moi un cosplay...\";i:1;s:11:\"Morgan Kane\";}'),(493,1,42,48,3461,0,'86.65.189.26',1212389487,'LOG_POST_EDITED','a:2:{i:0;s:29:\"Re: Raconte moi un cosplay...\";i:1;s:11:\"Morgan Kane\";}'),(494,0,3,0,0,0,'82.234.128.59',1212434955,'LOG_ADMIN_AUTH_SUCCESS',''),(495,0,3,0,0,0,'82.234.128.59',1212434986,'LOG_FORUM_EDIT','a:1:{i:0;s:20:\"Les ateliers Méthed\";}'),(496,0,3,0,0,0,'82.234.128.59',1212435028,'LOG_FORUM_ADD','a:1:{i:0;s:18:\"Les divers univers\";}'),(497,0,153,0,0,0,'83.202.179.237',1212440885,'LOG_ACL_TRANSFER_PERMISSIONS','a:1:{i:0;s:18:\"Zohar De Malkchour\";}'),(498,0,153,0,0,0,'83.202.179.237',1212440940,'LOG_ADMIN_AUTH_SUCCESS',''),(499,0,153,0,0,0,'83.202.179.237',1212440947,'LOG_ACL_RESTORE_PERMISSIONS','a:1:{i:0;s:18:\"Zohar De Malkchour\";}'),(500,0,153,0,0,0,'83.202.179.237',1212441012,'LOG_ACL_ADD_FORUM_LOCAL_F_','a:2:{i:0;s:66:\"Nos images, Nos écrits, Nos sculptures et maquettes, Nos musiques\";i:1;s:46:\"<span class=\"sep\">Utilisateurs inscrits</span>\";}'),(501,0,153,0,0,0,'83.202.179.237',1212441046,'LOG_ACL_ADD_FORUM_LOCAL_F_','a:2:{i:0;s:18:\"Les divers univers\";i:1;s:46:\"<span class=\"sep\">Utilisateurs inscrits</span>\";}'),(502,1,2,7,4144,0,'90.23.237.167',1212478365,'LOG_DELETE_TOPIC','a:1:{i:0;s:28:\"Spider-man par James Cameron\";}'),(503,0,3,0,0,0,'82.234.128.59',1212516277,'LOG_ADMIN_AUTH_SUCCESS',''),(504,0,3,0,0,0,'82.234.128.59',1212519746,'LOG_USER_REACTIVATE','a:1:{i:0;s:11:\"bicabonathe\";}'),(505,3,3,0,0,1530,'82.234.128.59',1212519746,'LOG_USER_REACTIVATE_USER',''),(506,0,3,0,0,0,'82.234.128.59',1212520047,'LOG_ACL_TRANSFER_PERMISSIONS','a:1:{i:0;s:11:\"bicabonathe\";}'),(507,0,3,0,0,0,'82.234.128.59',1212520061,'LOG_ACL_RESTORE_PERMISSIONS','a:1:{i:0;s:11:\"bicabonathe\";}'),(508,0,3,0,0,0,'82.234.128.59',1212520097,'LOG_USER_ACTIVE','a:1:{i:0;s:11:\"bicabonathe\";}'),(509,3,3,0,0,1530,'82.234.128.59',1212520097,'LOG_USER_ACTIVE_USER',''),(510,3,3,0,0,1530,'82.234.128.59',1212520156,'LOG_USER_NEW_PASSWORD','a:1:{i:0;s:11:\"bicabonathe\";}'),(511,0,3,0,0,0,'82.234.128.59',1212520156,'LOG_USER_USER_UPDATE','a:1:{i:0;s:11:\"bicabonathe\";}'),(512,3,1530,0,0,1530,'92.128.10.196',1212520357,'LOG_USER_NEW_PASSWORD','a:1:{i:0;s:11:\"bicabonathe\";}'),(513,1,3,18,3924,0,'82.234.128.59',1212534947,'LOG_DELETE_POST','a:1:{i:0;s:41:\"Re: Avatars, pseudonymes, signatures 2008\";}'),(514,0,3,0,0,0,'82.234.128.59',1212646431,'LOG_ADMIN_AUTH_SUCCESS',''),(515,1,3,83,4082,0,'82.234.128.59',1212653387,'LOG_POST_EDITED','a:2:{i:0;s:22:\"Migration vers phpBB3.\";i:1;s:3:\"Fab\";}'),(516,1,3,85,4146,0,'82.234.128.59',1212653414,'LOG_LOCK','a:1:{i:0;s:23:\"Les Eltanhirs de A à Z\";}'),(517,1,2,8,4136,0,'90.23.235.178',1212664466,'LOG_DELETE_POST','a:1:{i:0;s:26:\"Re: AIR RIVALS -FUCK YEAH-\";}'),(518,1,54,8,4147,0,'82.231.61.194',1212695319,'LOG_SPLIT_DESTINATION','a:1:{i:0;s:22:\"Beyond Good and Evil 2\";}'),(519,1,54,0,4136,0,'82.231.61.194',1212695319,'LOG_SPLIT_SOURCE','a:1:{i:0;s:22:\"AIR RIVALS -FUCK YEAH-\";}'),(520,0,3,0,0,0,'88.175.163.104',1212896919,'LOG_ADMIN_AUTH_SUCCESS',''),(521,1,3,85,3923,0,'88.175.163.104',1212897676,'LOG_LOCK','a:1:{i:0;s:23:\"L\'Horloge Parlante 2008\";}'),(522,1,3,54,4150,0,'88.175.163.104',1212897716,'LOG_FORK','a:1:{i:0;s:21:\"Discussion générale\";}'),(523,1,3,54,4151,0,'88.175.163.104',1212897866,'LOG_SPLIT_DESTINATION','a:1:{i:0;s:23:\"L\'Horloge Parlante 2008\";}'),(524,1,3,0,4150,0,'88.175.163.104',1212897866,'LOG_SPLIT_SOURCE','a:1:{i:0;s:23:\"L\'Horloge Parlante 2008\";}'),(525,1,3,54,0,0,'88.175.163.104',1212897899,'LOG_DELETE_TOPIC','a:1:{i:0;s:23:\"L\'Horloge Parlante 2008\";}'),(526,1,3,54,0,0,'88.175.163.104',1212897917,'LOG_DELETE_TOPIC','a:1:{i:0;s:23:\"L\'Horloge Parlante 2008\";}'),(527,1,3,54,4152,0,'88.175.163.104',1212897934,'LOG_FORK','a:1:{i:0;s:21:\"Discussion générale\";}'),(528,1,3,54,4152,0,'88.175.163.104',1212897978,'LOG_MOVE','a:1:{i:0;s:34:\"Le centre-ville de la cité d\'Isil\";}'),(529,1,3,54,4153,0,'88.175.163.104',1212898042,'LOG_SPLIT_DESTINATION','a:1:{i:0;s:23:\"L\'Horloge Parlante 2008\";}'),(530,1,3,0,4152,0,'88.175.163.104',1212898042,'LOG_SPLIT_SOURCE','a:1:{i:0;s:23:\"L\'Horloge Parlante 2008\";}'),(531,1,3,40,4154,0,'88.175.163.104',1212898087,'LOG_SPLIT_DESTINATION','a:1:{i:0;s:23:\"L\'Horloge Parlante 2008\";}'),(532,1,3,0,4152,0,'88.175.163.104',1212898087,'LOG_SPLIT_SOURCE','a:1:{i:0;s:23:\"L\'Horloge Parlante 2008\";}'),(533,1,3,40,4154,0,'88.175.163.104',1212898106,'LOG_POST_EDITED','a:2:{i:0;s:9:\"Horloge 1\";i:1;s:3:\"Amo\";}'),(534,1,3,40,4154,0,'88.175.163.104',1212898205,'LOG_MERGE','a:1:{i:0;s:9:\"Horloge 1\";}'),(535,1,3,40,4154,0,'88.175.163.104',1212898218,'LOG_DELETE_POST','a:1:{i:0;s:9:\"Horloge 1\";}'),(536,1,3,40,4154,0,'88.175.163.104',1212898224,'LOG_DELETE_POST','a:1:{i:0;s:27:\"Re: L\'Horloge Parlante 2008\";}'),(537,1,3,40,4154,0,'88.175.163.104',1212898228,'LOG_DELETE_POST','a:1:{i:0;s:27:\"Re: L\'Horloge Parlante 2008\";}'),(538,1,3,40,4154,0,'88.175.163.104',1212898234,'LOG_DELETE_POST','a:1:{i:0;s:27:\"Re: L\'Horloge Parlante 2008\";}'),(539,1,3,40,4154,0,'88.175.163.104',1212898240,'LOG_DELETE_POST','a:1:{i:0;s:27:\"Re: L\'Horloge Parlante 2008\";}'),(540,1,3,40,4154,0,'88.175.163.104',1212898246,'LOG_DELETE_POST','a:1:{i:0;s:27:\"Re: L\'Horloge Parlante 2008\";}'),(541,1,3,40,4154,0,'88.175.163.104',1212898251,'LOG_DELETE_POST','a:1:{i:0;s:27:\"Re: L\'Horloge Parlante 2008\";}'),(542,1,3,40,4154,0,'88.175.163.104',1212898256,'LOG_DELETE_POST','a:1:{i:0;s:27:\"Re: L\'Horloge Parlante 2008\";}'),(543,1,3,54,0,0,'88.175.163.104',1212898471,'LOG_DELETE_TOPIC','a:1:{i:0;s:23:\"L\'Horloge Parlante 2008\";}'),(544,1,3,40,4154,0,'88.175.163.104',1212898497,'LOG_POST_EDITED','a:2:{i:0;s:25:\"L\'horloge : Affaire Shive\";i:1;s:5:\"Shive\";}'),(545,1,3,40,4154,0,'88.175.163.104',1212898510,'LOG_POST_EDITED','a:2:{i:0;s:25:\"L\'horloge : affaire Shive\";i:1;s:5:\"Shive\";}'),(546,1,3,85,3923,0,'88.175.163.104',1212898557,'LOG_POST_EDITED','a:2:{i:0;s:27:\"Re: L\'Horloge Parlante 2008\";i:1;s:8:\"Le-Kanar\";}'),(547,1,3,85,3923,0,'88.175.163.104',1212898595,'LOG_POST_EDITED','a:2:{i:0;s:27:\"Re: L\'Horloge Parlante 2008\";i:1;s:8:\"Le-Kanar\";}'),(548,1,3,85,3923,0,'88.175.163.104',1212898610,'LOG_POST_EDITED','a:2:{i:0;s:27:\"Re: L\'Horloge Parlante 2008\";i:1;s:18:\"Le Posteur Masqué\";}'),(549,1,3,85,3923,0,'88.175.163.104',1212898625,'LOG_POST_EDITED','a:2:{i:0;s:27:\"Re: L\'Horloge Parlante 2008\";i:1;s:5:\"Shive\";}'),(550,1,3,85,3923,0,'88.175.163.104',1212898636,'LOG_POST_EDITED','a:2:{i:0;s:27:\"Re: L\'Horloge Parlante 2008\";i:1;s:18:\"Le Posteur Masqué\";}'),(551,1,3,85,3923,0,'88.175.163.104',1212898645,'LOG_POST_EDITED','a:2:{i:0;s:27:\"Re: L\'Horloge Parlante 2008\";i:1;s:18:\"Le Posteur Masqué\";}'),(552,1,3,85,3923,0,'88.175.163.104',1212898658,'LOG_POST_EDITED','a:2:{i:0;s:27:\"Re: L\'Horloge Parlante 2008\";i:1;s:3:\"Fab\";}'),(553,1,3,85,3923,0,'88.175.163.104',1212898667,'LOG_POST_EDITED','a:2:{i:0;s:27:\"Re: L\'Horloge Parlante 2008\";i:1;s:5:\"Shive\";}'),(554,1,3,85,3923,0,'88.175.163.104',1212898678,'LOG_POST_EDITED','a:2:{i:0;s:27:\"Re: L\'Horloge Parlante 2008\";i:1;s:5:\"Shive\";}'),(555,1,3,85,3923,0,'88.175.163.104',1212898694,'LOG_POST_EDITED','a:2:{i:0;s:27:\"Re: L\'Horloge Parlante 2008\";i:1;s:18:\"Le Posteur Masqué\";}'),(556,1,3,85,3923,0,'88.175.163.104',1212898702,'LOG_POST_EDITED','a:2:{i:0;s:27:\"Re: L\'Horloge Parlante 2008\";i:1;s:8:\"Le-Kanar\";}'),(557,1,3,40,4154,0,'88.175.163.104',1212898784,'LOG_MOVE','a:1:{i:0;s:20:\"Le balcon du Conseil\";}'),(558,0,3,0,0,0,'82.234.128.59',1212907981,'LOG_ADMIN_AUTH_SUCCESS',''),(559,1,42,40,4154,0,'90.49.13.10',1212934948,'LOG_DELETE_POST','a:1:{i:0;s:29:\"Re: L\'horloge : affaire Shive\";}'),(560,0,153,0,0,0,'83.202.238.50',1212935279,'LOG_ADMIN_AUTH_SUCCESS',''),(561,0,153,0,0,0,'83.202.238.50',1212935461,'LOG_ACL_DEL_FORUM_LOCAL_F_','a:2:{i:0;s:23:\"La décharge municipale\";i:1;s:11:\"Morgan Kane\";}'),(562,0,153,0,0,0,'83.202.238.50',1212935565,'LOG_ACL_ADD_FORUM_LOCAL_F_','a:2:{i:0;s:23:\"La décharge municipale\";i:1;s:18:\"Le Posteur Masqué\";}'),(563,0,153,0,0,0,'83.202.238.50',1212935692,'LOG_ACL_TRANSFER_PERMISSIONS','a:1:{i:0;s:18:\"Le Posteur Masqué\";}'),(564,0,153,0,0,0,'83.202.238.50',1212935718,'LOG_ACL_RESTORE_PERMISSIONS','a:1:{i:0;s:18:\"Le Posteur Masqué\";}'),(565,0,153,0,0,0,'83.202.238.50',1212935775,'LOG_ACL_ADD_FORUM_LOCAL_F_','a:2:{i:0;s:24:\"La Tour d\'Administration\";i:1;s:18:\"Le Posteur Masqué\";}'),(566,0,153,0,0,0,'83.202.238.50',1212935785,'LOG_ACL_TRANSFER_PERMISSIONS','a:1:{i:0;s:18:\"Le Posteur Masqué\";}'),(567,0,153,0,0,0,'83.202.238.50',1212935802,'LOG_ACL_RESTORE_PERMISSIONS','a:1:{i:0;s:18:\"Le Posteur Masqué\";}'),(568,0,153,0,0,0,'83.202.238.50',1212935933,'LOG_ACL_TRANSFER_PERMISSIONS','a:1:{i:0;s:19:\"Eche Haikaunomikous\";}'),(569,0,153,0,0,0,'83.202.238.50',1212935944,'LOG_ACL_RESTORE_PERMISSIONS','a:1:{i:0;s:19:\"Eche Haikaunomikous\";}'),(838,0,2,0,0,0,'90.23.207.37',1214763546,'LOG_ADMIN_AUTH_SUCCESS',''),(839,1,3,85,4158,0,'81.51.239.152',1214766906,'LOG_DELETE_POST','a:1:{i:0;s:30:\"Re: Horloge parlante 2008 v1.3\";}'),(840,1,3,85,4158,0,'81.51.239.152',1214770649,'LOG_LOCK','a:1:{i:0;s:26:\"Horloge parlante 2008 v1.3\";}'),(841,1,3,85,4158,0,'81.51.239.152',1214770678,'LOG_MOVE','a:1:{i:0;s:21:\"Discussion gÃ©nÃ©rale\";}'),(842,1,3,85,4158,0,'81.51.239.152',1214770825,'LOG_DELETE_POST','a:1:{i:0;s:30:\"Re: Horloge parlante 2008 v1.3\";}'),(843,1,3,85,4158,0,'81.51.239.152',1214770865,'LOG_DELETE_POST','a:1:{i:0;s:30:\"Re: Horloge parlante 2008 v1.3\";}'),(844,1,3,85,4158,0,'81.51.239.152',1214770873,'LOG_DELETE_POST','a:1:{i:0;s:30:\"Re: Horloge parlante 2008 v1.3\";}'),(845,1,3,18,3924,0,'81.51.239.152',1214772969,'LOG_DELETE_POST','a:1:{i:0;s:41:\"Re: Avatars, pseudonymes, signatures 2008\";}'),(846,1,3,85,4187,0,'81.51.239.152',1214772980,'LOG_DELETE_POST','a:1:{i:0;s:27:\"Re: Horloge Parlante 4 2008\";}'),(847,0,2,0,0,0,'90.23.207.37',1214773143,'LOG_ADMIN_AUTH_SUCCESS',''),(848,0,2,0,0,0,'90.23.207.37',1214773366,'LOG_CONFIG_POST',''),(849,1,3,18,3179,0,'81.51.239.152',1214773396,'LOG_DELETE_POST','a:1:{i:0;s:24:\"Re: Big Brother Syndrome\";}'),(850,1,3,18,4183,0,'81.51.239.152',1214773470,'LOG_DELETE_POST','a:1:{i:0;s:27:\"Re: Sus Ã  la 13e lettre!!!\";}'),(851,0,3,0,0,0,'81.51.239.152',1214773815,'LOG_ADMIN_AUTH_SUCCESS',''),(852,0,3,0,0,0,'81.51.239.152',1214774037,'LOG_USERS_ADDED','a:2:{i:0;s:25:\"Le ComitÃ© des SÃ©dateurs\";i:1;s:2:\"JC\";}'),(853,1,3,85,3929,0,'81.51.239.152',1214774712,'LOG_DELETE_POST','a:1:{i:0;s:45:\"Re: L\'Horloge tout en Images de l\'annÃ©e 2008\";}'),(854,0,153,0,0,0,'90.24.130.182',1214777530,'LOG_ADMIN_AUTH_SUCCESS',''),(855,0,48,0,0,0,'86.198.165.146',1214777582,'LOG_ADMIN_AUTH_FAIL',''),(856,0,48,0,0,0,'86.198.165.146',1214777589,'LOG_ADMIN_AUTH_SUCCESS',''),(857,0,2,0,0,0,'90.23.207.37',1214789679,'LOG_ADMIN_AUTH_SUCCESS',''),(858,0,2,0,0,0,'90.23.207.37',1214789696,'LOG_WORD_ADD','a:1:{i:0;s:3:\"*m*\";}'),(859,0,2,0,0,0,'90.23.207.37',1214789704,'LOG_WORD_ADD','a:1:{i:0;s:3:\"*b*\";}'),(860,0,2,0,0,0,'90.23.207.37',1214789713,'LOG_WORD_ADD','a:1:{i:0;s:3:\"*a*\";}'),(861,0,2,0,0,0,'90.23.207.37',1214789886,'LOG_WORD_DELETE','a:1:{i:0;s:3:\"*a*\";}'),(862,0,2,0,0,0,'90.23.207.37',1214789932,'LOG_WORD_DELETE','a:1:{i:0;s:3:\"*b*\";}'),(863,0,2,0,0,0,'90.23.207.37',1214789936,'LOG_WORD_DELETE','a:1:{i:0;s:3:\"*m*\";}'),(864,0,153,0,0,0,'90.24.130.182',1214823645,'LOG_ADMIN_AUTH_SUCCESS',''),(865,1,119,83,4188,0,'88.180.22.14',1214845258,'LOG_LOCK','a:1:{i:0;s:31:\"Bon, c\'est pas le tout, mais...\";}'),(866,1,2,83,4190,0,'90.23.207.37',1214853653,'LOG_DELETE_POST','a:1:{i:0;s:18:\"Re: Lettre ouverte\";}'),(867,1,325,83,4190,0,'83.201.179.11',1214854100,'LOG_DELETE_POST','a:1:{i:0;s:18:\"Re: Lettre ouverte\";}'),(868,1,325,83,4190,0,'83.201.179.11',1214854246,'LOG_DELETE_POST','a:1:{i:0;s:18:\"Re: Lettre ouverte\";}'),(869,0,3,0,0,0,'82.234.128.59',1214858455,'LOG_ADMIN_AUTH_SUCCESS',''),(870,1,3,83,4188,0,'82.234.128.59',1214861574,'LOG_DELETE_POST','a:1:{i:0;s:35:\"Re: Bon, c\'est pas le tout, mais...\";}'),(871,0,3,0,0,0,'82.234.128.59',1214861642,'LOG_FORUM_DEL_MOVE_POSTS','a:2:{i:0;s:23:\"La dÃ©charge municipale\";i:1;s:23:\"L\'ancien mÃ©tropolitain\";}'),(872,0,3,0,0,0,'82.234.128.59',1214861670,'LOG_FORUM_DEL_MOVE_POSTS','a:2:{i:0;s:23:\"La dÃ©charge municipale\";i:1;s:14:\"Les catacombes\";}'),(873,0,3,0,0,0,'82.234.128.59',1214861708,'LOG_FORUM_DEL_MOVE_POSTS','a:2:{i:0;s:23:\"La dÃ©charge municipale\";i:1;s:8:\"L\'Envers\";}'),(874,0,3,0,0,0,'82.234.128.59',1214861780,'LOG_FORUM_EDIT','a:1:{i:0;s:26:\"Les dÃ©bats philosophiques\";}'),(875,0,3,0,0,0,'82.234.128.59',1214861800,'LOG_FORUM_EDIT','a:1:{i:0;s:15:\"Le centre-ville\";}'),(876,0,3,0,0,0,'82.234.128.59',1214861823,'LOG_FORUM_EDIT','a:1:{i:0;s:23:\"Le Forum de la LibertÃ©\";}'),(877,0,3,0,0,0,'82.234.128.59',1214861877,'LOG_FORUM_EDIT','a:1:{i:0;s:17:\"Les Jeux de RÃ´le\";}'),(878,0,3,0,0,0,'82.234.128.59',1214861915,'LOG_FORUM_EDIT','a:1:{i:0;s:10:\"La culture\";}'),(879,0,3,0,0,0,'82.234.128.59',1214861949,'LOG_FORUM_EDIT','a:1:{i:0;s:14:\"Nos crÃ©ations\";}'),(880,0,3,0,0,0,'82.234.128.59',1214861971,'LOG_FORUM_EDIT','a:1:{i:0;s:12:\"Les sciences\";}'),(881,0,3,0,0,0,'82.234.128.59',1214862069,'LOG_FORUM_EDIT','a:1:{i:0;s:27:\"Les spectacles et la fiesta\";}'),(882,0,3,0,0,0,'82.234.128.59',1214862092,'LOG_FORUM_EDIT','a:1:{i:0;s:13:\"Corps et Ã¢me\";}'),(883,0,3,0,0,0,'82.234.128.59',1214862114,'LOG_FORUM_EDIT','a:1:{i:0;s:26:\"Les dÃ©bats philosophiques\";}'),(884,0,48,0,0,0,'86.198.165.146',1214862903,'LOG_ADMIN_AUTH_SUCCESS',''),(885,1,3,83,4190,0,'82.234.128.59',1214865169,'LOG_POST_EDITED','a:2:{i:0;s:18:\"Re: Lettre ouverte\";i:1;s:7:\"Oui-Wee\";}'),(886,1,3,83,4190,0,'82.234.128.59',1214899014,'LOG_DELETE_POST','a:1:{i:0;s:18:\"Re: Lettre ouverte\";}'),(887,1,3,85,4187,0,'82.234.128.59',1214900773,'LOG_DELETE_POST','a:1:{i:0;s:27:\"Re: Horloge Parlante 4 2008\";}'),(888,0,3,0,0,0,'82.234.128.59',1214919955,'LOG_ADMIN_AUTH_SUCCESS',''),(889,0,3,0,0,0,'82.234.128.59',1214919974,'LOG_FORUM_EDIT','a:1:{i:0;s:17:\"Le Jardin Sauvage\";}'),(890,0,3,0,0,0,'82.234.128.59',1214922885,'LOG_FORUM_ADD','a:1:{i:0;s:13:\"PrÃ©sentation\";}'),(891,1,3,85,4146,0,'82.234.128.59',1214922925,'LOG_MOVE','a:1:{i:0;N;}'),(892,0,3,0,0,0,'82.234.128.59',1214922971,'LOG_FORUM_MOVE_UP','a:2:{i:0;s:13:\"PrÃ©sentation\";i:1;s:12:\"Les archives\";}'),(893,0,3,0,0,0,'82.234.128.59',1214922973,'LOG_FORUM_MOVE_UP','a:2:{i:0;s:13:\"PrÃ©sentation\";i:1;s:27:\"Le puits des grands rouages\";}'),(894,0,3,0,0,0,'82.234.128.59',1214922976,'LOG_FORUM_MOVE_UP','a:2:{i:0;s:13:\"PrÃ©sentation\";i:1;s:13:\"Le sanctuaire\";}'),(895,0,3,0,0,0,'82.234.128.59',1214922978,'LOG_FORUM_MOVE_UP','a:2:{i:0;s:13:\"PrÃ©sentation\";i:1;s:20:\"Les petites annonces\";}'),(896,0,3,0,0,0,'82.234.128.59',1214922980,'LOG_FORUM_MOVE_UP','a:2:{i:0;s:13:\"PrÃ©sentation\";i:1;s:17:\"Le Jardin Sauvage\";}'),(897,0,3,0,0,0,'82.234.128.59',1214922983,'LOG_FORUM_MOVE_UP','a:2:{i:0;s:13:\"PrÃ©sentation\";i:1;s:13:\"Les RÃ©unions\";}'),(898,0,3,0,0,0,'82.234.128.59',1214922986,'LOG_FORUM_MOVE_UP','a:2:{i:0;s:13:\"PrÃ©sentation\";i:1;s:21:\"Discussion gÃ©nÃ©rale\";}'),(899,0,3,0,0,0,'82.234.128.59',1214923121,'LOG_FORUM_EDIT','a:1:{i:0;s:13:\"PrÃ©sentation\";}'),(900,1,3,18,4191,0,'82.234.128.59',1214924058,'LOG_LOCK','a:1:{i:0;s:40:\"Marche Ã  suivre pour les nouveaux venus\";}'),(901,0,3,0,0,0,'82.234.128.59',1214928708,'LOG_CONFIG_SETTINGS',''),(902,0,3,0,0,0,'82.234.128.59',1214930592,'LOG_ACL_TRANSFER_PERMISSIONS','a:1:{i:0;s:9:\"Ozmaestro\";}'),(903,0,3,0,0,0,'82.234.128.59',1214930621,'LOG_ACL_RESTORE_PERMISSIONS','a:1:{i:0;s:9:\"Ozmaestro\";}'),(904,0,3,0,0,0,'82.234.128.59',1214930670,'LOG_FORUM_EDIT','a:1:{i:0;s:13:\"PrÃ©sentation\";}'),(905,0,3,0,0,0,'82.234.128.59',1214930766,'LOG_FORUM_ADD','a:1:{i:0;s:18:\"Nos sites Internet\";}'),(906,0,3,0,0,0,'82.234.128.59',1214930805,'LOG_FORUM_EDIT','a:1:{i:0;s:18:\"Nos sites Internet\";}'),(907,0,3,0,0,0,'82.234.128.59',1214930861,'LOG_FORUM_EDIT','a:1:{i:0;s:13:\"Le sanctuaire\";}'),(908,1,3,85,4193,0,'82.234.128.59',1214933464,'LOG_FORK','a:1:{i:0;s:21:\"Discussion gÃ©nÃ©rale\";}'),(909,1,3,85,4194,0,'82.234.128.59',1214933628,'LOG_SPLIT_DESTINATION','a:1:{i:0;s:7:\"Lynsent\";}'),(910,1,3,85,4193,0,'82.234.128.59',1214933628,'LOG_SPLIT_SOURCE','a:1:{i:0;s:59:\"Salle de tortures des nÃ©ophytes ou sujet de prÃ©sentation.\";}'),(911,1,3,85,4193,0,'82.234.128.59',1214933652,'LOG_POST_EDITED','a:2:{i:0;s:23:\"Sujet de prÃ©sentation.\";i:1;s:6:\"fyorda\";}'),(912,1,3,85,4030,0,'82.234.128.59',1214933730,'LOG_MOVE','a:1:{i:0;s:21:\"Discussion gÃ©nÃ©rale\";}'),(913,1,3,83,4190,0,'82.234.128.59',1214934330,'LOG_DELETE_POST','a:1:{i:0;s:18:\"Re: Lettre ouverte\";}'),(914,1,3,83,4190,0,'82.234.128.59',1214934343,'LOG_POST_EDITED','a:2:{i:0;s:18:\"Re: Lettre ouverte\";i:1;s:6:\"Rosiel\";}'),(915,0,3,0,0,0,'82.234.128.59',1214959267,'LOG_ADMIN_AUTH_SUCCESS',''),(916,0,3,0,0,0,'82.234.128.59',1214959316,'LOG_CONFIG_AVATAR',''),(917,1,153,58,4196,0,'90.24.205.169',1214969024,'LOG_MOVE','a:1:{i:0;s:21:\"Discussion gÃ©nÃ©rale\";}'),(918,0,153,0,0,0,'90.24.205.169',1214970781,'LOG_ADMIN_AUTH_SUCCESS',''),(919,1,3,19,4174,0,'82.234.128.59',1215002248,'LOG_POST_EDITED','a:2:{i:0;s:28:\"Re: L\'origine de la pensÃ©e.\";i:1;s:10:\"Tribersman\";}'),(920,1,3,40,4197,0,'82.234.128.59',1215025678,'LOG_MOVE','a:1:{i:0;s:17:\"Le Jardin Sauvage\";}'),(921,1,3,83,4190,0,'82.234.128.59',1215025717,'LOG_LOCK','a:1:{i:0;s:14:\"Lettre ouverte\";}'),(922,0,3,0,0,0,'82.234.128.59',1215025737,'LOG_ADMIN_AUTH_SUCCESS',''),(923,0,3,0,0,0,'82.234.128.59',1215025766,'LOG_USER_DELETED','a:1:{i:0;s:8:\"Antonyme\";}'),(924,0,153,0,0,0,'90.24.192.137',1215037615,'LOG_ADMIN_AUTH_SUCCESS',''),(925,0,48,0,0,0,'86.198.160.125',1215051076,'LOG_ADMIN_AUTH_SUCCESS',''),(926,0,48,0,0,0,'86.198.160.125',1215051183,'LOG_RANK_ADDED','a:1:{i:0;s:16:\"Bouffon du chaos\";}'),(927,0,3,0,0,0,'82.234.128.59',1215052441,'LOG_ADMIN_AUTH_SUCCESS',''),(928,0,3,0,0,0,'82.234.128.59',1215052497,'LOG_USERS_ADDED','a:2:{i:0;s:25:\"Le ComitÃ© des SÃ©dateurs\";i:1;s:9:\"Ozmaestro\";}'),(929,1,3,58,4196,0,'82.234.128.59',1215052803,'LOG_MOVE','a:1:{i:0;s:26:\"Les dÃ©bats philosophiques\";}'),(930,0,3,0,0,0,'82.234.128.59',1215070437,'LOG_ADMIN_AUTH_SUCCESS',''),(931,0,3,0,0,0,'82.234.128.59',1215070464,'LOG_USERS_ADDED','a:2:{i:0;s:25:\"Le ComitÃ© des SÃ©dateurs\";i:1;s:3:\"Amo\";}'),(932,1,34,52,4202,0,'77.202.86.160',1215107544,'LOG_SPLIT_DESTINATION','a:1:{i:0;s:24:\"L\'origine de la pensÃ©e.\";}'),(933,1,34,0,4174,0,'77.202.86.160',1215107544,'LOG_SPLIT_SOURCE','a:1:{i:0;s:24:\"L\'origine de la pensÃ©e.\";}'),(934,1,3,83,4190,0,'82.234.128.59',1215108056,'LOG_MOVE','a:1:{i:0;s:21:\"Discussion gÃ©nÃ©rale\";}'),(935,1,3,83,4188,0,'82.234.128.59',1215108081,'LOG_MOVE','a:1:{i:0;s:21:\"Discussion gÃ©nÃ©rale\";}'),(936,0,48,0,0,0,'86.198.160.125',1215122236,'LOG_ADMIN_AUTH_SUCCESS',''),(937,0,48,0,0,0,'86.198.160.125',1215122306,'LOG_GROUP_DEFAULTS','a:2:{i:0;s:25:\"Le ComitÃ© des SÃ©dateurs\";i:1;s:18:\"Ozmaestro, jc, Amo\";}'),(938,0,2,0,0,0,'90.23.85.34',1215124705,'LOG_ADMIN_AUTH_SUCCESS',''),(939,0,3,0,0,0,'82.234.128.59',1215127926,'LOG_ADMIN_AUTH_SUCCESS',''),(940,0,3,0,0,0,'82.234.128.59',1215127991,'LOG_USERS_ADDED','a:2:{i:0;s:25:\"Le ComitÃ© des SÃ©dateurs\";i:1;s:12:\"Tovarich1917\";}'),(941,0,48,0,0,0,'86.198.160.125',1215139326,'LOG_GROUP_DEFAULTS','a:2:{i:0;s:25:\"Le ComitÃ© des SÃ©dateurs\";i:1;s:12:\"Tovarich1917\";}'),(942,1,3,8,2250,0,'82.234.128.59',1215532873,'LOG_POST_EDITED','a:2:{i:0;s:17:\"Kingdom Hearts II\";i:1;s:4:\"Jalk\";}'),(943,1,3,8,2250,0,'82.234.128.59',1215533175,'LOG_POST_EDITED','a:2:{i:0;s:17:\"Kingdom Hearts II\";i:1;s:13:\"Viper Dragoon\";}'),(944,1,3,8,2250,0,'82.234.128.59',1215533191,'LOG_POST_EDITED','a:2:{i:0;s:17:\"Kingdom Hearts II\";i:1;s:5:\"Jamic\";}'),(945,1,3,83,4204,0,'82.234.128.59',1215625453,'LOG_FORK','a:1:{i:0;s:21:\"Discussion gÃ©nÃ©rale\";}'),(946,1,3,27,4205,0,'82.234.128.59',1215625498,'LOG_SPLIT_DESTINATION','a:1:{i:0;s:23:\"Horloge Parlante 4 2008\";}'),(947,1,3,0,4204,0,'82.234.128.59',1215625498,'LOG_SPLIT_SOURCE','a:1:{i:0;s:23:\"Horloge Parlante 4 2008\";}'),(948,1,3,27,4205,0,'82.234.128.59',1215625575,'LOG_POST_EDITED','a:2:{i:0;s:13:\"Dresden Codak\";i:1;s:10:\"Tribersman\";}'),(949,1,3,83,0,0,'82.234.128.59',1215625592,'LOG_DELETE_TOPIC','a:1:{i:0;s:23:\"Horloge Parlante 4 2008\";}'),(950,1,3,27,4205,0,'82.234.128.59',1215625610,'LOG_MOVE','a:1:{i:0;s:15:\"Le centre-ville\";}'),(951,0,3,0,0,0,'82.234.128.59',1215632383,'LOG_ADMIN_AUTH_SUCCESS',''),(952,1,3,85,4059,0,'82.234.128.59',1215703857,'LOG_MOVE','a:1:{i:0;s:21:\"Discussion gÃ©nÃ©rale\";}'),(953,1,3,55,3282,0,'82.234.128.59',1215703988,'LOG_POST_EDITED','a:2:{i:0;s:15:\"Nicolas Sarkozy\";i:1;s:8:\"Ewigkeit\";}'),(954,1,3,85,3191,0,'82.234.128.59',1215704642,'LOG_MOVE','a:1:{i:0;s:12:\"Les archives\";}'),(955,1,3,85,691,0,'82.234.128.59',1215704670,'LOG_MOVE','a:1:{i:0;s:12:\"Les archives\";}'),(956,1,3,85,4,0,'82.234.128.59',1215704726,'LOG_MOVE','a:1:{i:0;s:12:\"Les archives\";}'),(957,1,3,85,2035,0,'82.234.128.59',1215704752,'LOG_MOVE','a:1:{i:0;s:12:\"Les archives\";}'),(958,1,3,85,1636,0,'82.234.128.59',1215704800,'LOG_MOVE','a:1:{i:0;s:12:\"Les archives\";}'),(959,1,3,85,748,0,'82.234.128.59',1215704855,'LOG_MOVE','a:1:{i:0;s:12:\"Les archives\";}'),(960,1,3,85,772,0,'82.234.128.59',1215704869,'LOG_MOVE','a:1:{i:0;s:12:\"Les archives\";}'),(961,1,3,85,2473,0,'82.234.128.59',1215704963,'LOG_MOVE','a:1:{i:0;s:12:\"Les archives\";}'),(962,1,3,85,2348,0,'82.234.128.59',1215705015,'LOG_MOVE','a:1:{i:0;s:12:\"Les archives\";}'),(963,1,3,18,1455,0,'82.234.128.59',1215705067,'LOG_MOVE','a:1:{i:0;s:12:\"Les archives\";}'),(964,0,3,0,0,0,'82.234.128.59',1215705086,'LOG_ADMIN_AUTH_SUCCESS',''),(965,0,3,0,0,0,'82.234.128.59',1215705160,'LOG_FORUM_ADD','a:1:{i:0;s:28:\"Les archives administratives\";}'),(966,0,3,0,0,0,'82.234.128.59',1215705182,'LOG_FORUM_EDIT','a:1:{i:0;s:24:\"Les archives gÃ©nÃ©rales\";}'),(967,0,3,0,0,0,'82.234.128.59',1215705232,'LOG_FORUM_EDIT','a:1:{i:0;s:28:\"Les archives administratives\";}'),(968,0,3,0,0,0,'82.234.128.59',1215705245,'LOG_FORUM_EDIT','a:1:{i:0;s:12:\"Les archives\";}'),(969,0,3,0,0,0,'82.234.128.59',1215705276,'LOG_FORUM_EDIT','a:1:{i:0;s:24:\"Les archives gÃ©nÃ©rales\";}'),(970,0,3,0,0,0,'82.234.128.59',1215705307,'LOG_FORUM_ADD','a:1:{i:0;s:12:\"Les archives\";}'),(971,0,3,0,0,0,'82.234.128.59',1215705324,'LOG_FORUM_EDIT','a:1:{i:0;s:28:\"Les archives administratives\";}'),(972,0,3,0,0,0,'82.234.128.59',1215705351,'LOG_FORUM_EDIT','a:1:{i:0;s:25:\"Les archives des dÃ©lires\";}'),(973,0,3,0,0,0,'82.234.128.59',1215705363,'LOG_FORUM_EDIT','a:1:{i:0;s:25:\"Les archives des dÃ©lires\";}'),(974,1,3,83,2380,0,'82.234.128.59',1215705390,'LOG_MOVE','a:1:{i:0;s:25:\"Les archives des dÃ©lires\";}'),(975,1,3,18,503,0,'82.234.128.59',1215705412,'LOG_MOVE','a:1:{i:0;s:25:\"Les archives des dÃ©lires\";}'),(976,1,3,83,206,0,'82.234.128.59',1215705440,'LOG_MOVE','a:1:{i:0;s:25:\"Les archives des dÃ©lires\";}'),(977,1,3,85,3459,0,'82.234.128.59',1215705472,'LOG_MOVE','a:1:{i:0;s:25:\"Les archives des dÃ©lires\";}'),(978,1,3,83,4185,0,'82.234.128.59',1215705524,'LOG_POST_EDITED','a:2:{i:0;s:59:\"Madame et messieurs les sÃ©dateurs, nous vous remercions...\";i:1;s:17:\"Ravnek ex Machina\";}'),(979,1,3,7,3151,0,'82.234.128.59',1215705553,'LOG_MOVE','a:1:{i:0;s:25:\"Les archives des dÃ©lires\";}'),(980,1,3,18,1869,0,'82.234.128.59',1215705613,'LOG_MOVE','a:1:{i:0;s:25:\"Les archives des dÃ©lires\";}'),(981,1,3,18,2754,0,'82.234.128.59',1215705703,'LOG_MOVE','a:1:{i:0;s:25:\"Les archives des dÃ©lires\";}'),(982,1,3,83,2764,0,'82.234.128.59',1215705743,'LOG_MOVE','a:1:{i:0;s:25:\"Les archives des dÃ©lires\";}'),(983,1,3,85,2071,0,'82.234.128.59',1215705775,'LOG_MOVE','a:1:{i:0;s:25:\"Les archives des dÃ©lires\";}'),(984,1,3,83,2334,0,'82.234.128.59',1215705874,'LOG_MOVE','a:1:{i:0;s:25:\"Les archives des dÃ©lires\";}'),(985,1,3,24,2083,0,'82.234.128.59',1215705935,'LOG_MOVE','a:1:{i:0;s:25:\"Les archives des dÃ©lires\";}'),(986,1,3,83,2101,0,'82.234.128.59',1215705991,'LOG_MOVE','a:1:{i:0;s:25:\"Les archives des dÃ©lires\";}'),(987,1,3,83,1278,0,'82.234.128.59',1215706003,'LOG_MOVE','a:1:{i:0;s:25:\"Les archives des dÃ©lires\";}'),(988,1,3,18,174,0,'82.234.128.59',1215706032,'LOG_MOVE','a:1:{i:0;s:25:\"Les archives des dÃ©lires\";}'),(989,1,3,83,1962,0,'82.234.128.59',1215706043,'LOG_MOVE','a:1:{i:0;s:25:\"Les archives des dÃ©lires\";}'),(990,1,3,83,1919,0,'82.234.128.59',1215706193,'LOG_MOVE','a:1:{i:0;s:25:\"Les archives des dÃ©lires\";}'),(991,1,3,83,1354,0,'82.234.128.59',1215706294,'LOG_DELETE_POST','a:1:{i:0;s:0:\"\";}'),(992,1,3,83,1608,0,'82.234.128.59',1215706307,'LOG_MOVE','a:1:{i:0;s:25:\"Les archives des dÃ©lires\";}'),(993,1,3,83,1354,0,'82.234.128.59',1215706316,'LOG_MOVE','a:1:{i:0;s:25:\"Les archives des dÃ©lires\";}'),(994,1,3,85,1649,0,'82.234.128.59',1215706329,'LOG_MOVE','a:1:{i:0;s:25:\"Les archives des dÃ©lires\";}'),(995,1,3,18,3130,0,'82.234.128.59',1215706494,'LOG_MOVE','a:1:{i:0;s:25:\"Les archives des dÃ©lires\";}'),(996,1,3,32,1427,0,'82.234.128.59',1215706556,'LOG_MOVE','a:1:{i:0;s:25:\"Les archives des dÃ©lires\";}'),(997,1,3,83,899,0,'82.234.128.59',1215706580,'LOG_MOVE','a:1:{i:0;s:25:\"Les archives des dÃ©lires\";}'),(998,1,3,83,812,0,'82.234.128.59',1215706597,'LOG_MOVE','a:1:{i:0;s:25:\"Les archives des dÃ©lires\";}'),(999,1,3,83,1155,0,'82.234.128.59',1215706609,'LOG_MOVE','a:1:{i:0;s:25:\"Les archives des dÃ©lires\";}'),(1000,1,3,18,1542,0,'82.234.128.59',1215706765,'LOG_MOVE','a:1:{i:0;s:25:\"Les archives des dÃ©lires\";}'),(1001,1,3,83,1588,0,'82.234.128.59',1215706801,'LOG_MOVE','a:1:{i:0;s:25:\"Les archives des dÃ©lires\";}'),(1002,1,3,83,2337,0,'82.234.128.59',1215706819,'LOG_MOVE','a:1:{i:0;s:25:\"Les archives des dÃ©lires\";}'),(1003,1,3,83,2026,0,'82.234.128.59',1215706896,'LOG_MOVE','a:1:{i:0;s:25:\"Les archives des dÃ©lires\";}'),(1004,1,3,83,1731,0,'82.234.128.59',1215706960,'LOG_MOVE','a:1:{i:0;s:25:\"Les archives des dÃ©lires\";}'),(1005,1,3,83,1812,0,'82.234.128.59',1215706973,'LOG_MOVE','a:1:{i:0;s:25:\"Les archives des dÃ©lires\";}'),(1006,1,3,85,1737,0,'82.234.128.59',1215706985,'LOG_MOVE','a:1:{i:0;s:25:\"Les archives des dÃ©lires\";}'),(1007,1,3,83,143,0,'82.234.128.59',1215707019,'LOG_MOVE','a:1:{i:0;s:25:\"Les archives des dÃ©lires\";}'),(1008,1,3,83,4190,0,'82.234.128.59',1215707029,'LOG_MOVE','a:1:{i:0;s:25:\"Les archives des dÃ©lires\";}'),(1009,1,3,83,4188,0,'82.234.128.59',1215707040,'LOG_MOVE','a:1:{i:0;s:25:\"Les archives des dÃ©lires\";}'),(1010,1,3,85,3598,0,'82.234.128.59',1215707083,'LOG_MOVE','a:1:{i:0;s:25:\"Les archives des dÃ©lires\";}'),(1011,1,3,18,1934,0,'82.234.128.59',1215707101,'LOG_MOVE','a:1:{i:0;s:25:\"Les archives des dÃ©lires\";}'),(1012,1,3,83,3146,0,'82.234.128.59',1215707288,'LOG_MOVE','a:1:{i:0;s:25:\"Les archives des dÃ©lires\";}'),(1013,1,3,83,3230,0,'82.234.128.59',1215707309,'LOG_MOVE','a:1:{i:0;s:25:\"Les archives des dÃ©lires\";}'),(1014,1,3,8,3258,0,'82.234.128.59',1215708367,'LOG_MOVE','a:1:{i:0;s:25:\"Les archives des dÃ©lires\";}'),(1015,1,3,85,3314,0,'82.234.128.59',1215708514,'LOG_MOVE','a:1:{i:0;s:25:\"Les archives des dÃ©lires\";}'),(1016,1,3,85,3254,0,'82.234.128.59',1215708523,'LOG_MOVE','a:1:{i:0;s:25:\"Les archives des dÃ©lires\";}'),(1017,1,3,55,2741,0,'82.234.128.59',1215708655,'LOG_MOVE','a:1:{i:0;s:25:\"Les archives des dÃ©lires\";}'),(1018,1,3,32,1172,0,'82.234.128.59',1215708677,'LOG_MOVE','a:1:{i:0;s:25:\"Les archives des dÃ©lires\";}'),(1019,1,3,85,1276,0,'82.234.128.59',1215708694,'LOG_MOVE','a:1:{i:0;s:25:\"Les archives des dÃ©lires\";}'),(1020,1,3,83,1584,0,'82.234.128.59',1215708703,'LOG_MOVE','a:1:{i:0;s:25:\"Les archives des dÃ©lires\";}'),(1021,1,3,83,177,0,'82.234.128.59',1215708712,'LOG_MOVE','a:1:{i:0;s:25:\"Les archives des dÃ©lires\";}'),(1022,1,3,85,771,0,'82.234.128.59',1215708724,'LOG_MOVE','a:1:{i:0;s:25:\"Les archives des dÃ©lires\";}'),(1023,0,3,0,0,0,'82.234.128.59',1215708782,'LOG_FORUM_EDIT','a:1:{i:0;s:12:\"Les archives\";}'),(1024,0,3,0,0,0,'82.234.128.59',1215708857,'LOG_FORUM_ADD','a:1:{i:0;s:21:\"Les archives diverses\";}'),(1025,0,3,0,0,0,'82.234.128.59',1215708877,'LOG_FORUM_DEL_MOVE_POSTS','a:2:{i:0;s:21:\"Les archives diverses\";i:1;s:25:\"Les archives des dÃ©lires\";}'),(1026,1,3,66,1479,0,'82.234.128.59',1215708942,'LOG_MOVE','a:1:{i:0;s:21:\"Discussion gÃ©nÃ©rale\";}'),(1027,1,3,83,4085,0,'82.234.128.59',1215708975,'LOG_MOVE','a:1:{i:0;s:21:\"Discussion gÃ©nÃ©rale\";}'),(1028,1,3,83,3644,0,'82.234.128.59',1215708992,'LOG_MOVE','a:1:{i:0;s:21:\"Discussion gÃ©nÃ©rale\";}'),(1029,1,3,57,2091,0,'82.234.128.59',1215709004,'LOG_MOVE','a:1:{i:0;s:21:\"Discussion gÃ©nÃ©rale\";}'),(1030,1,3,83,4069,0,'82.234.128.59',1215709044,'LOG_MOVE','a:1:{i:0;s:21:\"Discussion gÃ©nÃ©rale\";}'),(1031,1,3,83,4049,0,'82.234.128.59',1215709055,'LOG_MOVE','a:1:{i:0;s:21:\"Discussion gÃ©nÃ©rale\";}'),(1032,1,3,74,2296,0,'82.234.128.59',1215709126,'LOG_MOVE','a:1:{i:0;s:21:\"Discussion gÃ©nÃ©rale\";}'),(1033,1,3,74,2272,0,'82.234.128.59',1215709142,'LOG_MOVE','a:1:{i:0;s:21:\"Discussion gÃ©nÃ©rale\";}'),(1034,0,3,0,0,0,'82.234.128.59',1216082323,'LOG_ADMIN_AUTH_SUCCESS',''),(1035,1,3,85,4210,0,'82.234.128.59',1216086130,'LOG_POST_EDITED','a:2:{i:0;s:7:\"Bonjour\";i:1;s:11:\"bicabonathe\";}'),(1036,1,3,85,4210,0,'82.234.128.59',1216086139,'LOG_POST_EDITED','a:2:{i:0;s:7:\"Bonjour\";i:1;s:11:\"bicabonathe\";}'),(1037,1,3,85,4210,0,'82.234.128.59',1216101085,'LOG_POST_EDITED','a:2:{i:0;s:7:\"Bonjour\";i:1;s:11:\"bicabonathe\";}'),(1038,1,3,85,4210,0,'82.234.128.59',1216101200,'LOG_POST_EDITED','a:2:{i:0;s:11:\"Re: Bonjour\";i:1;s:6:\"l\'hote\";}'),(1039,1,3,83,2380,0,'82.234.128.59',1216101294,'LOG_POST_EDITED','a:2:{i:0;s:21:\"Eltanin, c\'est quoi ?\";i:1;s:5:\"Brice\";}'),(1040,1,3,83,2380,0,'82.234.128.59',1216101367,'LOG_POST_EDITED','a:2:{i:0;s:21:\"Eltanin, c\'est quoi ?\";i:1;s:4:\"Arkh\";}'),(1041,1,3,83,2380,0,'82.234.128.59',1216101404,'LOG_POST_EDITED','a:2:{i:0;s:21:\"Eltanin, c\'est quoi ?\";i:1;s:5:\"Shive\";}'),(1042,1,3,83,2380,0,'82.234.128.59',1216101429,'LOG_POST_EDITED','a:2:{i:0;s:21:\"Eltanin, c\'est quoi ?\";i:1;s:5:\"Plumy\";}'),(1043,1,3,55,3282,0,'82.234.128.59',1216186965,'LOG_POST_EDITED','a:2:{i:0;s:19:\"Re: Nicolas Sarkozy\";i:1;s:7:\"Razibot\";}'),(1044,0,3,0,0,0,'82.234.128.59',1216194477,'LOG_ADMIN_AUTH_SUCCESS',''),(1045,0,3,0,0,0,'82.234.128.59',1216194539,'LOG_ACL_ADD_GROUP_GLOBAL_U_','a:1:{i:0;s:33:\"<span class=\"sep\">InvitÃ©s</span>\";}'),(1046,1,3,55,3282,0,'82.234.128.59',1216208629,'LOG_POST_EDITED','a:2:{i:0;s:19:\"Re: Nicolas Sarkozy\";i:1;s:18:\"Zohar De Malkchour\";}'),(1047,1,3,55,3282,0,'82.234.128.59',1216208639,'LOG_DELETE_POST','a:1:{i:0;s:3:\"Re:\";}'),(1048,1,3,8,4212,0,'82.234.128.59',1216208949,'LOG_FORK','a:1:{i:0;s:13:\"Le sanctuaire\";}'),(1049,1,3,55,4123,0,'82.234.128.59',1216209077,'LOG_POST_EDITED','a:2:{i:0;s:16:\"L\'autel de Spyro\";i:1;s:7:\"Daskyht\";}'),(1050,1,3,55,4123,0,'82.234.128.59',1216209085,'LOG_DELETE_POST','a:1:{i:0;s:9:\"Re: Spyro\";}'),(1051,1,3,55,4123,0,'82.234.128.59',1216209092,'LOG_DELETE_POST','a:1:{i:0;s:9:\"Re: Spyro\";}'),(1052,1,3,55,4123,0,'82.234.128.59',1216209098,'LOG_DELETE_POST','a:1:{i:0;s:9:\"Re: Spyro\";}'),(1053,1,3,52,389,0,'81.65.51.115',1216212349,'LOG_DELETE_POST','a:1:{i:0;s:34:\"Re: Les extra-terrestres (hahaa !)\";}'),(1054,0,3,0,0,0,'82.234.128.59',1216360643,'LOG_ADMIN_AUTH_SUCCESS',''),(1055,1,48,18,3617,0,'86.198.161.199',1216410698,'LOG_POST_EDITED','a:2:{i:0;s:15:\"Re: ActualitÃ©s\";i:1;s:10:\"Tribersman\";}'),(1056,1,48,18,3617,0,'86.198.161.199',1216416871,'LOG_POST_EDITED','a:2:{i:0;s:15:\"Re: ActualitÃ©s\";i:1;s:3:\"Amo\";}'),(1057,1,475,74,4203,0,'82.123.65.103',1216486921,'LOG_DELETE_POST','a:1:{i:0;s:21:\"Re: ModÃ¨le de lettre\";}'),(1058,0,48,0,0,0,'86.198.161.199',1216523840,'LOG_ADMIN_AUTH_SUCCESS',''),(1059,0,48,0,0,0,'86.198.161.199',1216523925,'LOG_RANK_UPDATED','a:1:{i:0;s:15:\"L\'Incorruptible\";}'),(1060,0,48,0,0,0,'86.198.161.199',1216523975,'LOG_RANK_REMOVED','a:1:{i:0;s:20:\"Les Confins du Monde\";}'),(1061,1,155,6,844,0,'86.220.114.106',1217044804,'LOG_DELETE_POST','a:1:{i:0;s:54:\"Re: &quot;L\'EpÃ©e de VÃ©ritÃ©&quot; de Terry Goodkind.\";}'),(1062,1,206,26,4218,0,'82.225.19.71',1217290304,'LOG_DELETE_TOPIC','a:1:{i:0;s:43:\"RÃ©union Eltanin 10 - Been There, Seen That\";}'),(1063,0,2,0,0,0,'90.23.216.114',1217788528,'LOG_ADMIN_AUTH_SUCCESS',''),(1064,0,2,0,0,0,'90.23.216.114',1217788578,'LOG_RANK_ADDED','a:1:{i:0;s:16:\"Absent mais cool\";}'),(1065,1,2,8,4220,0,'90.23.97.251',1218244068,'LOG_POST_EDITED','a:2:{i:0;s:19:\"Siren : Blood Curse\";i:1;s:17:\"Ravnek ex Machina\";}'),(1066,1,155,8,4221,0,'86.220.17.51',1218850285,'LOG_POST_EDITED','a:2:{i:0;s:23:\"[PS3/Xbox360] Rock Band\";i:1;s:5:\"Shive\";}'),(1067,1,2,85,4187,0,'90.23.222.252',1219369152,'LOG_POST_EDITED','a:2:{i:0;s:27:\"Re: Horloge Parlante 4 2008\";i:1;s:4:\"NoÃ«\";}'),(1068,1,2,85,4187,0,'90.23.222.252',1219369278,'LOG_POST_EDITED','a:2:{i:0;s:27:\"Re: Horloge Parlante 4 2008\";i:1;s:4:\"NoÃ«\";}'),(1069,1,2,85,4187,0,'90.23.222.252',1219369445,'LOG_DELETE_POST','a:1:{i:0;s:27:\"Re: Horloge Parlante 4 2008\";}'),(1070,1,2,85,4187,0,'90.23.222.252',1219369465,'LOG_DELETE_POST','a:1:{i:0;s:27:\"Re: Horloge Parlante 4 2008\";}'),(1071,0,48,0,0,0,'86.196.11.49',1219380496,'LOG_ADMIN_AUTH_SUCCESS',''),(1072,0,48,0,0,0,'86.196.11.49',1219380540,'LOG_RANK_ADDED','a:1:{i:0;s:12:\"Materia Girl\";}'),(1073,1,3,7,2890,0,'82.234.128.59',1219716763,'LOG_POST_EDITED','a:2:{i:0;s:6:\"Heroes\";i:1;s:6:\"Bloody\";}'),(1074,1,3,7,3266,0,'82.234.128.59',1219720268,'LOG_DELETE_POST','a:1:{i:0;s:0:\"\";}'),(1075,1,119,85,4187,0,'88.180.22.14',1219763009,'LOG_POST_EDITED','a:2:{i:0;s:27:\"Re: Horloge Parlante 4 2008\";i:1;s:4:\"Yves\";}'),(1076,1,48,85,4187,0,'86.192.50.174',1219785389,'LOG_POST_EDITED','a:2:{i:0;s:27:\"Re: Horloge Parlante 4 2008\";i:1;s:4:\"Yves\";}'),(1077,1,2,7,3859,0,'90.23.209.87',1220534422,'LOG_DELETE_POST','a:1:{i:0;s:25:\"Re: Dragon Ball : le film\";}'),(1078,1,19,85,4187,0,'138.231.136.9',1221004632,'LOG_DELETE_POST','a:1:{i:0;s:27:\"Re: Horloge Parlante 4 2008\";}'),(1079,1,51,18,4229,0,'81.57.45.106',1221074752,'LOG_DELETE_POST','a:1:{i:0;s:37:\"Re: Le Grand Collisionneur de Hadrons\";}'),(1080,1,3,7,4232,0,'82.234.128.59',1221151188,'LOG_POST_EDITED','a:2:{i:0;s:54:\"&quot;La possibilitÃ© d\'une Ã®le&quot;, de Houelleberk\";i:1;s:4:\"Arkh\";}'),(1081,0,3,0,0,0,'82.234.128.59',1221154461,'LOG_ADMIN_AUTH_FAIL',''),(1082,0,3,0,0,0,'82.234.128.59',1221154469,'LOG_ADMIN_AUTH_SUCCESS',''),(1083,1,3,32,4235,0,'82.234.128.59',1221246460,'LOG_FORK','a:1:{i:0;s:21:\"Discussion gÃ©nÃ©rale\";}'),(1084,1,3,32,4236,0,'82.234.128.59',1221246656,'LOG_SPLIT_DESTINATION','a:1:{i:0;s:21:\"L\'Horloge VidÃ©o 2008\";}'),(1085,1,3,0,4235,0,'82.234.128.59',1221246656,'LOG_SPLIT_SOURCE','a:1:{i:0;s:21:\"L\'Horloge VidÃ©o 2008\";}'),(1086,1,3,32,4236,0,'82.234.128.59',1221246862,'LOG_POST_EDITED','a:2:{i:0;s:34:\"The Rise and Fall of Anime Fansubs\";i:1;s:3:\"DIO\";}'),(1087,1,3,32,4236,0,'82.234.128.59',1221247152,'LOG_POST_EDITED','a:2:{i:0;s:34:\"The Rise and Fall of Anime Fansubs\";i:1;s:3:\"DIO\";}'),(1088,1,3,32,4236,0,'82.234.128.59',1221247195,'LOG_POST_EDITED','a:2:{i:0;s:34:\"The Rise and Fall of Anime Fansubs\";i:1;s:3:\"DIO\";}'),(1089,1,3,32,4236,0,'82.234.128.59',1221247245,'LOG_POST_EDITED','a:2:{i:0;s:34:\"The Rise and Fall of Anime Fansubs\";i:1;s:3:\"DIO\";}'),(1090,1,3,32,4236,0,'82.234.128.59',1221247410,'LOG_POST_EDITED','a:2:{i:0;s:34:\"The Rise and Fall of Anime Fansubs\";i:1;s:3:\"DIO\";}'),(1091,1,3,32,0,0,'82.234.128.59',1221247600,'LOG_DELETE_TOPIC','a:1:{i:0;s:21:\"L\'Horloge VidÃ©o 2008\";}'),(1092,0,3,0,0,0,'82.234.128.59',1221251969,'LOG_ADMIN_AUTH_SUCCESS',''),(1093,1,119,85,3929,0,'88.180.22.14',1221833028,'LOG_DELETE_POST','a:1:{i:0;s:45:\"Re: L\'Horloge tout en Images de l\'annÃ©e 2008\";}'),(1094,1,119,18,4242,0,'88.180.22.14',1222107039,'LOG_SPLIT_DESTINATION','a:1:{i:0;s:35:\"Nos amis les gothiques et les emos.\";}'),(1095,1,119,85,3929,0,'88.180.22.14',1222107039,'LOG_SPLIT_SOURCE','a:1:{i:0;s:41:\"L\'Horloge tout en Images de l\'annÃ©e 2008\";}'),(1096,1,3,26,4243,0,'82.234.128.59',1222799856,'LOG_MERGE','a:1:{i:0;s:19:\"RÃ©union Eltanin 11\";}'),(1097,1,2,26,1952,0,'90.23.89.127',1223175106,'LOG_POST_EDITED','a:2:{i:0;s:25:\"Album-photo des Eltanhirs\";i:1;s:16:\"RaphaÃ«l Lafarge\";}'),(1098,1,3,40,4252,0,'83.196.255.212',1223417759,'LOG_MOVE','a:1:{i:0;s:10:\"Nos images\";}'),(1099,0,3,0,0,0,'83.196.255.212',1223417771,'LOG_ADMIN_AUTH_SUCCESS',''),(1100,0,3,0,0,0,'83.196.255.212',1223417836,'LOG_BAN_USER','a:2:{i:0;s:79:\"Nom dâ€™utilisateur banni par lâ€™intermÃ©diaire de la gestion des utilisateurs\";i:1;s:12:\"JeSuisTriste\";}'),(1101,1,3,0,0,0,'83.196.255.212',1223417836,'LOG_BAN_USER','a:2:{i:0;s:79:\"Nom dâ€™utilisateur banni par lâ€™intermÃ©diaire de la gestion des utilisateurs\";i:1;s:12:\"JeSuisTriste\";}'),(1102,1,3,85,4187,0,'83.196.255.212',1223417938,'LOG_POST_EDITED','a:2:{i:0;s:27:\"Re: Horloge Parlante 4 2008\";i:1;s:12:\"JeSuisTriste\";}'),(1103,1,3,85,4187,0,'82.234.128.59',1223584522,'LOG_DELETE_POST','a:1:{i:0;s:27:\"Re: Horloge Parlante 4 2008\";}'),(1104,1,3,7,3479,0,'82.234.128.59',1225138139,'LOG_DELETE_POST','a:1:{i:0;s:31:\"Re: Avatar - La lÃ©gende d\'Aang\";}'),(1105,1,3,18,4267,0,'82.234.128.59',1225598439,'LOG_DELETE_POST','a:1:{i:0;s:61:\"Re: La crise Ã©conomique expliquÃ©e aux feignasses (par KÃ©a)\";}'),(1106,1,155,18,3924,0,'90.62.210.71',1225924462,'LOG_DELETE_POST','a:1:{i:0;s:41:\"Re: Avatars, pseudonymes, signatures 2008\";}'),(1107,0,3,0,0,0,'82.234.128.59',1226025358,'LOG_ADMIN_AUTH_SUCCESS',''),(1108,0,3,0,0,0,'82.234.128.59',1226026542,'LOG_RANK_ADDED','a:1:{i:0;s:10:\"La Justice\";}'),(1109,0,3,0,0,0,'82.234.128.59',1226026984,'LOG_RANK_UPDATED','a:1:{i:0;s:10:\"LA JUSTICE\";}'),(1110,0,3,0,0,0,'82.234.128.59',1226027052,'LOG_RANK_UPDATED','a:1:{i:0;s:50:\"LA JUSTICE&lt;br&gt;LA JUSTICE&lt;br&gt;La Justice\";}'),(1111,0,3,0,0,0,'82.234.128.59',1226027069,'LOG_RANK_UPDATED','a:1:{i:0;s:10:\"La Justice\";}'),(1112,1,3,7,4255,0,'82.234.128.59',1226369348,'LOG_POST_EDITED','a:2:{i:0;s:24:\"Vicky Cristina Barcelona\";i:1;s:4:\"Arkh\";}'),(1113,1,161,18,4271,0,'90.9.36.69',1226594125,'LOG_DELETE_POST','a:1:{i:0;s:36:\"Re: Vers une sociÃ©tÃ© autoritaire ?\";}'),(1114,0,3,0,0,0,'82.234.128.59',1227573432,'LOG_ADMIN_AUTH_SUCCESS',''),(1115,0,2,0,0,0,'90.23.208.66',1227597911,'LOG_ADMIN_AUTH_SUCCESS',''),(1116,1,2,26,4243,0,'90.23.208.66',1227642138,'LOG_DELETE_POST','a:1:{i:0;s:23:\"Re: RÃ©union Eltanin 11\";}'),(1117,1,2,26,4243,0,'90.23.208.66',1227642157,'LOG_DELETE_POST','a:1:{i:0;s:23:\"Re: RÃ©union Eltanin 11\";}'),(1118,1,155,19,3974,0,'90.62.211.172',1227654357,'LOG_POST_EDITED','a:2:{i:0;s:27:\"Re: L\'Ã¢me, concept creux ?\";i:1;s:7:\"Luciano\";}'),(1119,1,155,19,3974,0,'90.62.211.172',1227654389,'LOG_POST_EDITED','a:2:{i:0;s:27:\"Re: L\'Ã¢me, concept creux ?\";i:1;s:7:\"Luciano\";}'),(1120,1,3,19,3974,0,'82.234.128.59',1227806227,'LOG_DELETE_POST','a:1:{i:0;s:27:\"Re: L\'Ã¢me, concept creux ?\";}'),(1121,1,3,19,4051,0,'82.234.128.59',1227806383,'LOG_POST_EDITED','a:2:{i:0;s:15:\"Re: La LibertÃ©\";i:1;s:7:\"Luciano\";}'),(1122,1,3,19,4051,0,'82.234.128.59',1227806483,'LOG_DELETE_POST','a:1:{i:0;s:15:\"Re: La LibertÃ©\";}'),(1123,1,119,85,4283,0,'88.180.22.14',1227813812,'LOG_POST_EDITED','a:2:{i:0;s:39:\"Re: J\'ai 172 de Q.I. et 25 cm de pÃ©nis\";i:1;s:7:\"Luciano\";}'),(1124,1,119,85,4283,0,'88.180.22.14',1227813855,'LOG_POST_EDITED','a:2:{i:0;s:39:\"Re: J\'ai 172 de Q.I. et 25 cm de pÃ©nis\";i:1;s:7:\"Luciano\";}'),(1125,1,119,85,4283,0,'88.180.22.14',1227813871,'LOG_POST_EDITED','a:2:{i:0;s:39:\"Re: J\'ai 172 de Q.I. et 25 cm de pÃ©nis\";i:1;s:7:\"Luciano\";}'),(1126,0,3,0,0,0,'82.234.128.59',1227816006,'LOG_ADMIN_AUTH_SUCCESS',''),(1127,0,3,0,0,0,'82.234.128.59',1227816067,'LOG_BAN_USER','a:2:{i:0;s:22:\"Pollution et insultes.\";i:1;s:7:\"Luciano\";}'),(1128,1,3,0,0,0,'82.234.128.59',1227816067,'LOG_BAN_USER','a:2:{i:0;s:22:\"Pollution et insultes.\";i:1;s:7:\"Luciano\";}'),(1129,1,155,27,936,0,'86.220.51.6',1227907758,'LOG_POST_EDITED','a:2:{i:0;s:13:\"Re: one Piece\";i:1;s:13:\"Viper Dragoon\";}'),(1130,1,3,26,4243,0,'82.234.128.59',1228350489,'LOG_LOCK','a:1:{i:0;s:28:\"RÃ©union Eltanin 11 annulÃ©e\";}'),(1131,1,2,85,4187,0,'90.23.234.182',1228865801,'LOG_POST_EDITED','a:2:{i:0;s:27:\"Re: Horloge Parlante 4 2008\";i:1;s:5:\"Shive\";}'),(1132,1,119,85,4187,0,'88.180.22.14',1229336363,'LOG_POST_EDITED','a:2:{i:0;s:27:\"Re: Horloge Parlante 4 2008\";i:1;s:16:\"RaphaÃ«l Lafarge\";}'),(1133,1,119,85,4187,0,'88.180.22.14',1229336422,'LOG_POST_EDITED','a:2:{i:0;s:27:\"Re: Horloge Parlante 4 2008\";i:1;s:16:\"RaphaÃ«l Lafarge\";}'),(1134,1,119,85,4187,0,'88.180.22.14',1229336510,'LOG_POST_EDITED','a:2:{i:0;s:27:\"Re: Horloge Parlante 4 2008\";i:1;s:16:\"RaphaÃ«l Lafarge\";}'),(1135,1,2,19,3982,0,'90.23.233.167',1230129179,'LOG_DELETE_POST','a:1:{i:0;s:18:\"Re: L\'immortalitÃ©\";}'),(1136,3,19,0,0,19,'82.241.65.180',1230297086,'LOG_USER_UPDATE_EMAIL','a:3:{i:0;s:4:\"Arkh\";i:1;s:25:\"sourirecarnassier@free.fr\";i:2;s:19:\"lapingre@hotmail.fr\";}'),(1137,1,262,18,4288,0,'88.160.224.113',1230343228,'LOG_DELETE_POST','a:1:{i:0;s:25:\"Re: RÃ©union Eltanin 11.1\";}'),(1138,1,20,85,4187,0,'82.241.65.180',1230375365,'LOG_DELETE_POST','a:1:{i:0;s:27:\"Re: Horloge Parlante 4 2008\";}'),(1139,1,20,19,3982,0,'82.241.65.180',1230462722,'LOG_DELETE_POST','a:1:{i:0;s:18:\"Re: L\'immortalitÃ©\";}'),(1140,1,19,19,3982,0,'82.241.65.180',1230463372,'LOG_DELETE_POST','a:1:{i:0;s:18:\"Re: L\'immortalitÃ©\";}'),(1141,1,2,18,4291,0,'82.241.65.180',1231072000,'LOG_DELETE_POST','a:1:{i:0;s:29:\"Re: Ne lurkez plus, camarades\";}'),(1142,1,2,18,4291,0,'82.241.65.180',1231072006,'LOG_DELETE_TOPIC','a:1:{i:0;s:25:\"Ne lurkez plus, camarades\";}'),(1143,1,20,19,4254,0,'138.231.136.9',1231354623,'LOG_DELETE_POST','a:1:{i:0;s:15:\"Re: Notre clone\";}'),(1144,1,20,85,4294,0,'138.231.136.9',1231354708,'LOG_DELETE_POST','a:1:{i:0;s:25:\"Re: Horloge Parlante 2009\";}'),(1145,1,20,19,4254,0,'138.231.136.9',1231355059,'LOG_DELETE_POST','a:1:{i:0;s:15:\"Re: Notre clone\";}'),(1146,0,3,0,0,0,'82.234.128.59',1231443535,'LOG_ADMIN_AUTH_SUCCESS',''),(1147,0,3,0,0,0,'82.234.128.59',1231443578,'LOG_FORUM_ADD','a:1:{i:0;s:8:\"Imperium\";}'),(1148,0,3,0,0,0,'82.234.128.59',1231443639,'LOG_ACL_ADD_FORUM_LOCAL_F_','a:2:{i:0;s:8:\"Imperium\";i:1;s:4:\"Yves\";}'),(1149,0,3,0,0,0,'82.234.128.59',1231443800,'LOG_ACL_ADD_FORUM_LOCAL_F_','a:2:{i:0;s:8:\"Imperium\";i:1;s:14:\"Yves, Fragorne\";}'),(1150,0,3,0,0,0,'82.234.128.59',1231443813,'LOG_ACL_ADD_FORUM_LOCAL_F_','a:2:{i:0;s:8:\"Imperium\";i:1;s:26:\"Yves, Monkey One, Fragorne\";}'),(1151,0,3,0,0,0,'82.234.128.59',1231443904,'LOG_ACL_ADD_FORUM_LOCAL_F_','a:2:{i:0;s:8:\"Imperium\";i:1;s:46:\"Yves, Monkey One, Khaine Dragonheart, Fragorne\";}'),(1152,0,3,0,0,0,'82.234.128.59',1231524688,'LOG_ADMIN_AUTH_SUCCESS',''),(1153,0,3,0,0,0,'82.234.128.59',1231524847,'LOG_FORUM_EDIT','a:1:{i:0;s:8:\"Imperium\";}'),(1154,0,3,0,0,0,'82.234.128.59',1231714437,'LOG_ADMIN_AUTH_SUCCESS',''),(1155,0,3,0,0,0,'82.234.128.59',1231714909,'LOG_ACL_TRANSFER_PERMISSIONS','a:1:{i:0;s:15:\"Atrius Hastings\";}'),(1156,0,3,0,0,0,'82.234.128.59',1231714919,'LOG_ACL_RESTORE_PERMISSIONS','a:1:{i:0;s:15:\"Atrius Hastings\";}'),(1157,0,3,0,0,0,'82.234.128.59',1231715135,'LOG_GROUP_CREATED','a:1:{i:0;s:20:\"Sujets de l\'Imperium\";}'),(1158,0,3,0,0,0,'82.234.128.59',1231715237,'LOG_USERS_ADDED','a:2:{i:0;s:20:\"Sujets de l\'Imperium\";i:1;s:66:\"Yves, Atrius Hastings, MaÃ®tre Nordahl, Morgan Blake, Soeur Scylla\";}'),(1159,0,3,0,0,0,'82.234.128.59',1231715261,'LOG_USERS_ADDED','a:2:{i:0;s:20:\"Sujets de l\'Imperium\";i:1;s:58:\"RaphaÃ«l Lafarge, Khaine Dragonheart, Fragorne, Monkey One\";}'),(1160,0,3,0,0,0,'82.234.128.59',1231715287,'LOG_GROUP_UPDATED','a:1:{i:0;s:24:\"Les sujets de l\'Imperium\";}'),(1161,0,3,0,0,0,'82.234.128.59',1231715347,'LOG_FORUM_EDIT','a:1:{i:0;s:8:\"Imperium\";}'),(1162,0,3,0,0,0,'82.234.128.59',1231715384,'LOG_ACL_ADD_FORUM_LOCAL_F_','a:2:{i:0;s:8:\"Imperium\";i:1;s:24:\"Les sujets de l\'Imperium\";}'),(1163,0,3,0,0,0,'82.234.128.59',1231715545,'LOG_FORUM_EDIT','a:1:{i:0;s:8:\"Imperium\";}'),(1164,0,3,0,0,0,'82.234.128.59',1231715615,'LOG_USER_USER_UPDATE','a:1:{i:0;s:15:\"Atrius Hastings\";}'),(1165,3,3,0,0,1543,'82.234.128.59',1231715640,'LOG_USER_UPDATE_NAME','a:2:{i:0;s:15:\"Atrius Hastings\";i:1;s:16:\"Atrius Hastings2\";}'),(1166,0,3,0,0,0,'82.234.128.59',1231715641,'LOG_USER_USER_UPDATE','a:1:{i:0;s:16:\"Atrius Hastings2\";}'),(1167,3,1545,0,0,1545,'86.71.146.3',1231716229,'LOG_USER_NEW_PASSWORD','a:1:{i:0;s:15:\"Atrius Hastings\";}'),(1168,3,1545,0,0,1545,'86.71.146.3',1231716457,'LOG_USER_UPDATE_EMAIL','a:3:{i:0;s:15:\"Atrius Hastings\";i:1;s:26:\"guerran_corbeau@hotmail.fr\";i:2;s:23:\"fragorne@nosgoth-fr.net\";}'),(1169,0,2,0,0,0,'90.23.81.153',1231716655,'LOG_ADMIN_AUTH_SUCCESS',''),(1170,0,2,0,0,0,'90.23.81.153',1231716711,'LOG_ACL_TRANSFER_PERMISSIONS','a:1:{i:0;s:16:\"Atrius Hastings2\";}'),(1171,0,153,0,0,0,'82.226.245.63',1231717368,'LOG_ADMIN_AUTH_SUCCESS',''),(1172,0,153,0,0,0,'82.226.245.63',1231717470,'LOG_CONFIG_EMAIL',''),(1173,0,153,0,0,0,'82.226.245.63',1231717953,'LOG_CONFIG_EMAIL',''),(1174,0,153,0,0,0,'82.226.245.63',1231718506,'LOG_CONFIG_EMAIL',''),(1175,0,153,0,0,0,'82.226.245.63',1231718555,'LOG_CONFIG_EMAIL',''),(1176,0,153,0,0,0,'82.226.245.63',1231718562,'LOG_CONFIG_EMAIL',''),(1177,0,153,0,0,0,'82.226.245.63',1231718571,'LOG_CONFIG_EMAIL',''),(1178,0,2,0,0,0,'90.23.81.153',1231786921,'LOG_ADMIN_AUTH_SUCCESS',''),(1179,0,2,0,0,0,'90.23.81.153',1231786930,'LOG_ACL_RESTORE_PERMISSIONS','a:1:{i:0;s:16:\"Atrius Hastings2\";}'),(1180,1,2,80,4290,0,'90.23.81.153',1231907311,'LOG_POST_EDITED','a:2:{i:0;s:22:\"Re: A Clockwork Banana\";i:1;s:4:\"Yves\";}'),(1181,0,3,0,0,0,'82.234.128.59',1232160381,'LOG_ADMIN_AUTH_SUCCESS',''),(1182,0,3,0,0,0,'82.234.128.59',1232160435,'LOG_ACL_TRANSFER_PERMISSIONS','a:1:{i:0;s:18:\"Khaine Dragonheart\";}'),(1183,0,3,0,0,0,'82.234.128.59',1232160490,'LOG_ACL_RESTORE_PERMISSIONS','a:1:{i:0;s:18:\"Khaine Dragonheart\";}'),(1184,0,3,0,0,0,'82.234.128.59',1232160519,'LOG_ACL_TRANSFER_PERMISSIONS','a:1:{i:0;s:12:\"Soeur Scylla\";}'),(1185,0,3,0,0,0,'82.234.128.59',1232160539,'LOG_ACL_RESTORE_PERMISSIONS','a:1:{i:0;s:12:\"Soeur Scylla\";}'),(1186,1,19,85,3929,0,'138.231.136.9',1232252561,'LOG_DELETE_POST','a:1:{i:0;s:45:\"Re: L\'Horloge tout en Images de l\'annÃ©e 2008\";}'),(1187,1,3,86,0,0,'82.234.128.59',1232254394,'LOG_DELETE_TOPIC','a:1:{i:0;s:3:\"Hop\";}'),(1188,0,3,0,0,0,'82.234.128.59',1232322811,'LOG_ADMIN_AUTH_SUCCESS',''),(1189,0,3,0,0,0,'82.234.128.59',1232322888,'LOG_ACL_TRANSFER_PERMISSIONS','a:1:{i:0;s:15:\"Atrius Hastings\";}'),(1190,0,3,0,0,0,'82.234.128.59',1232322907,'LOG_ACL_TRANSFER_PERMISSIONS','a:1:{i:0;s:15:\"Atrius Hastings\";}'),(1191,0,3,0,0,0,'82.234.128.59',1232322915,'LOG_ACL_RESTORE_PERMISSIONS','a:1:{i:0;s:15:\"Atrius Hastings\";}'),(1192,0,3,0,0,0,'82.234.128.59',1232323157,'LOG_USERS_ADDED','a:2:{i:0;s:24:\"Les sujets de l\'Imperium\";i:1;s:15:\"Atrius Hastings\";}'),(1193,0,3,0,0,0,'82.234.128.59',1232323163,'LOG_ACL_TRANSFER_PERMISSIONS','a:1:{i:0;s:15:\"Atrius Hastings\";}'),(1194,0,3,0,0,0,'82.234.128.59',1232323173,'LOG_ACL_RESTORE_PERMISSIONS','a:1:{i:0;s:15:\"Atrius Hastings\";}'),(1195,1,3,86,4304,0,'82.234.128.59',1232409197,'LOG_DELETE_POST','a:1:{i:0;s:13:\"Re: Sujet-jeu\";}'),(1196,0,3,0,0,0,'82.234.128.59',1232409249,'LOG_ADMIN_AUTH_SUCCESS',''),(1197,0,3,0,0,0,'82.234.128.59',1232409392,'LOG_ACL_ADD_ADMIN_GLOBAL_A_','a:1:{i:0;s:15:\"MaÃ®tre Nordahl\";}'),(1198,1,2,85,4305,0,'90.23.216.84',1232448941,'LOG_POST_EDITED','a:2:{i:0;s:28:\"The man who shot Jesse James\";i:1;s:8:\"Bob Ford\";}'),(1199,1,2,85,4294,0,'138.231.136.9',1232574048,'LOG_POST_EDITED','a:2:{i:0;s:25:\"Re: Horloge Parlante 2009\";i:1;s:4:\"Arkh\";}'),(1200,1,2,85,4294,0,'138.231.136.9',1232574061,'LOG_POST_EDITED','a:2:{i:0;s:25:\"Re: Horloge Parlante 2009\";i:1;s:9:\"cap.peter\";}'),(1201,0,2,0,0,0,'138.231.136.9',1232660478,'LOG_ADMIN_AUTH_SUCCESS',''),(1202,1,2,7,4309,0,'90.23.222.151',1233124718,'LOG_POST_EDITED','a:2:{i:0;s:19:\"When Nietzsche Wept\";i:1;s:4:\"Arkh\";}'),(1203,1,1546,51,4065,0,'96.50.106.0',1233286832,'LOG_DELETE_POST','a:1:{i:0;s:27:\"Re: L\'orientation sexuelle.\";}'),(1204,1,19,19,4311,0,'138.231.136.9',1233467204,'LOG_DELETE_POST','a:1:{i:0;s:21:\"Re: Le crÃ©ationnisme\";}'),(1205,3,19,0,0,19,'138.231.136.9',1233521140,'LOG_USER_UPDATE_EMAIL','a:3:{i:0;s:4:\"Arkh\";i:1;s:19:\"lapingre@hotmail.fr\";i:2;s:22:\"caligularkh@hotmail.fr\";}'),(1206,1,19,73,3983,0,'138.231.136.9',1234490580,'LOG_DELETE_POST','a:1:{i:0;s:27:\"Re: Notre croquis quotidien\";}'),(1207,1,3,85,4324,0,'82.234.128.59',1235415224,'LOG_MOVE','a:1:{i:0;s:57:\"L\'audiovisuel : CinÃ©ma, sÃ©ries tÃ©lÃ©visÃ©es, animation\";}'),(1208,0,2,0,0,0,'82.241.65.180',1235724925,'LOG_ADMIN_AUTH_SUCCESS',''),(1209,1,2,19,4326,0,'90.23.83.88',1235937770,'LOG_POST_EDITED','a:2:{i:0;s:33:\"Re: Capitalisme et matÃ©rialisme.\";i:1;s:4:\"Yves\";}'),(1210,1,3,6,3492,0,'82.234.128.59',1235968621,'LOG_POST_EDITED','a:2:{i:0;s:33:\"Robert Jordan et La Roue du Temps\";i:1;s:11:\"Morgan Kane\";}'),(1211,1,3,6,3492,0,'82.234.128.59',1235968630,'LOG_DELETE_POST','a:1:{i:0;s:0:\"\";}'),(1212,1,3,6,3492,0,'82.234.128.59',1235968640,'LOG_DELETE_POST','a:1:{i:0;s:37:\"Re: Robert Jordan et La Roue du Temps\";}'),(1213,1,2,19,4326,0,'138.231.136.9',1236062994,'LOG_DELETE_POST','a:1:{i:0;s:33:\"Re: Capitalisme et matÃ©rialisme.\";}'),(1214,1,119,85,4294,0,'88.180.22.14',1236971874,'LOG_POST_EDITED','a:2:{i:0;s:25:\"Re: Horloge Parlante 2009\";i:1;s:6:\"l\'hote\";}'),(1215,1,119,85,4294,0,'88.180.22.14',1236972050,'LOG_POST_EDITED','a:2:{i:0;s:25:\"Re: Horloge Parlante 2009\";i:1;s:6:\"l\'hote\";}'),(1216,1,2,7,214,0,'90.23.221.230',1238178025,'LOG_POST_EDITED','a:2:{i:0;s:28:\"Re: &quot;Terminator 3&quot;\";i:1;s:10:\"Tribersman\";}'),(1217,1,3,51,4340,0,'82.234.128.59',1238350049,'LOG_POST_EDITED','a:2:{i:0;s:18:\"Photos suggestives\";i:1;s:18:\"Zohar De Malkchour\";}'),(1218,1,3,85,4294,0,'82.234.128.59',1238354189,'LOG_DELETE_POST','a:1:{i:0;s:25:\"Re: Horloge Parlante 2009\";}'),(1219,1,262,85,4341,0,'88.160.224.113',1238454692,'LOG_DELETE_POST','a:1:{i:0;s:63:\"Re: Pourquoi une prÃ©sentation est elle comme une tasse a thÃ©?\";}'),(1220,1,2,18,4327,0,'90.23.87.238',1238573883,'LOG_POST_EDITED','a:2:{i:0;s:42:\"Re: Avatars, pseudonymes, signatures 2009.\";i:1;s:3:\"DIO\";}'),(1221,1,2,7,4328,0,'90.23.87.238',1238669519,'LOG_POST_EDITED','a:2:{i:0;s:12:\"Re: Watchmen\";i:1;s:5:\"Boxxy\";}'),(1222,0,2,0,0,0,'90.23.87.238',1238676723,'LOG_ADMIN_AUTH_SUCCESS',''),(1223,1,2,7,4328,0,'90.23.87.238',1238685645,'LOG_POST_EDITED','a:2:{i:0;s:12:\"Re: Watchmen\";i:1;s:6:\"kraken\";}'),(1224,1,269,85,4341,0,'90.3.139.52',1238841425,'LOG_DELETE_POST','a:1:{i:0;s:63:\"Re: Pourquoi une prÃ©sentation est elle comme une tasse a thÃ©?\";}'),(1225,1,2,7,4328,0,'90.23.89.224',1238860332,'LOG_POST_EDITED','a:2:{i:0;s:12:\"Re: Watchmen\";i:1;s:16:\"RaphaÃ«l Lafarge\";}'),(1226,1,2,73,4321,0,'90.23.89.224',1239015046,'LOG_POST_EDITED','a:2:{i:0;s:17:\"Galerie Arkhienne\";i:1;s:4:\"Arkh\";}'),(1227,1,2,73,4321,0,'90.23.89.224',1239015074,'LOG_DELETE_POST','a:1:{i:0;s:22:\"Re: Gallerie Arkhienne\";}'),(1228,1,3,7,3859,0,'82.234.128.59',1239092450,'LOG_POST_EDITED','a:2:{i:0;s:25:\"Re: Dragon Ball : le film\";i:1;s:3:\"Amo\";}'),(1229,1,3,18,4343,0,'82.234.128.59',1239150575,'LOG_DELETE_POST','a:1:{i:0;s:24:\"Re: ActualitÃ© marquante\";}'),(1230,1,3,18,4343,0,'82.234.128.59',1239150602,'LOG_POST_EDITED','a:2:{i:0;s:24:\"Re: ActualitÃ© marquante\";i:1;s:4:\"Yves\";}'),(1231,1,3,18,4343,0,'82.234.128.59',1239150629,'LOG_POST_EDITED','a:2:{i:0;s:24:\"Re: ActualitÃ© marquante\";i:1;s:4:\"Yves\";}'),(1232,1,3,18,4343,0,'82.234.128.59',1239150635,'LOG_DELETE_POST','a:1:{i:0;s:24:\"Re: ActualitÃ© marquante\";}'),(1233,1,3,18,4343,0,'82.234.128.59',1239150645,'LOG_DELETE_POST','a:1:{i:0;s:24:\"Re: ActualitÃ© marquante\";}'),(1234,1,2,51,4065,0,'90.23.98.147',1239356623,'LOG_POST_EDITED','a:2:{i:0;s:27:\"Re: L\'orientation sexuelle.\";i:1;s:8:\"Chapifou\";}'),(1235,1,3,7,4347,0,'82.234.128.59',1239390369,'LOG_POST_EDITED','a:2:{i:0;s:22:\"La musique au cinÃ©ma.\";i:1;s:8:\"Chapifou\";}'),(1236,1,3,7,4347,0,'82.234.128.59',1239390490,'LOG_DELETE_POST','a:1:{i:0;s:26:\"Re: La musique au cinÃ©ma.\";}'),(1237,1,3,7,4347,0,'82.234.128.59',1239390526,'LOG_DELETE_POST','a:1:{i:0;s:26:\"Re: La musique au cinÃ©ma.\";}'),(1238,1,3,58,4349,0,'82.234.128.59',1239584195,'LOG_SPLIT_DESTINATION','a:1:{i:0;s:35:\"J\'ai trop de bonnes sÃ©ries Ã  voir\";}'),(1239,1,3,0,4345,0,'82.234.128.59',1239584196,'LOG_SPLIT_SOURCE','a:1:{i:0;s:33:\"Fullmetal Alchemist : Brotherhood\";}'),(1240,1,3,58,4349,0,'82.234.128.59',1239584264,'LOG_POST_EDITED','a:2:{i:0;s:35:\"J\'ai trop de bonnes sÃ©ries Ã  voir\";i:1;s:6:\"kraken\";}'),(1241,1,3,74,4337,0,'82.234.128.59',1241469497,'LOG_DELETE_POST','a:1:{i:0;s:52:\"Re: L\'Education Sensuelle ou Les destins d\'Enheduana\";}'),(1242,1,2,52,4272,0,'90.23.98.63',1241574382,'LOG_POST_EDITED','a:2:{i:0;s:27:\"Re: Le ScarabÃ©e Bombardier\";i:1;s:4:\"Arkh\";}'),(1243,1,2,52,4272,0,'90.23.98.63',1241574445,'LOG_DELETE_POST','a:1:{i:0;s:27:\"Re: Le ScarabÃ©e Bombardier\";}'),(1244,1,2,52,4272,0,'90.23.102.124',1242245720,'LOG_POST_EDITED','a:2:{i:0;s:27:\"Re: Le ScarabÃ©e Bombardier\";i:1;s:18:\"Zohar De Malkchour\";}'),(1245,1,2,52,4202,0,'90.23.102.124',1242246306,'LOG_DELETE_POST','a:1:{i:0;s:28:\"Re: L\'origine de la pensÃ©e.\";}'),(1246,1,2,7,4356,0,'90.23.233.146',1243444673,'LOG_DELETE_POST','a:1:{i:0;s:22:\"Re: The Last Airbender\";}'),(1247,1,2,27,4359,0,'90.23.210.99',1244327828,'LOG_POST_EDITED','a:2:{i:0;s:13:\"Usagi Yojimbo\";i:1;s:11:\"Morgan Kane\";}'),(1248,1,2,7,3859,0,'90.23.105.6',1246109204,'LOG_DELETE_POST','a:1:{i:0;s:25:\"Re: Dragon Ball : le film\";}'),(1249,1,2,5,4364,0,'90.23.105.6',1246109278,'LOG_DELETE_POST','a:1:{i:0;s:19:\"Re: Michael Jackson\";}'),(1250,1,2,5,4364,0,'90.23.105.6',1246109284,'LOG_DELETE_POST','a:1:{i:0;s:19:\"Re: Michael Jackson\";}'),(1251,1,1549,74,4337,0,'90.15.148.33',1246730805,'LOG_DELETE_POST','a:1:{i:0;s:52:\"Re: L\'Education Sensuelle ou Les destins d\'Enheduana\";}'),(1252,0,153,0,0,0,'82.234.128.59',1336503542,'LOG_ADMIN_AUTH_SUCCESS',''),(1253,0,1,0,0,0,'82.234.128.59',1336503764,'LOG_UPDATE_DATABASE','a:2:{i:0;s:5:\"3.0.1\";i:1;s:5:\"3.0.2\";}'),(1254,0,153,0,0,0,'82.234.128.59',1336503889,'LOG_UPDATE_PHPBB','a:2:{i:0;s:5:\"3.0.1\";i:1;s:6:\"3.0.10\";}'),(1255,0,1,0,0,0,'82.234.128.59',1336504031,'LOG_UPDATE_DATABASE','a:2:{i:0;s:5:\"3.0.2\";i:1;s:6:\"3.0.10\";}'),(1256,0,153,0,0,0,'82.234.128.59',1336504770,'LOG_PURGE_CACHE',''),(1257,0,153,0,0,0,'82.234.128.59',1336505326,'LOG_GROUP_REMOVE','a:2:{i:0;s:15:\"Administrateurs\";i:1;s:4:\"Q-po\";}'),(1258,0,153,0,0,0,'82.234.128.59',1336505348,'LOG_USERS_ADDED','a:2:{i:0;s:15:\"Administrateurs\";i:1;s:4:\"Arkh\";}'),(1259,0,153,0,0,0,'82.234.128.59',1336505363,'LOG_GROUP_DEFAULTS','a:2:{i:0;s:15:\"Administrateurs\";i:1;s:4:\"Arkh\";}'),(1260,0,153,0,0,0,'82.234.128.59',1336505406,'LOG_GROUP_REMOVE','a:2:{i:0;s:20:\"Modérateurs globaux\";i:1;s:4:\"Q-po\";}'),(1261,0,153,0,0,0,'82.234.128.59',1336505421,'LOG_USERS_ADDED','a:2:{i:0;s:20:\"Modérateurs globaux\";i:1;s:4:\"Arkh\";}'),(1262,3,153,0,0,3,'82.234.128.59',1336505531,'LOG_USER_UPDATE_NAME','a:2:{i:0;s:18:\"RaphaÃ«l Lafarge\";i:1;s:15:\"Raphael Lafarge\";}'),(1263,3,153,0,0,3,'82.234.128.59',1336505531,'LOG_USER_UPDATE_EMAIL','a:3:{i:0;s:18:\"RaphaÃ«l Lafarge\";i:1;s:26:\"raphael.lafarge@hotmail.fr\";i:2;s:25:\"raphael.lafarge@gmail.com\";}'),(1264,0,153,0,0,0,'82.234.128.59',1336505531,'LOG_USER_USER_UPDATE','a:1:{i:0;s:15:\"Raphael Lafarge\";}'),(1265,0,153,0,0,0,'82.234.128.59',1336505625,'LOG_GROUP_REMOVE','a:2:{i:0;s:21:\"La Loge des Eltarques\";i:1;s:4:\"Q-po\";}'),(1266,0,153,0,0,0,'82.234.128.59',1336505632,'LOG_USERS_ADDED','a:2:{i:0;s:21:\"La Loge des Eltarques\";i:1;s:4:\"Arkh\";}'),(1267,0,153,0,0,0,'82.234.128.59',1336505643,'LOG_GROUP_DEFAULTS','a:2:{i:0;s:21:\"La Loge des Eltarques\";i:1;s:4:\"Arkh\";}'),(1268,0,153,0,0,0,'82.234.128.59',1336505653,'LOG_USERS_ADDED','a:2:{i:0;s:21:\"La Loge des Eltarques\";i:1;s:3:\"Fab\";}'),(1269,3,153,0,0,1544,'82.234.128.59',1336505960,'LOG_USER_UPDATE_NAME','a:2:{i:0;s:17:\"MaÃ®tre Nordahl\";i:1;s:14:\"Maitre Nordahl\";}'),(1270,0,153,0,0,0,'82.234.128.59',1336505960,'LOG_USER_USER_UPDATE','a:1:{i:0;s:14:\"Maitre Nordahl\";}'),(1271,0,153,0,0,0,'82.234.128.59',1336506032,'LOG_GROUP_REMOVE','a:2:{i:0;s:25:\"Le Comité des Sédateurs\";i:1;s:18:\"Ozmaestro, jc, Amo\";}'),(1272,0,153,0,0,0,'82.234.128.59',1336506171,'LOG_CONFIG_REGISTRATION',''),(1273,0,153,0,0,0,'82.234.128.59',1336507810,'LOG_ADMIN_AUTH_SUCCESS',''),(1274,3,153,0,0,3,'82.234.128.59',1336507840,'LOG_USER_NEW_PASSWORD','a:1:{i:0;s:15:\"Raphael Lafarge\";}'),(1275,0,153,0,0,0,'82.234.128.59',1336507840,'LOG_USER_USER_UPDATE','a:1:{i:0;s:15:\"Raphael Lafarge\";}'),(1276,0,153,0,0,0,'82.234.128.59',1336507939,'LOG_ADMIN_AUTH_SUCCESS',''),(1277,3,153,0,0,3,'82.234.128.59',1336507974,'LOG_USER_UPDATE_NAME','a:2:{i:0;s:15:\"Raphael Lafarge\";i:1;s:9:\"Raphychou\";}'),(1278,0,153,0,0,0,'82.234.128.59',1336507974,'LOG_USER_USER_UPDATE','a:1:{i:0;s:9:\"Raphychou\";}'),(1279,1,3,51,910,0,'82.234.128.59',1336508205,'LOG_POST_EDITED','a:2:{i:0;s:25:\"Sodomie ou levrette ? ?_?\";i:1;s:4:\"Raza\";}'),(1280,1,3,18,4372,0,'82.234.128.59',1336512998,'LOG_DELETE_TOPIC','a:2:{i:0;s:33:\"L\'échangisme, c\'est maintenant !\";i:1;s:9:\"Raphychou\";}'),(1281,0,19,0,0,0,'82.123.42.72',1336513007,'LOG_ADMIN_AUTH_SUCCESS',''),(1282,1,3,85,4295,0,'82.234.128.59',1336513146,'LOG_LOCK','a:1:{i:0;s:23:\"L\'horloge video de 2009\";}'),(1283,1,3,85,4295,0,'82.234.128.59',1336513190,'LOG_MOVE','a:2:{i:0;s:21:\"Discussion générale\";i:1;s:21:\"Les archives diverses\";}'),(1284,3,19,0,0,19,'82.123.42.72',1336513256,'LOG_USER_NEW_PASSWORD','a:1:{i:0;s:4:\"Arkh\";}'),(1285,1,3,85,4294,0,'82.234.128.59',1336513296,'LOG_LOCK','a:1:{i:0;s:21:\"Horloge Parlante 2009\";}'),(1286,1,3,85,4294,0,'82.234.128.59',1336513363,'LOG_MOVE','a:2:{i:0;s:21:\"Discussion générale\";i:1;s:21:\"Les archives diverses\";}'),(1287,3,1,0,0,206,'77.205.32.23',1336513414,'LOG_USER_NEW_PASSWORD','a:1:{i:0;s:12:\"Tovarich1917\";}'),(1288,1,3,85,4315,0,'82.234.128.59',1336513423,'LOG_LOCK','a:1:{i:0;s:22:\"Horloge ImagÃ©e 2009\";}'),(1289,1,3,85,4342,0,'82.234.128.59',1336513746,'LOG_LOCK','a:1:{i:0;s:23:\"l\'Horloge musicale 2009\";}'),(1290,1,3,85,4342,0,'82.234.128.59',1336513765,'LOG_MOVE','a:2:{i:0;s:21:\"Discussion générale\";i:1;s:21:\"Les archives diverses\";}'),(1291,0,3,0,0,0,'82.234.128.59',1336514700,'LOG_ADMIN_AUTH_SUCCESS',''),(1292,3,1,0,0,34,'84.102.74.66',1336514729,'LOG_USER_NEW_PASSWORD','a:1:{i:0;s:9:\"Ozmaestro\";}'),(1293,3,34,0,0,34,'84.102.74.66',1336514918,'LOG_USER_NEW_PASSWORD','a:1:{i:0;s:9:\"Ozmaestro\";}'),(1294,1,153,18,4373,0,'37.8.179.106',1336516104,'LOG_POST_EDITED','a:2:{i:0;s:20:\"Re: L\'indispensable.\";i:1;s:12:\"Tovarich1917\";}'),(1295,1,153,18,4373,0,'37.8.179.106',1336516190,'LOG_POST_EDITED','a:2:{i:0;s:20:\"Re: L\'indispensable.\";i:1;s:9:\"Ozmaestro\";}'),(1296,1,3,85,4315,0,'82.234.128.59',1336517998,'LOG_MOVE','a:2:{i:0;s:21:\"Discussion générale\";i:1;s:21:\"Les archives diverses\";}'),(1297,1,3,85,3929,0,'82.234.128.59',1336518010,'LOG_LOCK','a:1:{i:0;s:43:\"L\'Horloge tout en Images de l\'annÃ©e 2008\";}'),(1298,1,3,85,3929,0,'82.234.128.59',1336518029,'LOG_MOVE','a:2:{i:0;s:21:\"Discussion générale\";i:1;s:21:\"Les archives diverses\";}'),(1299,1,3,40,3910,0,'82.234.128.59',1336520154,'LOG_MOVE','a:2:{i:0;N;i:1;s:23:\"La décharge municipale\";}'),(1300,1,3,40,3523,0,'82.234.128.59',1336522671,'LOG_MOVE','a:2:{i:0;s:39:\"Les mangas, comics et bandes dessinées\";i:1;s:23:\"La décharge municipale\";}'),(1301,1,3,40,881,0,'82.234.128.59',1336522688,'LOG_MOVE','a:2:{i:0;s:39:\"Les mangas, comics et bandes dessinées\";i:1;s:23:\"La décharge municipale\";}'),(1302,1,3,40,3495,0,'82.234.128.59',1336522703,'LOG_MOVE','a:2:{i:0;s:39:\"Les mangas, comics et bandes dessinées\";i:1;s:23:\"La décharge municipale\";}'),(1303,1,3,40,1969,0,'82.234.128.59',1336523512,'LOG_MOVE','a:2:{i:0;s:39:\"Les mangas, comics et bandes dessinées\";i:1;s:23:\"La décharge municipale\";}'),(1304,1,3,85,3956,0,'82.234.128.59',1336523882,'LOG_MOVE','a:2:{i:0;s:21:\"Discussion générale\";i:1;s:21:\"Les archives diverses\";}'),(1305,1,3,85,4187,0,'82.234.128.59',1336523915,'LOG_MOVE','a:2:{i:0;s:21:\"Discussion générale\";i:1;s:21:\"Les archives diverses\";}'),(1306,1,3,85,3931,0,'82.234.128.59',1336524466,'LOG_MOVE','a:2:{i:0;s:21:\"Discussion générale\";i:1;s:21:\"Les archives diverses\";}'),(1307,0,3,0,0,0,'82.234.128.59',1336527535,'LOG_GROUP_REMOVE','a:2:{i:0;s:25:\"Le Comité des Sédateurs\";i:1;s:12:\"Tovarich1917\";}'),(1308,1,153,18,4373,0,'37.8.179.106',1336553046,'LOG_POST_EDITED','a:2:{i:0;s:20:\"Re: L\'indispensable.\";i:1;s:9:\"Raphychou\";}'),(1309,0,19,0,0,0,'82.123.42.72',1336553471,'LOG_ADMIN_AUTH_SUCCESS',''),(1310,0,19,0,0,0,'82.123.42.72',1336553515,'LOG_FORUM_EDIT','a:1:{i:0;s:15:\"Le centre-ville\";}'),(1311,0,19,0,0,0,'82.123.42.72',1336553535,'LOG_FORUM_EDIT','a:1:{i:0;s:20:\"Le Portail Corallien\";}'),(1312,0,19,0,0,0,'82.123.42.72',1336553547,'LOG_FORUM_EDIT','a:1:{i:0;s:17:\"Les Jeux de Rôle\";}'),(1313,0,19,0,0,0,'82.123.42.72',1336553558,'LOG_FORUM_EDIT','a:1:{i:0;s:10:\"La culture\";}'),(1314,0,19,0,0,0,'82.123.42.72',1336553569,'LOG_FORUM_EDIT','a:1:{i:0;s:14:\"Nos créations\";}'),(1315,0,19,0,0,0,'82.123.42.72',1336553582,'LOG_FORUM_EDIT','a:1:{i:0;s:12:\"Les sciences\";}'),(1316,0,19,0,0,0,'82.123.42.72',1336553593,'LOG_FORUM_EDIT','a:1:{i:0;s:27:\"Les spectacles et la fiesta\";}'),(1317,0,19,0,0,0,'82.123.42.72',1336553602,'LOG_FORUM_EDIT','a:1:{i:0;s:13:\"Corps et âme\";}'),(1318,0,19,0,0,0,'82.123.42.72',1336553610,'LOG_FORUM_EDIT','a:1:{i:0;s:24:\"La Tour d\'Administration\";}'),(1319,0,153,0,0,0,'37.8.179.106',1336556625,'LOG_ADMIN_AUTH_SUCCESS',''),(1320,0,153,0,0,0,'37.8.176.15',1336565892,'LOG_ADMIN_AUTH_SUCCESS',''),(1321,0,153,0,0,0,'37.8.176.15',1336566057,'LOG_CONFIG_VISUAL',''),(1322,0,153,0,0,0,'37.8.176.15',1336567310,'LOG_WORD_DELETE','a:1:{i:0;s:3:\"lol\";}'),(1323,0,153,0,0,0,'37.8.176.15',1336567316,'LOG_WORD_DELETE','a:1:{i:0;s:3:\"mdr\";}'),(1324,0,153,0,0,0,'37.8.176.15',1336567327,'LOG_WORD_DELETE','a:1:{i:0;s:4:\"ptdr\";}'),(1325,0,153,0,0,0,'37.8.176.15',1336568160,'LOG_CONFIG_EMAIL',''),(1326,0,153,0,0,0,'37.8.176.15',1336568802,'LOG_CONFIG_EMAIL',''),(1327,1,153,83,4365,0,'37.8.176.15',1336568973,'LOG_POST_EDITED','a:2:{i:0;s:19:\"Réunion Eltanin 12\";i:1;s:9:\"Raphychou\";}'),(1328,0,153,0,0,0,'37.8.176.15',1336569115,'LOG_ACL_ADD_FORUM_LOCAL_F_','a:2:{i:0;s:23:\"La décharge municipale\";i:1;s:8:\"Le-Kanar\";}'),(1329,1,19,40,4154,0,'82.123.42.72',1336569252,'LOG_POST_EDITED','a:2:{i:0;s:27:\"Re: L\'Horloge Parlante 2008\";i:1;s:7:\"Oui-Wee\";}'),(1330,0,3,0,0,0,'82.234.128.59',1336570072,'LOG_ADMIN_AUTH_SUCCESS',''),(1331,0,153,0,0,0,'37.8.176.15',1336571352,'LOG_CONFIG_EMAIL',''),(1332,0,153,0,0,0,'37.8.176.15',1336571901,'LOG_CONFIG_ATTACH',''),(1333,0,153,0,0,0,'37.8.176.15',1336571928,'LOG_CONFIG_POST',''),(1334,0,3,0,0,0,'82.234.128.59',1336572072,'LOG_CONFIG_POST',''),(1335,0,153,0,0,0,'37.8.176.15',1336572091,'LOG_CONFIG_POST',''),(1336,0,153,0,0,0,'37.8.176.15',1336572434,'LOG_RESYNC_STATS',''),(1337,0,153,0,0,0,'37.8.176.15',1336572446,'LOG_RESYNC_POSTCOUNTS',''),(1338,0,153,0,0,0,'37.8.176.15',1336572456,'LOG_RESYNC_POST_MARKING',''),(1339,0,153,0,0,0,'37.8.176.15',1336576094,'LOG_FORUM_EDIT','a:1:{i:0;s:13:\"Corps et âme\";}'),(1340,0,153,0,0,0,'37.8.176.15',1336576156,'LOG_FORUM_EDIT','a:1:{i:0;s:27:\"Les spectacles et la fiesta\";}'),(1341,0,153,0,0,0,'37.8.176.15',1336576167,'LOG_FORUM_EDIT','a:1:{i:0;s:12:\"Les sciences\";}'),(1342,0,153,0,0,0,'37.8.176.15',1336576186,'LOG_FORUM_EDIT','a:1:{i:0;s:15:\"Le centre-ville\";}'),(1343,0,153,0,0,0,'37.8.176.15',1336576187,'LOG_FORUM_EDIT','a:1:{i:0;s:14:\"Nos créations\";}'),(1344,0,153,0,0,0,'37.8.176.15',1336576192,'LOG_FORUM_EDIT','a:1:{i:0;s:10:\"La culture\";}'),(1345,0,153,0,0,0,'37.8.176.15',1336576198,'LOG_FORUM_EDIT','a:1:{i:0;s:17:\"Les Jeux de Rôle\";}'),(1346,0,153,0,0,0,'37.8.176.15',1336576204,'LOG_FORUM_EDIT','a:1:{i:0;s:20:\"Le Portail Corallien\";}'),(1347,1,3,18,4191,0,'82.234.128.59',1336576860,'LOG_UNLOCK','a:1:{i:0;s:13:\"Présentation\";}'),(1348,1,3,18,4191,0,'82.234.128.59',1336576884,'LOG_MOVE','a:2:{i:0;s:13:\"Présentation\";i:1;s:21:\"Discussion générale\";}'),(1349,1,3,18,1973,0,'82.234.128.59',1336577220,'LOG_MOVE','a:2:{i:0;s:13:\"Présentation\";i:1;s:21:\"Discussion générale\";}'),(1350,1,3,85,4370,0,'82.234.128.59',1336577240,'LOG_MOVE','a:2:{i:0;s:13:\"Présentation\";i:1;s:21:\"Les archives diverses\";}'),(1351,1,3,85,4360,0,'82.234.128.59',1336577271,'LOG_MOVE','a:2:{i:0;s:13:\"Présentation\";i:1;s:21:\"Les archives diverses\";}'),(1352,1,3,85,4341,0,'82.234.128.59',1336577284,'LOG_MOVE','a:2:{i:0;s:13:\"Présentation\";i:1;s:21:\"Les archives diverses\";}'),(1353,1,3,85,4324,0,'82.234.128.59',1336577297,'LOG_MOVE','a:2:{i:0;s:13:\"Présentation\";i:1;s:21:\"Les archives diverses\";}'),(1354,1,3,85,4305,0,'82.234.128.59',1336577307,'LOG_MOVE','a:2:{i:0;s:13:\"Présentation\";i:1;s:21:\"Les archives diverses\";}'),(1355,1,3,85,4283,0,'82.234.128.59',1336577321,'LOG_MOVE','a:2:{i:0;s:13:\"Présentation\";i:1;s:21:\"Les archives diverses\";}'),(1356,1,3,85,4193,0,'82.234.128.59',1336577338,'LOG_MOVE','a:2:{i:0;s:13:\"Présentation\";i:1;s:21:\"Les archives diverses\";}'),(1357,1,3,85,4210,0,'82.234.128.59',1336577350,'LOG_MOVE','a:2:{i:0;s:13:\"Présentation\";i:1;s:21:\"Les archives diverses\";}'),(1358,1,3,85,4059,0,'82.234.128.59',1336577364,'LOG_MOVE','a:2:{i:0;s:13:\"Présentation\";i:1;s:21:\"Les archives diverses\";}'),(1359,0,3,0,0,0,'82.234.128.59',1336577483,'LOG_FORUM_DEL_MOVE_POSTS','a:2:{i:0;s:21:\"Les archives diverses\";i:1;s:13:\"Présentation\";}'),(1360,1,3,83,4099,0,'82.234.128.59',1336577590,'LOG_MOVE','a:2:{i:0;s:27:\"Le puits des grands rouages\";i:1;s:28:\"Les archives administratives\";}'),(1361,1,3,83,833,0,'82.234.128.59',1336577622,'LOG_MOVE','a:2:{i:0;s:27:\"Le puits des grands rouages\";i:1;s:28:\"Les archives administratives\";}'),(1362,1,3,18,2009,0,'82.234.128.59',1336577653,'LOG_MOVE','a:2:{i:0;s:27:\"Le puits des grands rouages\";i:1;s:21:\"Discussion générale\";}'),(1363,0,3,0,0,0,'82.234.128.59',1336577720,'LOG_FORUM_DEL_MOVE_POSTS','a:2:{i:0;s:28:\"Les archives administratives\";i:1;s:27:\"Le puits des grands rouages\";}'),(1364,0,153,0,0,0,'37.8.176.15',1336579544,'LOG_FORUM_EDIT','a:1:{i:0;s:17:\"Les Jeux de Rôle\";}'),(1365,0,3,0,0,0,'82.234.128.59',1336579627,'LOG_FORUM_SYNC','a:1:{i:0;s:8:\"Imperium\";}'),(1366,0,3,0,0,0,'82.234.128.59',1336579649,'LOG_FORUM_EDIT','a:1:{i:0;s:8:\"Imperium\";}'),(1367,0,3,0,0,0,'82.234.128.59',1336579667,'LOG_FORUM_EDIT','a:1:{i:0;s:42:\"Les suggestions, règles et fiches de JDR.\";}'),(1368,0,3,0,0,0,'82.234.128.59',1336579685,'LOG_FORUM_EDIT','a:1:{i:0;s:12:\"JDR et duels\";}'),(1369,0,3,0,0,0,'82.234.128.59',1336579765,'LOG_FORUM_EDIT','a:1:{i:0;s:28:\"Les archives administratives\";}'),(1370,0,3,0,0,0,'82.234.128.59',1336579783,'LOG_FORUM_EDIT','a:1:{i:0;s:21:\"Les archives diverses\";}'),(1371,0,3,0,0,0,'82.234.128.59',1336580013,'LOG_FORUM_EDIT','a:1:{i:0;s:55:\"Le Jeu de Rôle (sur table, grandeur nature, cartes...)\";}'),(1372,0,153,0,0,0,'37.8.176.15',1336580208,'LOG_FORUM_ADD','a:1:{i:0;s:30:\"Les Jeux de Rôle (catégorie)\";}'),(1373,0,153,0,0,0,'37.8.176.15',1336580237,'LOG_FORUM_EDIT','a:1:{i:0;s:17:\"Les Jeux de Rôle\";}'),(1374,0,153,0,0,0,'37.8.176.15',1336580241,'LOG_FORUM_MOVE_UP','a:2:{i:0;s:30:\"Les Jeux de Rôle (catégorie)\";i:1;s:24:\"La Tour d\'Administration\";}'),(1375,0,153,0,0,0,'37.8.176.15',1336580244,'LOG_FORUM_MOVE_UP','a:2:{i:0;s:30:\"Les Jeux de Rôle (catégorie)\";i:1;s:13:\"Corps et âme\";}'),(1376,0,153,0,0,0,'37.8.176.15',1336580249,'LOG_FORUM_MOVE_UP','a:2:{i:0;s:30:\"Les Jeux de Rôle (catégorie)\";i:1;s:27:\"Les spectacles et la fiesta\";}'),(1377,0,153,0,0,0,'37.8.176.15',1336580251,'LOG_FORUM_MOVE_UP','a:2:{i:0;s:30:\"Les Jeux de Rôle (catégorie)\";i:1;s:12:\"Les sciences\";}'),(1378,0,153,0,0,0,'37.8.176.15',1336580254,'LOG_FORUM_MOVE_UP','a:2:{i:0;s:30:\"Les Jeux de Rôle (catégorie)\";i:1;s:14:\"Nos créations\";}'),(1379,0,153,0,0,0,'37.8.176.15',1336580259,'LOG_FORUM_MOVE_UP','a:2:{i:0;s:30:\"Les Jeux de Rôle (catégorie)\";i:1;s:10:\"La culture\";}'),(1380,0,153,0,0,0,'37.8.176.15',1336580287,'LOG_FORUM_EDIT','a:1:{i:0;s:30:\"Les Jeux de Rôle (catégorie)\";}'),(1381,0,153,0,0,0,'37.8.176.15',1336580287,'LOG_FORUM_COPIED_PERMISSIONS','a:2:{i:0;s:15:\"Le centre-ville\";i:1;s:30:\"Les Jeux de Rôle (catégorie)\";}'),(1382,0,153,0,0,0,'37.8.176.15',1336580330,'LOG_FORUM_EDIT','a:1:{i:0;s:17:\"Les Jeux de Rôle\";}'),(1383,0,3,0,0,0,'82.234.128.59',1336580953,'LOG_FORUM_DEL_MOVE_POSTS','a:2:{i:0;s:13:\"Le paranormal\";i:1;s:54:\"La biologie, la médecine, la zoologie et la botanique\";}'),(1384,0,3,0,0,0,'82.234.128.59',1336580964,'LOG_FORUM_DEL_MOVE_POSTS','a:2:{i:0;s:44:\"Les mathématiques, la physique et la chimie\";i:1;s:13:\"Le paranormal\";}'),(1385,0,3,0,0,0,'82.234.128.59',1336580975,'LOG_FORUM_DEL_MOVE_POSTS','a:2:{i:0;s:30:\"La robotique et l\'informatique\";i:1;s:44:\"Les mathématiques, la physique et la chimie\";}'),(1386,0,3,0,0,0,'82.234.128.59',1336580997,'LOG_FORUM_EDIT','a:1:{i:0;s:30:\"La robotique et l\'informatique\";}'),(1387,0,3,0,0,0,'82.234.128.59',1336581156,'LOG_FORUM_EDIT','a:1:{i:0;s:30:\"La robotique et l\'informatique\";}'),(1388,0,3,0,0,0,'82.234.128.59',1336581183,'LOG_FORUM_DEL_FORUM','a:1:{i:0;s:12:\"Les sciences\";}'),(1389,0,3,0,0,0,'82.234.128.59',1336581198,'LOG_FORUM_EDIT','a:1:{i:0;s:12:\"Les sciences\";}'),(1390,0,3,0,0,0,'82.234.128.59',1336581420,'LOG_FORUM_EDIT','a:1:{i:0;s:27:\"Les spectacles et la fiesta\";}'),(1391,0,3,0,0,0,'82.234.128.59',1336581498,'LOG_FORUM_DEL_POSTS','a:1:{i:0;s:8:\"Le sport\";}'),(1392,0,3,0,0,0,'82.234.128.59',1336581510,'LOG_FORUM_EDIT','a:1:{i:0;s:29:\"Le sport et les arts martiaux\";}'),(1393,0,3,0,0,0,'82.234.128.59',1336581577,'LOG_FORUM_EDIT','a:1:{i:0;s:12:\"Nos costumes\";}'),(1394,0,3,0,0,0,'82.234.128.59',1336581748,'LOG_FORUM_EDIT','a:1:{i:0;s:10:\"La musique\";}'),(1395,0,3,0,0,0,'82.234.128.59',1336581926,'LOG_FORUM_EDIT','a:1:{i:0;s:17:\"Les Jeux de Rôle\";}'),(1396,0,3,0,0,0,'82.234.128.59',1336581939,'LOG_FORUM_DEL_FORUM','a:1:{i:0;s:17:\"Les Jeux de Rôle\";}'),(1397,0,3,0,0,0,'82.234.128.59',1336581950,'LOG_FORUM_MOVE_UP','a:2:{i:0;s:17:\"Les Jeux de Rôle\";i:1;s:12:\"Les archives\";}'),(1398,0,3,0,0,0,'82.234.128.59',1336581995,'LOG_FORUM_EDIT','a:1:{i:0;s:8:\"Imperium\";}'),(1399,0,3,0,0,0,'82.234.128.59',1336582006,'LOG_FORUM_EDIT','a:1:{i:0;s:42:\"Les suggestions, règles et fiches de JDR.\";}'),(1400,0,3,0,0,0,'82.234.128.59',1336582015,'LOG_FORUM_EDIT','a:1:{i:0;s:12:\"JDR et duels\";}'),(1401,0,3,0,0,0,'82.234.128.59',1336582041,'LOG_FORUM_EDIT','a:1:{i:0;s:55:\"Le Jeu de Rôle (sur table, grandeur nature, cartes...)\";}'),(1402,0,3,0,0,0,'82.234.128.59',1336582064,'LOG_FORUM_EDIT','a:1:{i:0;s:55:\"Le Jeu de Rôle (sur table, grandeur nature, cartes...)\";}'),(1403,0,3,0,0,0,'82.234.128.59',1336582083,'LOG_FORUM_EDIT','a:1:{i:0;s:41:\"Les suggestions, règles et fiches de JDR\";}'),(1404,0,3,0,0,0,'82.234.128.59',1336582171,'LOG_FORUM_EDIT','a:1:{i:0;s:28:\"La cuisine et la gastronomie\";}'),(1405,0,3,0,0,0,'82.234.128.59',1336582183,'LOG_FORUM_EDIT','a:1:{i:0;s:24:\"Le théâtre et l\'opéra\";}'),(1406,0,3,0,0,0,'82.234.128.59',1336582190,'LOG_FORUM_DEL_POSTS','a:1:{i:0;s:27:\"Les spectacles et la fiesta\";}'),(1407,0,3,0,0,0,'82.234.128.59',1336582346,'LOG_FORUM_DEL_MOVE_POSTS','a:2:{i:0;s:28:\"La cuisine et la gastronomie\";i:1;s:30:\"La sculpture et l\'architecture\";}'),(1408,0,3,0,0,0,'82.234.128.59',1336582364,'LOG_FORUM_DEL_MOVE_POSTS','a:2:{i:0;s:24:\"Le théâtre et l\'opéra\";i:1;s:28:\"La cuisine et la gastronomie\";}'),(1409,0,3,0,0,0,'82.234.128.59',1336582418,'LOG_FORUM_EDIT','a:1:{i:0;s:16:\"Art et artisanat\";}'),(1410,0,3,0,0,0,'82.234.128.59',1336582517,'LOG_FORUM_ADD','a:1:{i:0;s:10:\"La lecture\";}'),(1411,0,3,0,0,0,'82.234.128.59',1336582517,'LOG_FORUM_COPIED_PERMISSIONS','a:2:{i:0;s:10:\"La culture\";i:1;s:10:\"La lecture\";}'),(1412,0,3,0,0,0,'82.234.128.59',1336582534,'LOG_FORUM_EDIT','a:1:{i:0;s:15:\"La littérature\";}'),(1413,0,3,0,0,0,'82.234.128.59',1336582548,'LOG_FORUM_EDIT','a:1:{i:0;s:39:\"Les mangas, comics et bandes dessinées\";}'),(1414,0,3,0,0,0,'82.234.128.59',1336582578,'LOG_FORUM_EDIT','a:1:{i:0;s:21:\"Les bandes dessinées\";}'),(1415,0,3,0,0,0,'82.234.128.59',1336582615,'LOG_FORUM_MOVE_UP','a:2:{i:0;s:10:\"La lecture\";i:1;s:16:\"Art et artisanat\";}'),(1416,0,3,0,0,0,'82.234.128.59',1336582618,'LOG_FORUM_MOVE_UP','a:2:{i:0;s:10:\"La lecture\";i:1;s:10:\"La musique\";}'),(1417,0,3,0,0,0,'82.234.128.59',1336582620,'LOG_FORUM_MOVE_UP','a:2:{i:0;s:10:\"La lecture\";i:1;s:12:\"Les sciences\";}'),(1418,0,3,0,0,0,'82.234.128.59',1336582622,'LOG_FORUM_MOVE_UP','a:2:{i:0;s:10:\"La lecture\";i:1;s:28:\"Les langages et les symboles\";}'),(1419,0,3,0,0,0,'82.234.128.59',1336582624,'LOG_FORUM_MOVE_UP','a:2:{i:0;s:10:\"La lecture\";i:1;s:58:\"La peinture, la photographie et les autres arts graphiques\";}'),(1420,0,3,0,0,0,'82.234.128.59',1336582625,'LOG_FORUM_MOVE_UP','a:2:{i:0;s:10:\"La lecture\";i:1;s:16:\"Les jeux vidéos\";}'),(1421,0,3,0,0,0,'82.234.128.59',1336582627,'LOG_FORUM_MOVE_UP','a:2:{i:0;s:10:\"La lecture\";i:1;s:57:\"L\'audiovisuel : Cinéma, séries télévisées, animation\";}'),(1422,0,19,0,0,0,'82.123.42.72',1336603209,'LOG_ADMIN_AUTH_SUCCESS',''),(1423,0,19,0,0,0,'82.123.42.72',1336603430,'LOG_WORD_ADD','a:1:{i:0;s:19:\"ftgufghjhrffrfrk--e\";}'),(1424,1,19,18,4373,0,'82.123.42.72',1336603455,'LOG_POST_EDITED','a:2:{i:0;s:16:\"L\'indispensable.\";i:1;s:8:\"Le-Kanar\";}'),(1425,1,19,18,4373,0,'82.123.42.72',1336603464,'LOG_POST_EDITED','a:2:{i:0;s:16:\"L\'indispensable.\";i:1;s:8:\"Le-Kanar\";}'),(1426,0,19,0,0,0,'82.123.42.72',1336603483,'LOG_WORD_EDIT','a:1:{i:0;s:4:\"Ã©\";}'),(1427,0,153,0,0,0,'37.8.189.50',1336603590,'LOG_ADMIN_AUTH_SUCCESS',''),(1428,0,19,0,0,0,'82.123.42.72',1336603612,'LOG_WORD_ADD','a:1:{i:0;s:6:\"*Ã©*\";}'),(1429,0,3,0,0,0,'82.234.128.59',1336603619,'LOG_ADMIN_AUTH_SUCCESS',''),(1430,0,19,0,0,0,'82.123.42.72',1336603629,'LOG_WORD_DELETE','a:1:{i:0;s:6:\"*Ã©*\";}'),(1431,0,19,0,0,0,'82.123.42.72',1336603632,'LOG_WORD_DELETE','a:1:{i:0;s:4:\"Ã©\";}'),(1432,0,19,0,0,0,'82.123.42.72',1336603655,'LOG_WORD_ADD','a:1:{i:0;s:6:\"*Ã©*\";}'),(1433,0,19,0,0,0,'82.123.42.72',1336603672,'LOG_WORD_DELETE','a:1:{i:0;s:6:\"*Ã©*\";}'),(1434,0,3,0,0,0,'82.234.128.59',1336603950,'LOG_FORUM_EDIT','a:1:{i:0;s:12:\"Les sciences\";}'),(1435,0,3,0,0,0,'82.234.128.59',1336604189,'LOG_FORUM_EDIT','a:1:{i:0;s:28:\"Les langages et les symboles\";}'),(1436,0,3,0,0,0,'82.234.128.59',1336604286,'LOG_FORUM_MOVE_UP','a:2:{i:0;s:28:\"Les langages et les symboles\";i:1;s:12:\"Les sciences\";}'),(1437,0,3,0,0,0,'82.234.128.59',1336604288,'LOG_FORUM_MOVE_UP','a:2:{i:0;s:12:\"Les sciences\";i:1;s:28:\"Les langages et les symboles\";}'),(1438,0,3,0,0,0,'82.234.128.59',1336604289,'LOG_FORUM_MOVE_UP','a:2:{i:0;s:28:\"Les langages et les symboles\";i:1;s:12:\"Les sciences\";}'),(1439,0,3,0,0,0,'82.234.128.59',1336604292,'LOG_FORUM_MOVE_UP','a:2:{i:0;s:28:\"Les langages et les symboles\";i:1;s:13:\"Le sanctuaire\";}'),(1440,0,3,0,0,0,'82.234.128.59',1336604295,'LOG_FORUM_MOVE_UP','a:2:{i:0;s:28:\"Les langages et les symboles\";i:1;s:18:\"Les divers univers\";}'),(1441,0,3,0,0,0,'82.234.128.59',1336604296,'LOG_FORUM_MOVE_UP','a:2:{i:0;s:28:\"Les langages et les symboles\";i:1;s:42:\"Les religions, les mythes et les légendes\";}'),(1442,0,3,0,0,0,'82.234.128.59',1336604298,'LOG_FORUM_MOVE_UP','a:2:{i:0;s:28:\"Les langages et les symboles\";i:1;s:41:\"L\'histoire, la géographie et l\'économie\";}'),(1443,0,3,0,0,0,'82.234.128.59',1336604300,'LOG_FORUM_MOVE_UP','a:2:{i:0;s:12:\"Les sciences\";i:1;s:13:\"Le sanctuaire\";}'),(1444,0,3,0,0,0,'82.234.128.59',1336604302,'LOG_FORUM_MOVE_UP','a:2:{i:0;s:12:\"Les sciences\";i:1;s:18:\"Les divers univers\";}'),(1445,0,3,0,0,0,'82.234.128.59',1336604303,'LOG_FORUM_MOVE_UP','a:2:{i:0;s:12:\"Les sciences\";i:1;s:42:\"Les religions, les mythes et les légendes\";}'),(1446,0,3,0,0,0,'82.234.128.59',1336604305,'LOG_FORUM_MOVE_UP','a:2:{i:0;s:12:\"Les sciences\";i:1;s:41:\"L\'histoire, la géographie et l\'économie\";}'),(1447,0,3,0,0,0,'82.234.128.59',1336604309,'LOG_FORUM_MOVE_UP','a:2:{i:0;s:13:\"Le sanctuaire\";i:1;s:18:\"Les divers univers\";}'),(1448,0,3,0,0,0,'82.234.128.59',1336604403,'LOG_FORUM_EDIT','a:1:{i:0;s:24:\"Des mondes et merveilles\";}'),(1449,0,3,0,0,0,'82.234.128.59',1336604690,'LOG_ACL_ADD_MOD_LOCAL_M_','a:2:{i:0;s:24:\"Des mondes et merveilles\";i:1;s:25:\"Le Comité des Sédateurs\";}'),(1450,0,3,0,0,0,'82.234.128.59',1336604720,'LOG_ACL_ADD_MOD_LOCAL_M_','a:2:{i:0;s:18:\"Les divers univers\";i:1;s:25:\"Le Comité des Sédateurs\";}'),(1451,0,3,0,0,0,'82.234.128.59',1336604747,'LOG_ACL_ADD_MOD_LOCAL_M_','a:2:{i:0;s:10:\"La lecture\";i:1;s:25:\"Le Comité des Sédateurs\";}'),(1452,0,3,0,0,0,'82.234.128.59',1336604873,'LOG_ACL_ADD_MOD_LOCAL_M_','a:2:{i:0;s:134:\"Nos costumes, Nos musiques, Nos créations, Nos sculptures et maquettes, Nos images, Nos écrits, Nos sites Internet, Nos jeux vidéos\";i:1;s:25:\"Le Comité des Sédateurs\";}'),(1453,0,3,0,0,0,'82.234.128.59',1336604908,'LOG_ACL_ADD_MOD_LOCAL_M_','a:2:{i:0;s:141:\"Les suggestions, règles et fiches de JDR, JDR et duels, Le Jeu de Rôle (sur table, grandeur nature, cartes...), Les Jeux de Rôle, Imperium\";i:1;s:25:\"Le Comité des Sédateurs\";}'),(1454,0,19,0,0,0,'82.123.42.72',1336605177,'LOG_ADMIN_AUTH_SUCCESS',''),(1455,3,153,0,0,4,'37.8.189.50',1336605564,'LOG_USER_UPDATE_NAME','a:2:{i:0;s:17:\"SÃ©phira Strife\";i:1;s:14:\"Sephira Strife\";}'),(1456,0,153,0,0,0,'37.8.189.50',1336605564,'LOG_USER_USER_UPDATE','a:1:{i:0;s:14:\"Sephira Strife\";}'),(1457,0,19,0,0,0,'82.123.42.72',1336606309,'LOG_THEME_EDIT_FILE','a:2:{i:0;s:10:\"subsilver2\";i:1;s:14:\"stylesheet.css\";}'),(1458,0,19,0,0,0,'82.123.42.72',1336606357,'LOG_THEME_EDIT_FILE','a:2:{i:0;s:10:\"subsilver2\";i:1;s:14:\"stylesheet.css\";}'),(1459,0,19,0,0,0,'82.123.42.72',1336606701,'LOG_THEME_EDIT_FILE','a:2:{i:0;s:10:\"subsilver2\";i:1;s:14:\"stylesheet.css\";}'),(1460,0,19,0,0,0,'82.123.42.72',1336606801,'LOG_THEME_EDIT_FILE','a:2:{i:0;s:10:\"subsilver2\";i:1;s:14:\"stylesheet.css\";}'),(1461,0,3,0,0,0,'82.234.128.59',1336612754,'LOG_THEME_EDIT_FILE','a:2:{i:0;s:10:\"subsilver2\";i:1;s:14:\"stylesheet.css\";}'),(1462,0,3,0,0,0,'82.234.128.59',1336613509,'LOG_THEME_EDIT_FILE','a:2:{i:0;s:10:\"subsilver2\";i:1;s:14:\"stylesheet.css\";}'),(1463,0,3,0,0,0,'82.234.128.59',1336614174,'LOG_THEME_EDIT_FILE','a:2:{i:0;s:10:\"subsilver2\";i:1;s:14:\"stylesheet.css\";}'),(1464,0,3,0,0,0,'82.234.128.59',1336614222,'LOG_THEME_EDIT_FILE','a:2:{i:0;s:10:\"subsilver2\";i:1;s:14:\"stylesheet.css\";}'),(1465,0,3,0,0,0,'82.234.128.59',1336614288,'LOG_THEME_EDIT_FILE','a:2:{i:0;s:10:\"subsilver2\";i:1;s:14:\"stylesheet.css\";}'),(1466,0,3,0,0,0,'82.234.128.59',1336614406,'LOG_THEME_EDIT_FILE','a:2:{i:0;s:10:\"subsilver2\";i:1;s:14:\"stylesheet.css\";}'),(1467,0,3,0,0,0,'82.234.128.59',1336615053,'LOG_THEME_EDIT_FILE','a:2:{i:0;s:10:\"subsilver2\";i:1;s:14:\"stylesheet.css\";}'),(1468,0,3,0,0,0,'82.234.128.59',1336615185,'LOG_THEME_EDIT_FILE','a:2:{i:0;s:10:\"subsilver2\";i:1;s:14:\"stylesheet.css\";}'),(1469,0,3,0,0,0,'82.234.128.59',1336615740,'LOG_CONFIG_SETTINGS',''),(1470,0,3,0,0,0,'82.234.128.59',1336615763,'LOG_CONFIG_SETTINGS',''),(1471,0,19,0,0,0,'82.123.42.72',1336641754,'LOG_ADMIN_AUTH_SUCCESS',''),(1472,0,19,0,0,0,'82.123.42.72',1336641793,'LOG_FORUM_EDIT','a:1:{i:0;s:17:\"Le Jardin Sauvage\";}'),(1473,0,19,0,0,0,'82.123.42.72',1336641813,'LOG_FORUM_EDIT','a:1:{i:0;s:28:\"Les langages et les symboles\";}'),(1474,0,19,0,0,0,'82.123.42.72',1336641835,'LOG_FORUM_EDIT','a:1:{i:0;s:12:\"Les sciences\";}'),(1475,0,19,0,0,0,'82.123.42.72',1336641861,'LOG_FORUM_EDIT','a:1:{i:0;s:41:\"L\'histoire, la géographie et l\'économie\";}'),(1476,0,19,0,0,0,'82.123.42.72',1336641875,'LOG_FORUM_EDIT','a:1:{i:0;s:42:\"Les religions, les mythes et les légendes\";}'),(1477,0,19,0,0,0,'82.123.42.72',1336641891,'LOG_FORUM_EDIT','a:1:{i:0;s:57:\"L\'audiovisuel : Cinéma, séries télévisées, animation\";}'),(1478,0,19,0,0,0,'82.123.42.72',1336641903,'LOG_FORUM_EDIT','a:1:{i:0;s:16:\"Les jeux vidéos\";}'),(1479,0,19,0,0,0,'82.123.42.72',1336641914,'LOG_FORUM_EDIT','a:1:{i:0;s:58:\"La peinture, la photographie et les autres arts graphiques\";}'),(1480,0,19,0,0,0,'82.123.42.72',1336641927,'LOG_FORUM_EDIT','a:1:{i:0;s:10:\"La musique\";}'),(1481,0,19,0,0,0,'82.123.42.72',1336641939,'LOG_FORUM_EDIT','a:1:{i:0;s:16:\"Art et artisanat\";}'),(1482,0,19,0,0,0,'82.123.42.72',1336641951,'LOG_FORUM_EDIT','a:1:{i:0;s:12:\"Nos costumes\";}'),(1483,0,19,0,0,0,'82.123.42.72',1336641965,'LOG_FORUM_EDIT','a:1:{i:0;s:29:\"Le sport et les arts martiaux\";}'),(1484,0,19,0,0,0,'82.123.42.72',1336641975,'LOG_FORUM_EDIT','a:1:{i:0;s:41:\"F62 - Sexualité, pornographie et hentaï\";}'),(1485,0,19,0,0,0,'82.123.42.72',1336642077,'LOG_FORUM_EDIT','a:1:{i:0;s:55:\"Le Jeu de Rôle (sur table, grandeur nature, cartes...)\";}'),(1486,0,19,0,0,0,'82.123.42.72',1336642092,'LOG_FORUM_EDIT','a:1:{i:0;s:41:\"Les suggestions, règles et fiches de JDR\";}'),(1487,0,19,0,0,0,'82.123.42.72',1336642108,'LOG_FORUM_EDIT','a:1:{i:0;s:12:\"JDR et duels\";}'),(1488,1,19,8,4081,0,'132.227.84.238',1336651761,'LOG_POST_EDITED','a:2:{i:0;s:19:\"Halo Custom Edition\";i:1;s:4:\"Q-po\";}'),(1489,1,19,8,2835,0,'132.227.84.238',1336651799,'LOG_POST_EDITED','a:2:{i:0;s:42:\"Les jeux que vous avez oubliÃ© d\'acheter\";i:1;s:4:\"Q-po\";}'),(1490,1,19,18,4375,0,'132.227.84.238',1336651858,'LOG_POST_EDITED','a:2:{i:0;s:39:\"Résurrection - quatrième (?) édition\";i:1;s:3:\"Fab\";}'),(1491,1,19,18,1583,0,'132.227.84.238',1336651915,'LOG_POST_EDITED','a:2:{i:0;s:23:\"Le Règlement d\'Eltanin\";i:1;s:9:\"Raphychou\";}'),(1492,0,19,0,0,0,'82.123.42.72',1336656166,'LOG_ADMIN_AUTH_SUCCESS',''),(1493,0,19,0,0,0,'82.123.42.72',1336656245,'LOG_FORUM_EDIT','a:1:{i:0;s:21:\"Les bandes dessinées\";}'),(1494,0,19,0,0,0,'82.123.42.72',1336656253,'LOG_FORUM_EDIT','a:1:{i:0;s:15:\"La littérature\";}'),(1495,0,19,0,0,0,'82.123.42.72',1336658490,'LOG_CONFIG_SETTINGS',''),(1496,0,19,0,0,0,'82.123.42.72',1336658550,'LOG_CONFIG_SETTINGS',''),(1497,0,19,0,0,0,'82.123.42.72',1336658563,'LOG_CONFIG_SETTINGS',''),(1498,0,3,0,0,0,'82.234.128.59',1336658888,'LOG_ADMIN_AUTH_SUCCESS',''),(1499,0,3,0,0,0,'82.234.128.59',1336658969,'LOG_GROUP_DEFAULTS','a:2:{i:0;s:15:\"Administrateurs\";i:1;s:9:\"Raphychou\";}'),(1500,0,3,0,0,0,'82.234.128.59',1336658980,'LOG_GROUP_DEFAULTS','a:2:{i:0;s:15:\"Administrateurs\";i:1;s:4:\"Arkh\";}'),(1501,1,19,18,4373,0,'82.123.42.72',1336659533,'LOG_DELETE_POST','a:2:{i:0;s:20:\"Re: L\'indispensable.\";i:1;s:4:\"Arkh\";}'),(1502,0,3,0,0,0,'82.234.128.59',1336669199,'LOG_ADMIN_AUTH_SUCCESS',''),(1503,0,3,0,0,0,'82.234.128.59',1336669218,'LOG_FORUM_DEL_MOVE_POSTS','a:2:{i:0;s:16:\"Art et artisanat\";i:1;s:12:\"Nos costumes\";}'),(1504,0,3,0,0,0,'82.234.128.59',1336670617,'LOG_ACL_ADD_FORUM_LOCAL_F_','a:2:{i:0;s:65:\"Les archives administratives, Les archives, Les archives diverses\";i:1;s:25:\"Le Comité des Sédateurs\";}'),(1505,0,3,0,0,0,'82.234.128.59',1336670639,'LOG_ACL_DEL_FORUM_LOCAL_F_','a:2:{i:0;s:65:\"Les archives administratives, Les archives, Les archives diverses\";i:1;s:25:\"Le Comité des Sédateurs\";}'),(1506,0,3,0,0,0,'82.234.128.59',1336670697,'LOG_ACL_DEL_FORUM_LOCAL_F_','a:2:{i:0;s:15:\"Le centre-ville\";i:1;s:25:\"Le Comité des Sédateurs\";}'),(1507,0,153,0,0,0,'81.56.93.233',1336685442,'LOG_ADMIN_AUTH_SUCCESS',''),(1508,0,153,0,0,0,'81.56.93.233',1336685956,'LOG_ADMIN_AUTH_SUCCESS',''),(1509,0,153,0,0,0,'81.56.93.233',1336686083,'LOG_STYLE_EDIT_DETAILS','a:1:{i:0;s:9:\"prosilver\";}'),(1510,0,153,0,0,0,'81.56.93.233',1336686170,'LOG_CONFIG_SETTINGS',''),(1511,0,3,0,0,0,'82.234.128.59',1336686293,'LOG_RANK_ADDED','a:1:{i:0;s:17:\"L\'œil du cyclone\";}'),(1512,0,153,0,0,0,'81.56.93.233',1336686437,'LOG_ACL_DEL_MOD_LOCAL_M_','a:2:{i:0;s:12:\"Les archives\";i:1;s:25:\"Le Comité des Sédateurs\";}'),(1513,0,153,0,0,0,'81.56.93.233',1336686460,'LOG_ACL_DEL_MOD_LOCAL_M_','a:2:{i:0;s:51:\"Les archives administratives, Les archives diverses\";i:1;s:25:\"Le Comité des Sédateurs\";}'),(1514,0,3,0,0,0,'82.234.128.59',1336686643,'LOG_RANK_ADDED','a:1:{i:0;s:27:\"Le fils des âges farouches\";}'),(1515,0,3,0,0,0,'82.234.128.59',1336686697,'LOG_RANK_UPDATED','a:1:{i:0;s:16:\"...aucune idée.\";}'),(1516,0,3,0,0,0,'82.234.128.59',1336686711,'LOG_RANK_UPDATED','a:1:{i:0;s:23:\"Aussi appelé Enguerran\";}'),(1517,0,3,0,0,0,'82.234.128.59',1336686722,'LOG_RANK_UPDATED','a:1:{i:0;s:29:\"Cent mille millions d\'années\";}'),(1518,0,3,0,0,0,'82.234.128.59',1336686731,'LOG_RANK_UPDATED','a:1:{i:0;s:25:\"Clone raté de DragonNoir\";}'),(1519,0,3,0,0,0,'82.234.128.59',1336686739,'LOG_RANK_UPDATED','a:1:{i:0;s:18:\"Célibataire aigri\";}'),(1520,0,3,0,0,0,'82.234.128.59',1336686748,'LOG_RANK_UPDATED','a:1:{i:0;s:32:\"Dangereux caltophile en liberté\";}'),(1521,0,3,0,0,0,'82.234.128.59',1336686756,'LOG_RANK_UPDATED','a:1:{i:0;s:30:\"Créateur en nette progression\";}'),(1522,0,3,0,0,0,'82.234.128.59',1336686767,'LOG_RANK_UPDATED','a:1:{i:0;s:25:\"Extincteur des ténèbres\";}'),(1523,0,3,0,0,0,'82.234.128.59',1336686780,'LOG_RANK_UPDATED','a:1:{i:0;s:18:\"Docteur ès Mécha\";}'),(1524,0,3,0,0,0,'82.234.128.59',1336686790,'LOG_RANK_UPDATED','a:1:{i:0;s:18:\"Hôtesse d\'accueil\";}'),(1525,0,3,0,0,0,'82.234.128.59',1336686799,'LOG_RANK_UPDATED','a:1:{i:0;s:26:\"Indifférent professionnel\";}'),(1526,0,3,0,0,0,'82.234.128.59',1336686835,'LOG_RANK_UPDATED','a:1:{i:0;s:12:\"L\'Ange Igné\";}'),(1527,0,3,0,0,0,'82.234.128.59',1336686843,'LOG_RANK_UPDATED','a:1:{i:0;s:9:\"Le Fléau\";}'),(1528,0,3,0,0,0,'82.234.128.59',1336686854,'LOG_RANK_UPDATED','a:1:{i:0;s:7:\"Dément\";}'),(1529,0,3,0,0,0,'82.234.128.59',1336686863,'LOG_RANK_UPDATED','a:1:{i:0;s:16:\"*Réveil brutal*\";}'),(1530,0,3,0,0,0,'82.234.128.59',1336686876,'LOG_RANK_UPDATED','a:1:{i:0;s:17:\"Divinité majeure\";}'),(1531,0,3,0,0,0,'82.234.128.59',1336686887,'LOG_RANK_UPDATED','a:1:{i:0;s:13:\"Être Eltanin\";}'),(1532,0,3,0,0,0,'82.234.128.59',1336686898,'LOG_RANK_UPDATED','a:1:{i:0;s:17:\"Divinité mineure\";}'),(1533,0,3,0,0,0,'82.234.128.59',1336686909,'LOG_RANK_UPDATED','a:1:{i:0;s:16:\"Entité Cosmique\";}'),(1534,0,3,0,0,0,'82.234.128.59',1336687123,'LOG_RANK_UPDATED','a:1:{i:0;s:16:\"*Réveil brutal*\";}'),(1535,0,3,0,0,0,'82.234.128.59',1336687136,'LOG_RANK_UPDATED','a:1:{i:0;s:45:\"&quot;Mais... pourquoi cette camisole ?&quot;\";}'),(1536,0,3,0,0,0,'82.234.128.59',1336687157,'LOG_RANK_UPDATED','a:1:{i:0;s:50:\"&quot;Laissez-moi sortir ! Je suis pas fou !&quot;\";}'),(1537,0,3,0,0,0,'82.234.128.59',1336687201,'LOG_RANK_UPDATED','a:1:{i:0;s:26:\"L\'homme à la calculatrice\";}'),(1538,1,3,8,3440,0,'82.234.128.59',1336707926,'LOG_POST_EDITED','a:2:{i:0;s:22:\"Silent Hill Homecoming\";i:1;s:7:\"Oui-Wee\";}'),(1539,1,3,8,119,0,'82.234.128.59',1336713572,'LOG_POST_EDITED','a:2:{i:0;s:10:\"Drakengard\";i:1;s:8:\"Mephisto\";}'),(1540,1,3,8,119,0,'82.234.128.59',1336713589,'LOG_POST_EDITED','a:2:{i:0;s:10:\"Drakengard\";i:1;s:8:\"Mephisto\";}'),(1541,1,3,8,119,0,'82.234.128.59',1336713602,'LOG_POST_EDITED','a:2:{i:0;s:10:\"Drakengard\";i:1;s:4:\"Q-po\";}'),(1542,1,3,8,119,0,'82.234.128.59',1336713629,'LOG_POST_EDITED','a:2:{i:0;s:10:\"Drakengard\";i:1;s:25:\"UltimaBahamutPurgateur666\";}'),(1543,1,3,8,119,0,'82.234.128.59',1336713656,'LOG_POST_EDITED','a:2:{i:0;s:10:\"Drakengard\";i:1;s:4:\"Q-po\";}'),(1544,1,3,8,119,0,'82.234.128.59',1336713690,'LOG_POST_EDITED','a:2:{i:0;s:10:\"Drakengard\";i:1;s:25:\"UltimaBahamutPurgateur666\";}'),(1545,1,3,8,119,0,'82.234.128.59',1336713745,'LOG_POST_EDITED','a:2:{i:0;s:10:\"Drakengard\";i:1;s:4:\"Q-po\";}'),(1546,1,3,8,119,0,'82.234.128.59',1336713781,'LOG_POST_EDITED','a:2:{i:0;s:10:\"Drakengard\";i:1;s:4:\"Q-po\";}'),(1547,1,3,8,119,0,'82.234.128.59',1336713798,'LOG_POST_EDITED','a:2:{i:0;s:10:\"Drakengard\";i:1;s:11:\"Mistrophera\";}'),(1548,1,3,8,119,0,'82.234.128.59',1336713873,'LOG_POST_EDITED','a:2:{i:0;s:10:\"Drakengard\";i:1;s:4:\"Q-po\";}'),(1549,1,3,8,119,0,'82.234.128.59',1336714050,'LOG_POST_EDITED','a:2:{i:0;s:10:\"Drakengard\";i:1;s:11:\"Mistrophera\";}'),(1550,1,3,8,119,0,'82.234.128.59',1336714257,'LOG_POST_EDITED','a:2:{i:0;s:10:\"Drakengard\";i:1;s:14:\"LoRd~DeLaCrOiX\";}'),(1551,1,3,8,119,0,'82.234.128.59',1336714297,'LOG_POST_EDITED','a:2:{i:0;s:10:\"Drakengard\";i:1;s:11:\"Mistrophera\";}'),(1552,1,3,8,119,0,'82.234.128.59',1336714311,'LOG_POST_EDITED','a:2:{i:0;s:10:\"Drakengard\";i:1;s:4:\"Q-po\";}'),(1553,1,3,8,119,0,'82.234.128.59',1336714535,'LOG_POST_EDITED','a:2:{i:0;s:10:\"Drakengard\";i:1;s:14:\"LoRd~DeLaCrOiX\";}'),(1554,1,3,8,119,0,'82.234.128.59',1336714671,'LOG_POST_EDITED','a:2:{i:0;s:10:\"Drakengard\";i:1;s:11:\"Mistrophera\";}'),(1555,1,3,8,119,0,'82.234.128.59',1336714686,'LOG_POST_EDITED','a:2:{i:0;s:10:\"Drakengard\";i:1;s:11:\"Mistrophera\";}'),(1556,1,3,8,119,0,'82.234.128.59',1336714737,'LOG_POST_EDITED','a:2:{i:0;s:10:\"Drakengard\";i:1;s:4:\"Q-po\";}'),(1557,1,3,8,119,0,'82.234.128.59',1336714926,'LOG_POST_EDITED','a:2:{i:0;s:10:\"Drakengard\";i:1;s:9:\"Delacroix\";}'),(1558,1,3,8,119,0,'82.234.128.59',1336715048,'LOG_POST_EDITED','a:2:{i:0;s:10:\"Drakengard\";i:1;s:9:\"Delacroix\";}'),(1559,1,3,8,119,0,'82.234.128.59',1336715175,'LOG_POST_EDITED','a:2:{i:0;s:10:\"Drakengard\";i:1;s:9:\"SamaÃ«l\";}'),(1560,1,3,8,119,0,'82.234.128.59',1336715349,'LOG_POST_EDITED','a:2:{i:0;s:10:\"Drakengard\";i:1;s:9:\"SamaÃ«l\";}'),(1561,1,3,8,119,0,'82.234.128.59',1336715360,'LOG_POST_EDITED','a:2:{i:0;s:10:\"Drakengard\";i:1;s:9:\"SamaÃ«l\";}'),(1562,1,3,8,119,0,'82.234.128.59',1336715370,'LOG_POST_EDITED','a:2:{i:0;s:10:\"Drakengard\";i:1;s:9:\"SamaÃ«l\";}'),(1563,0,153,0,0,0,'81.56.93.233',1336729155,'LOG_ADMIN_AUTH_SUCCESS',''),(1564,1,19,8,119,0,'132.227.84.238',1336738151,'LOG_POST_EDITED','a:2:{i:0;s:14:\"Re: Drakengard\";i:1;s:9:\"Raphychou\";}'),(1565,0,19,0,0,0,'132.227.84.238',1336749568,'LOG_ADMIN_AUTH_SUCCESS',''),(1566,0,19,0,0,0,'132.227.84.238',1336749597,'LOG_DB_BACKUP',''),(1567,0,153,0,0,0,'81.56.93.233',1336750538,'LOG_CONFIG_SETTINGS',''),(1568,3,153,0,0,25,'81.56.93.233',1336752366,'LOG_USER_UPDATE_NAME','a:2:{i:0;s:15:\"HroÃ¾gar SCRB\";i:1;s:12:\"Hroegar SCRB\";}'),(1569,0,153,0,0,0,'81.56.93.233',1336752366,'LOG_USER_USER_UPDATE','a:1:{i:0;s:12:\"Hroegar SCRB\";}'),(1570,3,153,0,0,28,'81.56.93.233',1336752382,'LOG_USER_UPDATE_NAME','a:2:{i:0;s:17:\"Final SÃ©raphin\";i:1;s:14:\"Final Seraphin\";}'),(1571,0,153,0,0,0,'81.56.93.233',1336752382,'LOG_USER_USER_UPDATE','a:1:{i:0;s:14:\"Final Seraphin\";}'),(1572,3,153,0,0,37,'81.56.93.233',1336752398,'LOG_USER_UPDATE_NAME','a:2:{i:0;s:6:\"NoÃ«\";i:1;s:3:\"Noe\";}'),(1573,0,153,0,0,0,'81.56.93.233',1336752398,'LOG_USER_USER_UPDATE','a:1:{i:0;s:3:\"Noe\";}'),(1574,3,153,0,0,57,'81.56.93.233',1336752533,'LOG_USER_UPDATE_NAME','a:2:{i:0;s:15:\"Loup CÃ©leste\";i:1;s:12:\"Loup Celeste\";}'),(1575,0,153,0,0,0,'81.56.93.233',1336752533,'LOG_USER_USER_UPDATE','a:1:{i:0;s:12:\"Loup Celeste\";}'),(1576,3,153,0,0,79,'81.56.93.233',1336752561,'LOG_USER_UPDATE_NAME','a:2:{i:0;s:12:\"stÃ©phanie\";i:1;s:9:\"stephanie\";}'),(1577,0,153,0,0,0,'81.56.93.233',1336752561,'LOG_USER_USER_UPDATE','a:1:{i:0;s:9:\"stephanie\";}'),(1578,3,153,0,0,135,'81.56.93.233',1336752604,'LOG_USER_UPDATE_NAME','a:2:{i:0;s:15:\"HÃ®thÃ»ldae\";i:1;s:9:\"Hithuldae\";}'),(1579,0,153,0,0,0,'81.56.93.233',1336752605,'LOG_USER_USER_UPDATE','a:1:{i:0;s:9:\"Hithuldae\";}'),(1580,3,153,0,0,169,'81.56.93.233',1336752623,'LOG_USER_UPDATE_NAME','a:2:{i:0;s:15:\"IndiffÃ©rence\";i:1;s:12:\"Indifference\";}'),(1581,0,153,0,0,0,'81.56.93.233',1336752623,'LOG_USER_USER_UPDATE','a:1:{i:0;s:12:\"Indifference\";}'),(1582,3,153,0,0,262,'81.56.93.233',1336752676,'LOG_USER_UPDATE_NAME','a:2:{i:0;s:12:\"CimetiÃ¨re\";i:1;s:9:\"Cimetiere\";}'),(1583,0,153,0,0,0,'81.56.93.233',1336752676,'LOG_USER_USER_UPDATE','a:1:{i:0;s:9:\"Cimetiere\";}'),(1584,3,153,0,0,260,'81.56.93.233',1336752681,'LOG_USER_UPDATE_NAME','a:2:{i:0;s:13:\"RÃ©volution\";i:1;s:10:\"Revolution\";}'),(1585,0,153,0,0,0,'81.56.93.233',1336752681,'LOG_USER_USER_UPDATE','a:1:{i:0;s:10:\"Revolution\";}'),(1586,3,153,0,0,259,'81.56.93.233',1336752685,'LOG_USER_UPDATE_NAME','a:2:{i:0;s:9:\"SamaÃ«l\";i:1;s:6:\"Samael\";}'),(1587,0,153,0,0,0,'81.56.93.233',1336752685,'LOG_USER_USER_UPDATE','a:1:{i:0;s:6:\"Samael\";}'),(1588,3,153,0,0,181,'81.56.93.233',1336752697,'LOG_USER_UPDATE_NAME','a:2:{i:0;s:8:\"kloÃ¬n\";i:1;s:5:\"kloin\";}'),(1589,0,153,0,0,0,'81.56.93.233',1336752697,'LOG_USER_USER_UPDATE','a:1:{i:0;s:5:\"kloin\";}'),(1590,0,153,0,0,0,'81.56.93.233',1336752817,'LOG_PURGE_CACHE',''),(1591,0,153,0,0,0,'81.56.93.233',1336753097,'LOG_PURGE_CACHE',''),(1592,0,153,0,0,0,'81.56.93.233',1336753165,'LOG_CONFIG_SETTINGS',''),(1593,1,153,58,4391,0,'81.56.93.233',1336753326,'LOG_SPLIT_DESTINATION','a:1:{i:0;s:57:\"Tentative d\'interruption de cérémonie de résurrection.\";}'),(1594,1,153,0,4375,0,'81.56.93.233',1336753326,'LOG_SPLIT_SOURCE','a:1:{i:0;s:39:\"Résurrection - quatrième (?) édition\";}'),(1595,1,153,58,4391,0,'81.56.93.233',1336753620,'LOG_POST_EDITED','a:2:{i:0;s:57:\"Tentative d\'interruption de cérémonie de résurrection.\";i:1;s:14:\"Sephira Strife\";}'),(1596,1,153,58,4391,0,'81.56.93.233',1336753634,'LOG_POST_EDITED','a:2:{i:0;s:57:\"Tentative d\'interruption de cérémonie de résurrection.\";i:1;s:14:\"Sephira Strife\";}'),(1597,0,153,0,0,0,'81.56.93.233',1336753994,'LOG_CONFIG_REGISTRATION',''),(1598,0,153,0,0,0,'81.56.93.233',1336754179,'LOG_CONFIG_VISUAL',''),(1599,0,153,0,0,0,'81.56.93.233',1336754200,'LOG_CONFIG_VISUAL',''),(1600,0,153,0,0,0,'81.56.93.233',1336754275,'LOG_CONFIG_VISUAL','');

--
